000
CDUS43 KLBF 202247 RRA
CLIVTN

CLIMATE REPORT
NATIONAL WEATHER SERVICE NORTH PLATTE
535 PM CDT FRI OCT 20 2017


...................................

...THE VALENTINE NE CLIMATE SUMMARY FOR OCTOBER 20 2017...
VALID TODAY AS OF 0500 PM LOCAL TIME.

CLIMATE NORMAL PERIOD 1981 TO 2010
CLIMATE RECORD PERIOD 1885 TO 2017


WEATHER ITEM   OBSERVED TIME   RECORD YEAR NORMAL DEPARTURE LAST
                VALUE   (LST)  VALUE       VALUE  FROM      YEAR
                                                  NORMAL
..................................................................
TEMPERATURE (F)
 TODAY
  MAXIMUM         78    100 PM  91    1947  61     17       61
  MINIMUM         52        MM  10    1905  32     20       41
  AVERAGE         65                        47     18       51

PRECIPITATION (IN)
  TODAY            0.00          1.16 1953   0.03  -0.03     0.00
  MONTH TO DATE    1.25                      0.89   0.36     1.88
  SINCE SEP 1      3.87                      2.53   1.34     3.40
  SINCE JAN 1     17.05                     18.64  -1.59    25.33

SNOWFALL (IN)
  TODAY            0.0           0.8  2006   0.1   -0.1      0.0
                                      1936
  MONTH TO DATE    0.0                       0.7   -0.7      3.0
  SINCE SEP 1      0.0                       1.4   -1.4      3.0
  SINCE JUL 1      0.0                       1.4   -1.4      3.0
  SNOW DEPTH       0

DEGREE DAYS
 HEATING
  TODAY            0                        18    -18       14
  MONTH TO DATE  218                       291    -73      196
  SINCE SEP 1    335                       451   -116      305
  SINCE JUL 1    342                       476   -134      333

 COOLING
  TODAY            0                         0      0        0
  MONTH TO DATE    0                         1     -1       14
  SINCE SEP 1    126                        82     44       81
  SINCE JAN 1   1060                       818    242      878
..................................................................


WIND (MPH)
  HIGHEST WIND SPEED    29   HIGHEST WIND DIRECTION     S (180)
  HIGHEST GUST SPEED    38   HIGHEST GUST DIRECTION     S (180)
  AVERAGE WIND SPEED    17.1


SKY COVER
  POSSIBLE SUNSHINE  MM
  AVERAGE SKY COVER 0.0


WEATHER CONDITIONS
 THE FOLLOWING WEATHER WAS RECORDED TODAY.
  NO SIGNIFICANT WEATHER WAS OBSERVED.


RELATIVE HUMIDITY (PERCENT)
 HIGHEST    77           800 AM
 LOWEST     37           100 PM
 AVERAGE    57

..........................................................


THE VALENTINE NE CLIMATE NORMALS FOR TOMORROW
                         NORMAL    RECORD    YEAR
 MAXIMUM TEMPERATURE (F)   61        90      1947
 MINIMUM TEMPERATURE (F)   32        12      1987


SUNRISE AND SUNSET
OCTOBER 20 2017.......SUNRISE   802 AM CDT   SUNSET   651 PM CDT
OCTOBER 21 2017.......SUNRISE   803 AM CDT   SUNSET   650 PM CDT


-  INDICATES NEGATIVE NUMBERS.
R  INDICATES RECORD WAS SET OR TIED.
MM INDICATES DATA IS MISSING.
T  INDICATES TRACE AMOUNT.




$$
