000
CDUS43 KLBF 182352
CLIVTN


CLIMATE REPORT
NATIONAL WEATHER SERVICE NORTH PLATTE
651 PM CDT FRI AUG 18 2017


...................................

...THE VALENTINE NE CLIMATE SUMMARY FOR AUGUST 18 2017...
VALID TODAY AS OF 0500 PM LOCAL TIME.

CLIMATE NORMAL PERIOD 1981 TO 2010
CLIMATE RECORD PERIOD 1885 TO 2017


WEATHER ITEM   OBSERVED TIME   RECORD YEAR NORMAL DEPARTURE LAST
                VALUE   (LST)  VALUE       VALUE  FROM      YEAR
                                                  NORMAL
..................................................................
TEMPERATURE (F)
 TODAY
  MAXIMUM         88    500 PM 104    1983  87      1      100
  MINIMUM         56    628 AM  43    2004  59     -3       58
  AVERAGE         72                        73     -1       79

PRECIPITATION (IN)
  TODAY            0.00          1.79 1982   0.07  -0.07     0.30
  MONTH TO DATE    2.10                      1.49   0.61     0.54
  SINCE JUN 1      3.36                      8.26  -4.90     7.81
  SINCE JAN 1     12.96                     15.42  -2.46    21.13

SNOWFALL (IN)
  TODAY            0.0           0.0    MM   0.0    0.0      0.0
  MONTH TO DATE    0.0                       0.0    0.0      0.0
  SINCE JUN 1      0.0                       0.0    0.0      0.0
  SINCE JUL 1      0.0                       0.0    0.0      0.0
  SNOW DEPTH       0

DEGREE DAYS
 HEATING
  TODAY            0                         0      0        0
  MONTH TO DATE    7                         0      7        0
  SINCE JUN 1     23                        69    -46       16
  SINCE JUL 1      7                         8     -1        5

 COOLING
  TODAY            7                         8     -1       14
  MONTH TO DATE   87                       168    -81      181
  SINCE JUN 1    795                       609    186      712
  SINCE JAN 1    818                       643    175      730
..................................................................


WIND (MPH)
  HIGHEST WIND SPEED    14   HIGHEST WIND DIRECTION     W (290)
  HIGHEST GUST SPEED    20   HIGHEST GUST DIRECTION    NW (330)
  AVERAGE WIND SPEED     9.4


SKY COVER
  POSSIBLE SUNSHINE  MM
  AVERAGE SKY COVER 0.0


WEATHER CONDITIONS
 THE FOLLOWING WEATHER WAS RECORDED TODAY.
  NO SIGNIFICANT WEATHER WAS OBSERVED.


RELATIVE HUMIDITY (PERCENT)
 HIGHEST    84           100 AM
 LOWEST     24           200 PM
 AVERAGE    54

..........................................................


THE VALENTINE NE CLIMATE NORMALS FOR TOMORROW
                         NORMAL    RECORD    YEAR
 MAXIMUM TEMPERATURE (F)   87       102      1948
 MINIMUM TEMPERATURE (F)   59        36      2004


SUNRISE AND SUNSET
AUGUST 18 2017........SUNRISE   652 AM CDT   SUNSET   839 PM CDT
AUGUST 19 2017........SUNRISE   653 AM CDT   SUNSET   838 PM CDT


-  INDICATES NEGATIVE NUMBERS.
R  INDICATES RECORD WAS SET OR TIED.
MM INDICATES DATA IS MISSING.
T  INDICATES TRACE AMOUNT.




$$
