000
CDUS43 KLBF 220936
CLIVTN

CLIMATE REPORT
NATIONAL WEATHER SERVICE NORTH PLATTE
435 AM CDT MON SEP 22 2014


...................................

...THE VALENTINE NE CLIMATE SUMMARY FOR SEPTEMBER 21 2014...

CLIMATE NORMAL PERIOD 1981 TO 2010
CLIMATE RECORD PERIOD 1885 TO 2014


WEATHER ITEM   OBSERVED TIME   RECORD YEAR NORMAL DEPARTURE LAST
                VALUE   (LST)  VALUE       VALUE  FROM      YEAR
                                                  NORMAL
..................................................................
TEMPERATURE (F)
 YESTERDAY
  MAXIMUM         75    411 PM  96    1922  75      0       88
  MINIMUM         42    625 AM  25    1995  45     -3       40
  AVERAGE         59                        60     -1       64

PRECIPITATION (IN)
  YESTERDAY        0.00          1.44 1920   0.05  -0.05     0.00
  MONTH TO DATE    0.65                      1.14  -0.49     0.65
  SINCE SEP 1      0.65                      1.14  -0.49     0.65
  SINCE JAN 1     19.69                     17.25   2.44    18.29

SNOWFALL (IN)
  YESTERDAY        0.0           0.0    MM   0.0    0.0      0.0
  MONTH TO DATE    0.0                       0.3   -0.3      0.0
  SINCE SEP 1      0.0                       0.3   -0.3      0.0
  SINCE JUL 1      0.0                       0.3   -0.3      0.0
  SNOW DEPTH       0

DEGREE DAYS
 HEATING
  YESTERDAY        6                         7     -1        1
  MONTH TO DATE  120                        82     38       34
  SINCE SEP 1    120                        82     38       34
  SINCE JUL 1    141                       107     34       37

 COOLING
  YESTERDAY        0                         1     -1        0
  MONTH TO DATE   58                        73    -15      154
  SINCE SEP 1     58                        73    -15      154
  SINCE JAN 1    693                       809   -116      947
..................................................................


WIND (MPH)
  HIGHEST WIND SPEED    15   HIGHEST WIND DIRECTION    NW (320)
  HIGHEST GUST SPEED    19   HIGHEST GUST DIRECTION     N (10)
  AVERAGE WIND SPEED     6.3


SKY COVER
  POSSIBLE SUNSHINE  MM
  AVERAGE SKY COVER 0.0


WEATHER CONDITIONS
 THE FOLLOWING WEATHER WAS RECORDED YESTERDAY.
  HAZE


RELATIVE HUMIDITY (PERCENT)
 HIGHEST    82           600 AM
 LOWEST     25           200 PM
 AVERAGE    54

..........................................................


THE VALENTINE NE CLIMATE NORMALS FOR TODAY
                         NORMAL    RECORD    YEAR
 MAXIMUM TEMPERATURE (F)   74        95      1922
 MINIMUM TEMPERATURE (F)   44        23      1995


SUNRISE AND SUNSET
SEPTEMBER 22 2014.....SUNRISE   729 AM CDT   SUNSET   739 PM CDT
SEPTEMBER 23 2014.....SUNRISE   731 AM CDT   SUNSET   738 PM CDT


-  INDICATES NEGATIVE NUMBERS.
R  INDICATES RECORD WAS SET OR TIED.
MM INDICATES DATA IS MISSING.
T  INDICATES TRACE AMOUNT.

$$
