000
CDUS43 KLBF 242236
CLIVTN


CLIMATE REPORT
NATIONAL WEATHER SERVICE NORTH PLATTE
434 PM CST TUE JAN 24 2017


...................................

...THE VALENTINE NE CLIMATE SUMMARY FOR JANUARY 24 2017...
VALID TODAY AS OF 0400 PM LOCAL TIME.

CLIMATE NORMAL PERIOD 1981 TO 2010
CLIMATE RECORD PERIOD 1885 TO 2017


WEATHER ITEM   OBSERVED TIME   RECORD YEAR NORMAL DEPARTURE LAST
                VALUE   (LST)  VALUE       VALUE  FROM      YEAR
                                                  NORMAL
..................................................................
TEMPERATURE (F)
 TODAY
  MAXIMUM         31   1238 AM  68    2005  37     -6       39
                                      1981
  MINIMUM         27    429 PM -38    1894  11     16       20
  AVERAGE         29                        24      5       30

PRECIPITATION (IN)
  TODAY            0.56R         0.27 1921   0.01   0.55     0.00
  MONTH TO DATE    0.68                      0.20   0.48     0.22
  SINCE DEC 1      1.62                      0.57   1.05     1.26
  SINCE JAN 1      0.68                      0.20   0.48     0.22

SNOWFALL (IN)
  TODAY            2.8           4.3  1921   0.1    2.7      0.0
  MONTH TO DATE    4.0                       2.9    1.1      3.5
  SINCE DEC 1      9.4                       8.0    1.4     16.6
  SINCE JUL 1     15.7                      15.6    0.1     26.7
  SNOW DEPTH       T

DEGREE DAYS
 HEATING
  TODAY           36                        41     -5       35
  MONTH TO DATE 1049                       997     52     1062
  SINCE DEC 1   2464                      2274    190     2294
  SINCE JUL 1   3570                      3892   -322     3587

 COOLING
  TODAY            0                         0      0        0
  MONTH TO DATE    0                         0      0        0
  SINCE DEC 1      0                         0      0        0
  SINCE JAN 1      0                         0      0        0
..................................................................


WIND (MPH)
  HIGHEST WIND SPEED    20   HIGHEST WIND DIRECTION     N (10)
  HIGHEST GUST SPEED    25   HIGHEST GUST DIRECTION     N (10)
  AVERAGE WIND SPEED     9.2


SKY COVER
  POSSIBLE SUNSHINE  MM
  AVERAGE SKY COVER 1.0


WEATHER CONDITIONS
 THE FOLLOWING WEATHER WAS RECORDED TODAY.
  HEAVY SNOW
  SNOW
  LIGHT SNOW
  FOG
  FOG W/VISIBILITY <= 1/4 MILE


RELATIVE HUMIDITY (PERCENT)
 HIGHEST    92          1200 AM
 LOWEST     85           300 AM
 AVERAGE    89

..........................................................


THE VALENTINE NE CLIMATE NORMALS FOR TOMORROW
                         NORMAL    RECORD    YEAR
 MAXIMUM TEMPERATURE (F)   37        65      1911
 MINIMUM TEMPERATURE (F)   11       -24      1957
                                             1929


SUNRISE AND SUNSET
JANUARY 24 2017.......SUNRISE   804 AM CST   SUNSET   545 PM CST
JANUARY 25 2017.......SUNRISE   803 AM CST   SUNSET   546 PM CST


-  INDICATES NEGATIVE NUMBERS.
R  INDICATES RECORD WAS SET OR TIED.
MM INDICATES DATA IS MISSING.
T  INDICATES TRACE AMOUNT.




$$
