629
CDUS43 KLBF 250849
CLIVTN


CLIMATE REPORT
NATIONAL WEATHER SERVICE NORTH PLATTE
346 AM CDT SAT MAR 25 2017


...................................

...THE VALENTINE NE CLIMATE SUMMARY FOR MARCH 24 2017...

CLIMATE NORMAL PERIOD 1981 TO 2010
CLIMATE RECORD PERIOD 1885 TO 2017


WEATHER ITEM   OBSERVED TIME   RECORD YEAR NORMAL DEPARTURE LAST
                VALUE   (LST)  VALUE       VALUE  FROM      YEAR
                                                  NORMAL
..................................................................
TEMPERATURE (F)
 YESTERDAY
  MAXIMUM         59    412 PM  80    1907  52      7       45
  MINIMUM         30   1159 PM  -2    2006  26      4       12
  AVERAGE         45                        39      6       29

PRECIPITATION (IN)
  YESTERDAY        0.02          0.86 1901   0.04  -0.02     0.00
  MONTH TO DATE    0.68                      0.75  -0.07     0.47
  SINCE MAR 1      0.68                      0.75  -0.07     0.47
  SINCE JAN 1      2.75                      1.49   1.26     1.15

SNOWFALL (IN)
  YESTERDAY        0.0           7.8  1901   0.2   -0.2      0.0
  MONTH TO DATE    3.5                       5.2   -1.7      5.5
  SINCE MAR 1      3.5                       5.2   -1.7      5.5
  SINCE JUL 1     45.3                      27.3   18.0     36.7
  SNOW DEPTH       0

DEGREE DAYS
 HEATING
  YESTERDAY       20                        26     -6       36
  MONTH TO DATE  613                       717   -104      540
  SINCE MAR 1    613                       717   -104      540
  SINCE JUL 1   5372                      5953   -581     5226

 COOLING
  YESTERDAY        0                         0      0        0
  MONTH TO DATE    0                         0      0        0
  SINCE MAR 1      0                         0      0        0
  SINCE JAN 1      0                         0      0        0
..................................................................


WIND (MPH)
  HIGHEST WIND SPEED    26   HIGHEST WIND DIRECTION     N (20)
  HIGHEST GUST SPEED    34   HIGHEST GUST DIRECTION     N (20)
  AVERAGE WIND SPEED    13.9


SKY COVER
  POSSIBLE SUNSHINE  MM
  AVERAGE SKY COVER 0.4


WEATHER CONDITIONS
 THE FOLLOWING WEATHER WAS RECORDED YESTERDAY.
  LIGHT RAIN
  FOG


RELATIVE HUMIDITY (PERCENT)
 HIGHEST    85          1100 PM
 LOWEST     32           500 PM
 AVERAGE    59

..........................................................


THE VALENTINE NE CLIMATE NORMALS FOR TODAY
                         NORMAL    RECORD    YEAR
 MAXIMUM TEMPERATURE (F)   52        85      1993
 MINIMUM TEMPERATURE (F)   26       -11      1965


SUNRISE AND SUNSET
MARCH 25 2017.........SUNRISE   736 AM CDT   SUNSET   801 PM CDT
MARCH 26 2017.........SUNRISE   734 AM CDT   SUNSET   802 PM CDT


-  INDICATES NEGATIVE NUMBERS.
R  INDICATES RECORD WAS SET OR TIED.
MM INDICATES DATA IS MISSING.
T  INDICATES TRACE AMOUNT.




$$
