000
CDUS43 KLBF 032352 RRA
CLIVTN

CLIMATE REPORT
NATIONAL WEATHER SERVICE NORTH PLATTE
647 PM CDT THU SEP 3 2015


...................................

...THE VALENTINE NE CLIMATE SUMMARY FOR SEPTEMBER 3 2015...
VALID TODAY AS OF 0500 PM LOCAL TIME.

CLIMATE NORMAL PERIOD 1981 TO 2010
CLIMATE RECORD PERIOD 1885 TO 2015


WEATHER ITEM   OBSERVED TIME   RECORD YEAR NORMAL DEPARTURE LAST
                VALUE   (LST)  VALUE       VALUE  FROM      YEAR
                                                  NORMAL
..................................................................
TEMPERATURE (F)
 TODAY
  MAXIMUM        100    146 PM 102    1990  83     17       97
  MINIMUM         58    625 AM  30    1974  53      5       69
  AVERAGE         79                        68     11       83

PRECIPITATION (IN)
  TODAY            0.00          1.80 1999   0.04  -0.04     0.00
  MONTH TO DATE    T                         0.14  -0.14     0.09
  SINCE SEP 1      T                         0.14  -0.14     0.09
  SINCE JAN 1     17.95                     16.25   1.70    19.13

SNOWFALL (IN)
  TODAY            0.0           0.0    MM   0.0    0.0      0.0
  MONTH TO DATE    0.0                       0.0    0.0      0.0
  SINCE SEP 1      0.0                       0.0    0.0      0.0
  SINCE JUL 1      0.0                       0.0    0.0      0.0
  SNOW DEPTH       0

DEGREE DAYS
 HEATING
  TODAY            0                         2     -2        0
  MONTH TO DATE    0                         6     -6        1
  SINCE SEP 1      0                         6     -6        1
  SINCE JUL 1     31                        31      0       22

 COOLING
  TODAY           14                         5      9       18
  MONTH TO DATE   38                        16     22       18
  SINCE SEP 1     38                        16     22       18
  SINCE JAN 1    698                       752    -54      653
..................................................................


WIND (MPH)
  HIGHEST WIND SPEED    21   HIGHEST WIND DIRECTION    SE (140)
  HIGHEST GUST SPEED    27   HIGHEST GUST DIRECTION    SE (130)
  AVERAGE WIND SPEED     8.2


SKY COVER
  POSSIBLE SUNSHINE  MM
  AVERAGE SKY COVER 0.0


WEATHER CONDITIONS
 THE FOLLOWING WEATHER WAS RECORDED TODAY.
  NO SIGNIFICANT WEATHER WAS OBSERVED.


RELATIVE HUMIDITY (PERCENT)
 HIGHEST    90           500 AM
 LOWEST     15           100 PM
 AVERAGE    53

..........................................................


THE VALENTINE NE CLIMATE NORMALS FOR TOMORROW
                         NORMAL    RECORD    YEAR
 MAXIMUM TEMPERATURE (F)   83       104      1998
 MINIMUM TEMPERATURE (F)   53        36      1968
                                             1962


SUNRISE AND SUNSET
SEPTEMBER  3 2015.....SUNRISE   709 AM CDT   SUNSET   814 PM CDT
SEPTEMBER  4 2015.....SUNRISE   710 AM CDT   SUNSET   812 PM CDT


-  INDICATES NEGATIVE NUMBERS.
R  INDICATES RECORD WAS SET OR TIED.
MM INDICATES DATA IS MISSING.
T  INDICATES TRACE AMOUNT.




$$
