000
CDUS43 KLBF 232320
CLIVTN

CLIMATE REPORT
NATIONAL WEATHER SERVICE NORTH PLATTE
543 PM CDT WED APR 23 2014


...................................

...THE VALENTINE NE CLIMATE SUMMARY FOR APRIL 23 2014...
VALID TODAY AS OF 0500 PM LOCAL TIME.

CLIMATE NORMAL PERIOD 1981 TO 2010
CLIMATE RECORD PERIOD 1885 TO 2014


WEATHER ITEM   OBSERVED TIME   RECORD YEAR NORMAL DEPARTURE LAST
                VALUE   (LST)  VALUE       VALUE  FROM      YEAR
                                                  NORMAL
..................................................................
TEMPERATURE (F)
 TODAY
  MAXIMUM         77    152 PM  91    1906  63     14       37
  MINIMUM         54    623 AM  12    2013  36     18       12
  AVERAGE         66                        50     16       25

PRECIPITATION (IN)
  TODAY            0.00          1.02 2010   0.09  -0.09     0.00
  MONTH TO DATE    0.51                      1.59  -1.08     1.81
  SINCE MAR 1      1.00                      2.66  -1.66     3.38
  SINCE JAN 1      1.66                      3.40  -1.74     4.61

SNOWFALL (IN)
  TODAY            0.0           2.5  1937   0.2   -0.2      0.0
  MONTH TO DATE    3.3                       4.0   -0.7     14.2
  SINCE MAR 1      8.3                      10.5   -2.2     24.4
  SINCE JUL 1     34.8                      32.6    2.2     52.0
  SNOW DEPTH       0

DEGREE DAYS
 HEATING
  TODAY            0                        16    -16       40
  MONTH TO DATE  417                       455    -38      656
  SINCE MAR 1   1386                      1348     38     1608
  SINCE JUL 1   6864                      6584    280     6561

 COOLING
  TODAY            1                         0      1        0
  MONTH TO DATE    1                         0      1        0
  SINCE MAR 1      1                         0      1        0
  SINCE JAN 1      1                         0      1        0
..................................................................


WIND (MPH)
  HIGHEST WIND SPEED    28   HIGHEST WIND DIRECTION     W (280)
  HIGHEST GUST SPEED    33   HIGHEST GUST DIRECTION     W (280)
  AVERAGE WIND SPEED    16.0


SKY COVER
  POSSIBLE SUNSHINE  MM
  AVERAGE SKY COVER 0.0


WEATHER CONDITIONS
 THE FOLLOWING WEATHER WAS RECORDED TODAY.
  NO SIGNIFICANT WEATHER WAS OBSERVED.


RELATIVE HUMIDITY (PERCENT)
 HIGHEST    46           400 AM
 LOWEST     18           400 PM
 AVERAGE    32

..........................................................


THE VALENTINE NE CLIMATE NORMALS FOR TOMORROW
                         NORMAL    RECORD    YEAR
 MAXIMUM TEMPERATURE (F)   64        91      1962
 MINIMUM TEMPERATURE (F)   36        22      2013
                                             1972


SUNRISE AND SUNSET
APRIL 23 2014.........SUNRISE   648 AM CDT   SUNSET   834 PM CDT
APRIL 24 2014.........SUNRISE   646 AM CDT   SUNSET   835 PM CDT


-  INDICATES NEGATIVE NUMBERS.
R  INDICATES RECORD WAS SET OR TIED.
MM INDICATES DATA IS MISSING.
T  INDICATES TRACE AMOUNT.




$$
