000
CDUS43 KLBF 310941
CLIVTN

CLIMATE REPORT
NATIONAL WEATHER SERVICE NORTH PLATTE
439 AM CDT THU JUL 31 2014


...................................

...THE VALENTINE NE CLIMATE SUMMARY FOR JULY 30 2014...

CLIMATE NORMAL PERIOD 1981 TO 2010
CLIMATE RECORD PERIOD 1885 TO 2014


WEATHER ITEM   OBSERVED TIME   RECORD YEAR NORMAL DEPARTURE LAST
                VALUE   (LST)  VALUE       VALUE  FROM      YEAR
                                                  NORMAL
..................................................................
TEMPERATURE (F)
 YESTERDAY
  MAXIMUM         86    439 PM 105    1955  89     -3       90
  MINIMUM         48    531 AM  38    1971  61    -13       60
  AVERAGE         67                        75     -8       75

PRECIPITATION (IN)
  YESTERDAY        0.00          2.18 2013   0.10  -0.10     2.18
  MONTH TO DATE    0.58                      3.12  -2.54     3.77
  SINCE JUN 1      9.21                      6.68   2.53     6.22
  SINCE JAN 1     16.42                     13.84   2.58    15.62

SNOWFALL (IN)
  YESTERDAY        0.0           0.0    MM   0.0    0.0      0.0
  MONTH TO DATE    0.0                       0.0    0.0      0.0
  SINCE JUN 1      0.0                       0.0    0.0      0.0
  SINCE JUL 1      0.0                       0.0    0.0      0.0
  SNOW DEPTH       0

DEGREE DAYS
 HEATING
  YESTERDAY        0                         0      0        0
  MONTH TO DATE   19                         2     17        3
  SINCE JUN 1     73                        63     10       57
  SINCE JUL 1     19                         2     17        3

 COOLING
  YESTERDAY        2                        10     -8       10
  MONTH TO DATE  225                       292    -67      285
  SINCE JUN 1    336                       429    -93      431
  SINCE JAN 1    397                       463    -66      470
..................................................................


WIND (MPH)
  HIGHEST WIND SPEED    12   HIGHEST WIND DIRECTION    SW (210)
  HIGHEST GUST SPEED    17   HIGHEST GUST DIRECTION     W (270)
  AVERAGE WIND SPEED     5.2


SKY COVER
  POSSIBLE SUNSHINE  MM
  AVERAGE SKY COVER 0.3


WEATHER CONDITIONS
 THE FOLLOWING WEATHER WAS RECORDED YESTERDAY.
  NO SIGNIFICANT WEATHER WAS OBSERVED.


RELATIVE HUMIDITY (PERCENT)
 HIGHEST   100           600 AM
 LOWEST     27           200 PM
 AVERAGE    64

..........................................................


THE VALENTINE NE CLIMATE NORMALS FOR TODAY
                         NORMAL    RECORD    YEAR
 MAXIMUM TEMPERATURE (F)   89       110      2002
 MINIMUM TEMPERATURE (F)   61        44      1913


SUNRISE AND SUNSET
JULY 31 2014..........SUNRISE   632 AM CDT   SUNSET   904 PM CDT
AUGUST  1 2014........SUNRISE   633 AM CDT   SUNSET   903 PM CDT


-  INDICATES NEGATIVE NUMBERS.
R  INDICATES RECORD WAS SET OR TIED.
MM INDICATES DATA IS MISSING.
T  INDICATES TRACE AMOUNT.

$$
