000
CDUS43 KLBF 302251
CLIVTN


CLIMATE REPORT
NATIONAL WEATHER SERVICE NORTH PLATTE
550 PM CDT SAT APR 30 2016


...................................

...THE VALENTINE NE CLIMATE SUMMARY FOR APRIL 30 2016...
VALID TODAY AS OF 0500 PM LOCAL TIME.

CLIMATE NORMAL PERIOD 1981 TO 2010
CLIMATE RECORD PERIOD 1885 TO 2016


WEATHER ITEM   OBSERVED TIME   RECORD YEAR NORMAL DEPARTURE LAST
                VALUE   (LST)  VALUE       VALUE  FROM      YEAR
                                                  NORMAL
..................................................................
TEMPERATURE (F)
 TODAY
  MAXIMUM         41    326 PM 100    1992  66    -25       83
  MINIMUM         38    945 AM  19    1907  38      0       43
                                      1903
  AVERAGE         40                        52    -12       63

PRECIPITATION (IN)
  TODAY            1.23          2.17 1949   0.09   1.14     0.02
  MONTH TO DATE    4.39                      2.22   2.17     1.62
  SINCE MAR 1      5.32                      3.29   2.03     1.65
  SINCE JAN 1      6.00                      4.03   1.97     2.27

SNOWFALL (IN)
  TODAY            0.0           1.5  1911   0.1   -0.1      0.0
  MONTH TO DATE    1.5                       4.6   -3.1      0.3
  SINCE MAR 1      7.0                      11.1   -4.1      0.8
  SINCE JUL 1     38.2                      33.2    5.0     22.5
  SNOW DEPTH       0

DEGREE DAYS
 HEATING
  TODAY           25                        13     12        2
  MONTH TO DATE  500                       555    -55      448
  SINCE MAR 1   1212                      1447   -235     1135
  SINCE JUL 1   5898                      6683   -785     6261

 COOLING
  TODAY            0                         0      0        0
  MONTH TO DATE    3                         4     -1        0
  SINCE MAR 1      3                         4     -1        2
  SINCE JAN 1      3                         4     -1        2
..................................................................


WIND (MPH)
  HIGHEST WIND SPEED    31   HIGHEST WIND DIRECTION    NE (40)
  HIGHEST GUST SPEED    38   HIGHEST GUST DIRECTION    NE (40)
  AVERAGE WIND SPEED    20.3


SKY COVER
  POSSIBLE SUNSHINE  MM
  AVERAGE SKY COVER 1.0


WEATHER CONDITIONS
 THE FOLLOWING WEATHER WAS RECORDED TODAY.
  RAIN
  LIGHT RAIN
  FOG


RELATIVE HUMIDITY (PERCENT)
 HIGHEST    92          1200 AM
 LOWEST     85           700 AM
 AVERAGE    89

..........................................................


THE VALENTINE NE CLIMATE NORMALS FOR TOMORROW
                         NORMAL    RECORD    YEAR
 MAXIMUM TEMPERATURE (F)   66        97      1959
 MINIMUM TEMPERATURE (F)   39        17      1909


SUNRISE AND SUNSET
APRIL 30 2016.........SUNRISE   637 AM CDT   SUNSET   842 PM CDT
MAY  1 2016...........SUNRISE   636 AM CDT   SUNSET   844 PM CDT


-  INDICATES NEGATIVE NUMBERS.
R  INDICATES RECORD WAS SET OR TIED.
MM INDICATES DATA IS MISSING.
T  INDICATES TRACE AMOUNT.




$$
