000
CDUS43 KLBF 070942
CLIVTN

CLIMATE REPORT
NATIONAL WEATHER SERVICE NORTH PLATTE
441 AM CDT TUE JUL 7 2015


...................................

...THE VALENTINE NE CLIMATE SUMMARY FOR JULY 6 2015...

CLIMATE NORMAL PERIOD 1981 TO 2010
CLIMATE RECORD PERIOD 1885 TO 2015


WEATHER ITEM   OBSERVED TIME   RECORD YEAR NORMAL DEPARTURE LAST
                VALUE   (LST)  VALUE       VALUE  FROM      YEAR
                                                  NORMAL
..................................................................
TEMPERATURE (F)
 YESTERDAY
  MAXIMUM         75    258 PM 106    1973  88    -13       88
                                      1889
  MINIMUM         57   1159 PM  46    1999  59     -2       61
  AVERAGE         66                        74     -8       75

PRECIPITATION (IN)
  YESTERDAY        0.38          3.49 1915   0.11   0.27     0.00
  MONTH TO DATE    2.10                      0.66   1.44     0.00
  SINCE JUN 1      5.52                      4.22   1.30     8.63
  SINCE JAN 1     14.91                     11.38   3.53    15.84

SNOWFALL (IN)
  YESTERDAY        0.0           0.0    MM   0.0    0.0      0.0
  MONTH TO DATE    0.0                       0.0    0.0      0.0
  SINCE JUN 1      0.0                       0.0    0.0      0.0
  SINCE JUL 1      0.0                       0.0    0.0      0.0
  SNOW DEPTH       0

DEGREE DAYS
 HEATING
  YESTERDAY        0                         0      0        0
  MONTH TO DATE    0                         2     -2        6
  SINCE JUN 1      8                        63    -55       60
  SINCE JUL 1      0                         2     -2        6

 COOLING
  YESTERDAY        1                         9     -8       10
  MONTH TO DATE   49                        51     -2       45
  SINCE JUN 1    189                       188      1      156
  SINCE JAN 1    195                       222    -27      217
..................................................................


WIND (MPH)
  HIGHEST WIND SPEED    23   HIGHEST WIND DIRECTION     N (350)
  HIGHEST GUST SPEED    27   HIGHEST GUST DIRECTION     N (10)
  AVERAGE WIND SPEED    11.4


SKY COVER
  POSSIBLE SUNSHINE  MM
  AVERAGE SKY COVER 0.7


WEATHER CONDITIONS
 THE FOLLOWING WEATHER WAS RECORDED YESTERDAY.
  HEAVY RAIN
  RAIN
  LIGHT RAIN
  FOG
  HAZE


RELATIVE HUMIDITY (PERCENT)
 HIGHEST   100           100 AM
 LOWEST     46           100 PM
 AVERAGE    73

..........................................................


THE VALENTINE NE CLIMATE NORMALS FOR TODAY
                         NORMAL    RECORD    YEAR
 MAXIMUM TEMPERATURE (F)   88       105      1985
 MINIMUM TEMPERATURE (F)   60        47      1895


SUNRISE AND SUNSET
JULY  7 2015..........SUNRISE   611 AM CDT   SUNSET   923 PM CDT
JULY  8 2015..........SUNRISE   612 AM CDT   SUNSET   923 PM CDT


-  INDICATES NEGATIVE NUMBERS.
R  INDICATES RECORD WAS SET OR TIED.
MM INDICATES DATA IS MISSING.
T  INDICATES TRACE AMOUNT.

$$
