418
CDUS43 KLBF 232233
CLIVTN


CLIMATE REPORT
NATIONAL WEATHER SERVICE NORTH PLATTE
533 PM CDT SUN APR 23 2017


...................................

...THE VALENTINE NE CLIMATE SUMMARY FOR APRIL 23 2017...
VALID TODAY AS OF 0500 PM LOCAL TIME.

CLIMATE NORMAL PERIOD 1981 TO 2010
CLIMATE RECORD PERIOD 1885 TO 2017


WEATHER ITEM   OBSERVED TIME   RECORD YEAR NORMAL DEPARTURE LAST
                VALUE   (LST)  VALUE       VALUE  FROM      YEAR
                                                  NORMAL
..................................................................
TEMPERATURE (F)
 TODAY
  MAXIMUM         75    400 PM  91    1906  63     12       84
  MINIMUM         37    509 AM  12    2013  36      1       52
  AVERAGE         56                        50      6       68

PRECIPITATION (IN)
  TODAY            0.00          1.02 2010   0.09  -0.09     0.00
  MONTH TO DATE    1.23                      1.59  -0.36     1.75
  SINCE MAR 1      1.99                      2.66  -0.67     2.68
  SINCE JAN 1      4.06                      3.40   0.66     3.36

SNOWFALL (IN)
  TODAY            0.0           2.5  1937   0.2   -0.2      0.0
  MONTH TO DATE    0.7                       4.0   -3.3       T
  SINCE MAR 1      2.7                      10.5   -7.8      5.5
  SINCE JUL 1     44.5                      32.6   11.9     36.7
  SNOW DEPTH       0

DEGREE DAYS
 HEATING
  TODAY            9                        16     -7        0
  MONTH TO DATE  306                       455   -149      358
  SINCE MAR 1   1067                      1348   -281     1070
  SINCE JUL 1   5826                      6584   -758     5756

 COOLING
  TODAY            0                         0      0        3
  MONTH TO DATE    2                         0      2        3
  SINCE MAR 1      2                         0      2        3
  SINCE JAN 1      2                         0      2        3
..................................................................


WIND (MPH)
  HIGHEST WIND SPEED    35   HIGHEST WIND DIRECTION     S (200)
  HIGHEST GUST SPEED    44   HIGHEST GUST DIRECTION     S (200)
  AVERAGE WIND SPEED    20.1


SKY COVER
  POSSIBLE SUNSHINE  MM
  AVERAGE SKY COVER 0.0


WEATHER CONDITIONS
 THE FOLLOWING WEATHER WAS RECORDED TODAY.
  NO SIGNIFICANT WEATHER WAS OBSERVED.


RELATIVE HUMIDITY (PERCENT)
 HIGHEST    64           500 AM
 LOWEST     18           300 PM
 AVERAGE    41

..........................................................


THE VALENTINE NE CLIMATE NORMALS FOR TOMORROW
                         NORMAL    RECORD    YEAR
 MAXIMUM TEMPERATURE (F)   64        91      1962
 MINIMUM TEMPERATURE (F)   36        22      2013
                                             1972


SUNRISE AND SUNSET
APRIL 23 2017.........SUNRISE   648 AM CDT   SUNSET   834 PM CDT
APRIL 24 2017.........SUNRISE   646 AM CDT   SUNSET   835 PM CDT


-  INDICATES NEGATIVE NUMBERS.
R  INDICATES RECORD WAS SET OR TIED.
MM INDICATES DATA IS MISSING.
T  INDICATES TRACE AMOUNT.




$$
