000
CDUS46 KPQR 221149
CLIVUO


CLIMATE REPORT
NATIONAL WEATHER SERVICE PORTLAND OREGON
348 AM PST WED FEB 22 2017


...................................

...THE VANCOUVER WA CLIMATE SUMMARY FOR FEBRUARY 21 2017...

CLIMATE NORMAL PERIOD 1981 TO 2010
CLIMATE RECORD PERIOD 1891 TO 2017


WEATHER ITEM   OBSERVED TIME   RECORD YEAR NORMAL DEPARTURE LAST
                VALUE   (LST)  VALUE       VALUE  FROM      YEAR
                                                  NORMAL
..................................................................
TEMPERATURE (F)
 YESTERDAY
  MAXIMUM         50    150 PM  66    1958  53     -3       52
  MINIMUM         36   1122 PM  23    1975  35      1       30
  AVERAGE         43                        44     -1       41

PRECIPITATION (IN)
  YESTERDAY        0.44                      0.11   0.33     0.09
  MONTH TO DATE    9.93                      3.05   6.88     2.99
  SINCE OCT 1     34.10                     24.30   9.80    33.94
  SINCE JAN 1     14.24                      8.55   5.69    10.09

DEGREE DAYS
 HEATING
  YESTERDAY       22                                        24
  MONTH TO DATE  490                                       362
  SINCE JUL 1   3123                                      2695

 COOLING
  YESTERDAY        0                                         0
  MONTH TO DATE    0                                         0
  SINCE JAN 1      0                                         0
..................................................................


WIND (MPH)
  HIGHEST WIND SPEED     9   HIGHEST WIND DIRECTION     W (290)
  HIGHEST GUST SPEED    13   HIGHEST GUST DIRECTION     W (280)
  AVERAGE WIND SPEED     1.9


SKY COVER
  POSSIBLE SUNSHINE  MM
  AVERAGE SKY COVER 0.9


WEATHER CONDITIONS
 THE FOLLOWING WEATHER WAS RECORDED YESTERDAY.
  LIGHT RAIN
  FOG


RELATIVE HUMIDITY (PERCENT)
 HIGHEST   100          1200 AM
 LOWEST     86           400 PM
 AVERAGE    93

..........................................................




SUNRISE AND SUNSET
FEBRUARY 22 2017......SUNRISE   701 AM PST   SUNSET   548 PM PST
FEBRUARY 23 2017......SUNRISE   659 AM PST   SUNSET   550 PM PST


-  INDICATES NEGATIVE NUMBERS.
R  INDICATES RECORD WAS SET OR TIED.
MM INDICATES DATA IS MISSING.
T  INDICATES TRACE AMOUNT.




$$
