000
CDUS46 KPQR 270338
CLIVUO


CLIMATE REPORT
NATIONAL WEATHER SERVICE PORTLAND OREGON
838 PM PDT SUN MAR 26 2017


...................................

...THE VANCOUVER WA CLIMATE SUMMARY FOR MARCH 26 2017...
VALID TODAY AS OF 0800 PM LOCAL TIME.

CLIMATE NORMAL PERIOD 1981 TO 2010
CLIMATE RECORD PERIOD 1891 TO 2017


WEATHER ITEM   OBSERVED TIME   RECORD YEAR NORMAL DEPARTURE LAST
                VALUE   (LST)  VALUE       VALUE  FROM      YEAR
                                                  NORMAL
..................................................................
TEMPERATURE (F)
 TODAY
  MAXIMUM         48    559 PM  76    1994  58    -10       58
  MINIMUM         45   1114 AM  25    1996  41      4       39
  AVERAGE         47                        50     -3       49

PRECIPITATION (IN)
  TODAY            0.61                      0.10   0.51     0.03
  MONTH TO DATE    6.71                      3.06   3.65     5.13
  SINCE OCT 1     41.26                     28.34  12.92    39.89
  SINCE JAN 1     21.40                     12.59   8.81    16.04

DEGREE DAYS
 HEATING
  TODAY           18                                        16
  MONTH TO DATE  452                                       415
  SINCE MAR 1    452                                       415
  SINCE JUL 1   3752                                      3245

 COOLING
  TODAY            0                                         0
  MONTH TO DATE    0                                         0
  SINCE MAR 1      0                                         0
  SINCE JAN 1      0                                         0
..................................................................


WIND (MPH)
  HIGHEST WIND SPEED    14   HIGHEST WIND DIRECTION     E (110)
  HIGHEST GUST SPEED    18   HIGHEST GUST DIRECTION    SE (120)
  AVERAGE WIND SPEED     8.7


SKY COVER
  POSSIBLE SUNSHINE  MM
  AVERAGE SKY COVER 1.0


WEATHER CONDITIONS
 THE FOLLOWING WEATHER WAS RECORDED TODAY.
  LIGHT RAIN
  FOG


RELATIVE HUMIDITY (PERCENT)
 HIGHEST   100           800 AM
 LOWEST     86           300 AM
 AVERAGE    93

..........................................................


THE VANCOUVER WA CLIMATE NORMALS FOR TOMORROW
                         NORMAL    RECORD    YEAR
 MAXIMUM TEMPERATURE (F)   59        77      1994
 MINIMUM TEMPERATURE (F)   41        25      1975


SUNRISE AND SUNSET
MARCH 26 2017.........SUNRISE   701 AM PDT   SUNSET   732 PM PDT
MARCH 27 2017.........SUNRISE   700 AM PDT   SUNSET   733 PM PDT


-  INDICATES NEGATIVE NUMBERS.
R  INDICATES RECORD WAS SET OR TIED.
MM INDICATES DATA IS MISSING.
T  INDICATES TRACE AMOUNT.




$$
