000
CDUS46 KPQR 251145
CLIVUO


CLIMATE REPORT
NATIONAL WEATHER SERVICE PORTLAND OREGON
444 AM PDT FRI JUL 25 2014


...................................

...THE VANCOUVER WA CLIMATE SUMMARY FOR JULY 24 2014...

CLIMATE NORMAL PERIOD 1981 TO 2010
CLIMATE RECORD PERIOD 1891 TO 2014


WEATHER ITEM   OBSERVED TIME   RECORD YEAR NORMAL DEPARTURE LAST
                VALUE   (LST)  VALUE       VALUE  FROM      YEAR
                                                  NORMAL
..................................................................
TEMPERATURE (F)
 YESTERDAY
  MAXIMUM         71    155 PM 100    2004  82    -11       89
                                      1924
  MINIMUM         58   1159 PM  48    1920  58      0       57
  AVERAGE         65                        70     -5       73

PRECIPITATION (IN)
  YESTERDAY        0.01                      0.01   0.00     0.00
  MONTH TO DATE    0.82                      0.60   0.22     0.00
  SINCE OCT 1     27.72                     36.72  -9.00    34.24
  SINCE JAN 1     22.25                     20.97   1.28    14.98

DEGREE DAYS
 HEATING
  YESTERDAY        0                                         0
  MONTH TO DATE    2                                         6
  SINCE JUL 1      2                                         6

 COOLING
  YESTERDAY        0                                         8
  MONTH TO DATE  146                                       113
  SINCE JAN 1    177                                       180
..................................................................


WIND (MPH)
  HIGHEST WIND SPEED    13   HIGHEST WIND DIRECTION     W (280)
  HIGHEST GUST SPEED    21   HIGHEST GUST DIRECTION    SW (210)
  AVERAGE WIND SPEED     5.8


SKY COVER
  POSSIBLE SUNSHINE  MM
  AVERAGE SKY COVER 0.8


WEATHER CONDITIONS
 THE FOLLOWING WEATHER WAS RECORDED YESTERDAY.
  LIGHT RAIN


RELATIVE HUMIDITY (PERCENT)
 HIGHEST    78           900 AM
 LOWEST     47           100 PM
 AVERAGE    63

..........................................................




SUNRISE AND SUNSET
JULY 25 2014..........SUNRISE   546 AM PDT   SUNSET   847 PM PDT
JULY 26 2014..........SUNRISE   547 AM PDT   SUNSET   846 PM PDT


-  INDICATES NEGATIVE NUMBERS.
R  INDICATES RECORD WAS SET OR TIED.
MM INDICATES DATA IS MISSING.
T  INDICATES TRACE AMOUNT.




$$
