000
CDUS46 KPQR 270221
CLIVUO


CLIMATE REPORT
NATIONAL WEATHER SERVICE PORTLAND OREGON
721 PM PDT MON JUN 26 2017


...................................

...THE VANCOUVER WA CLIMATE SUMMARY FOR JUNE 26 2017...
VALID TODAY AS OF 0700 PM LOCAL TIME.

CLIMATE NORMAL PERIOD 1981 TO 2010
CLIMATE RECORD PERIOD 1891 TO 2017


WEATHER ITEM   OBSERVED TIME   RECORD YEAR NORMAL DEPARTURE LAST
                VALUE   (LST)  VALUE       VALUE  FROM      YEAR
                                                  NORMAL
..................................................................
TEMPERATURE (F)
 TODAY
  MAXIMUM         78    437 PM 101    2006  76      2       87
  MINIMUM         59    521 AM  39    1976  55      4       58
  AVERAGE         69                        65      4       73

PRECIPITATION (IN)
  TODAY            T                         0.04  -0.04     0.00
  MONTH TO DATE    1.24                      1.62  -0.38     1.45
  SINCE OCT 1     48.88                     35.95  12.93    44.80
  SINCE JAN 1     29.02                     20.20   8.82    20.95

DEGREE DAYS
 HEATING
  TODAY            0                                         0
  MONTH TO DATE   69                                        86
  SINCE JUN 1     69                                        86
  SINCE JUL 1   4499                                      3822

 COOLING
  TODAY            4                                         8
  MONTH TO DATE   64                                        68
  SINCE JUN 1     64                                        68
  SINCE JAN 1    104                                        92
..................................................................


WIND (MPH)
  HIGHEST WIND SPEED    12   HIGHEST WIND DIRECTION    NW (300)
  HIGHEST GUST SPEED    14   HIGHEST GUST DIRECTION    NW (300)
  AVERAGE WIND SPEED     4.7


SKY COVER
  POSSIBLE SUNSHINE  MM
  AVERAGE SKY COVER 0.4


WEATHER CONDITIONS
 THE FOLLOWING WEATHER WAS RECORDED TODAY.
  THUNDERSTORM
  LIGHT RAIN


RELATIVE HUMIDITY (PERCENT)
 HIGHEST    87           400 AM
 LOWEST     54           400 PM
 AVERAGE    71

..........................................................


THE VANCOUVER WA CLIMATE NORMALS FOR TOMORROW
                         NORMAL    RECORD    YEAR
 MAXIMUM TEMPERATURE (F)   76        97      2000
 MINIMUM TEMPERATURE (F)   55        39      1976


SUNRISE AND SUNSET
JUNE 26 2017..........SUNRISE   523 AM PDT   SUNSET   904 PM PDT
JUNE 27 2017..........SUNRISE   523 AM PDT   SUNSET   904 PM PDT


-  INDICATES NEGATIVE NUMBERS.
R  INDICATES RECORD WAS SET OR TIED.
MM INDICATES DATA IS MISSING.
T  INDICATES TRACE AMOUNT.




$$
