000
CDUS46 KPQR 101144
CLIVUO


CLIMATE REPORT
NATIONAL WEATHER SERVICE PORTLAND OREGON
443 AM PDT THU JUL 10 2014


...................................

...THE VANCOUVER WA CLIMATE SUMMARY FOR JULY 9 2014...

CLIMATE NORMAL PERIOD 1981 TO 2010
CLIMATE RECORD PERIOD 1891 TO 2014


WEATHER ITEM   OBSERVED TIME   RECORD YEAR NORMAL DEPARTURE LAST
                VALUE   (LST)  VALUE       VALUE  FROM      YEAR
                                                  NORMAL
..................................................................
TEMPERATURE (F)
 YESTERDAY
  MAXIMUM         83    433 PM  97    1926  79      4       88
  MINIMUM         59   1159 PM  44    1902  56      3       56
  AVERAGE         71                        68      3       72

PRECIPITATION (IN)
  YESTERDAY        0.00                      0.03  -0.03     0.00
  MONTH TO DATE    0.00                      0.32  -0.32     0.00
  SINCE OCT 1     26.90                     36.44  -9.54    34.24
  SINCE JAN 1     21.43                     20.69   0.74    14.98

DEGREE DAYS
 HEATING
  YESTERDAY        0                                         0
  MONTH TO DATE    0                                         1
  SINCE JUL 1      0                                         1

 COOLING
  YESTERDAY        6                                         7
  MONTH TO DATE   67                                        46
  SINCE JAN 1     98                                       113
..................................................................


WIND (MPH)
  HIGHEST WIND SPEED    14   HIGHEST WIND DIRECTION    NW (330)
  HIGHEST GUST SPEED    20   HIGHEST GUST DIRECTION    NW (310)
  AVERAGE WIND SPEED     6.5


SKY COVER
  POSSIBLE SUNSHINE  MM
  AVERAGE SKY COVER 0.0


WEATHER CONDITIONS
 THE FOLLOWING WEATHER WAS RECORDED YESTERDAY.
  NO SIGNIFICANT WEATHER WAS OBSERVED.


RELATIVE HUMIDITY (PERCENT)
 HIGHEST    72           500 AM
 LOWEST     40           400 PM
 AVERAGE    56

..........................................................




SUNRISE AND SUNSET
JULY 10 2014..........SUNRISE   532 AM PDT   SUNSET   900 PM PDT
JULY 11 2014..........SUNRISE   533 AM PDT   SUNSET   859 PM PDT


-  INDICATES NEGATIVE NUMBERS.
R  INDICATES RECORD WAS SET OR TIED.
MM INDICATES DATA IS MISSING.
T  INDICATES TRACE AMOUNT.




$$
