000
CDUS46 KPQR 180225
CLIVUO


CLIMATE REPORT
NATIONAL WEATHER SERVICE PORTLAND OREGON
625 PM PST WED JAN 17 2018


...................................

...THE VANCOUVER WA CLIMATE SUMMARY FOR JANUARY 17 2018...
VALID TODAY AS OF 0600 PM LOCAL TIME.

CLIMATE NORMAL PERIOD 1981 TO 2010
CLIMATE RECORD PERIOD 1891 TO 2018


WEATHER ITEM   OBSERVED TIME   RECORD YEAR NORMAL DEPARTURE LAST
                VALUE   (LST)  VALUE       VALUE  FROM      YEAR
                                                  NORMAL
..................................................................
TEMPERATURE (F)
 TODAY
  MAXIMUM         52    151 PM  61    1900  48      4       34
  MINIMUM         40    101 AM   7    1907  36      4       25
  AVERAGE         46                        42      4       30

PRECIPITATION (IN)
  TODAY            0.22                      0.17   0.05     0.74
  MONTH TO DATE    2.29                      3.23  -0.94     2.45
  SINCE OCT 1     16.48                     18.98  -2.50    22.31
  SINCE JAN 1      2.29                      3.23  -0.94     2.45

DEGREE DAYS
 HEATING
  TODAY           19                                        35
  MONTH TO DATE  356                                       624
  SINCE DEC 1   1163                                      1491
  SINCE JUL 1   2124                                      2279

 COOLING
  TODAY            0                                         0
  MONTH TO DATE    0                                         0
  SINCE DEC 1      0                                         0
  SINCE JAN 1      0                                         0
..................................................................


WIND (MPH)
  HIGHEST WIND SPEED    17   HIGHEST WIND DIRECTION    SE (120)
  HIGHEST GUST SPEED    21   HIGHEST GUST DIRECTION     E (110)
  AVERAGE WIND SPEED     7.0


SKY COVER
  POSSIBLE SUNSHINE  MM
  AVERAGE SKY COVER 0.6


WEATHER CONDITIONS
 THE FOLLOWING WEATHER WAS RECORDED TODAY.
  RAIN
  LIGHT RAIN
  FOG


RELATIVE HUMIDITY (PERCENT)
 HIGHEST   100          1200 AM
 LOWEST     68           200 PM
 AVERAGE    84

..........................................................


THE VANCOUVER WA CLIMATE NORMALS FOR TOMORROW
                         NORMAL    RECORD    YEAR
 MAXIMUM TEMPERATURE (F)   48        66      2005
 MINIMUM TEMPERATURE (F)   36         8      1943


SUNRISE AND SUNSET
JANUARY 17 2018.......SUNRISE   746 AM PST   SUNSET   456 PM PST
JANUARY 18 2018.......SUNRISE   745 AM PST   SUNSET   457 PM PST


-  INDICATES NEGATIVE NUMBERS.
R  INDICATES RECORD WAS SET OR TIED.
MM INDICATES DATA IS MISSING.
T  INDICATES TRACE AMOUNT.




$$
