000
CDUS46 KPQR 311141
CLIVUO


CLIMATE REPORT
NATIONAL WEATHER SERVICE PORTLAND OREGON
441 AM PDT FRI JUL 31 2015


...................................

...THE VANCOUVER WA CLIMATE SUMMARY FOR JULY 30 2015...

CLIMATE NORMAL PERIOD 1981 TO 2010
CLIMATE RECORD PERIOD 1891 TO 2015


WEATHER ITEM   OBSERVED TIME   RECORD YEAR NORMAL DEPARTURE LAST
                VALUE   (LST)  VALUE       VALUE  FROM      YEAR
                                                  NORMAL
..................................................................
TEMPERATURE (F)
 YESTERDAY
  MAXIMUM        103    454 PM 105    1907  82     21       89
  MINIMUM         59    533 AM  44    1986  58      1       60
  AVERAGE         81                        70     11       75

PRECIPITATION (IN)
  YESTERDAY        0.00                      0.01  -0.01     0.00
  MONTH TO DATE    0.27                      0.68  -0.41     0.82
  SINCE OCT 1     30.22                     36.80  -6.58    27.72
  SINCE JAN 1     15.33                     21.05  -5.72    22.25

DEGREE DAYS
 HEATING
  YESTERDAY        0                                         0
  MONTH TO DATE    4                                         3
  SINCE JUL 1      4                                         3

 COOLING
  YESTERDAY       16                                        10
  MONTH TO DATE  234                                       190
  SINCE JAN 1    412                                       221
..................................................................


WIND (MPH)
  HIGHEST WIND SPEED    13   HIGHEST WIND DIRECTION    NW (320)
  HIGHEST GUST SPEED    20   HIGHEST GUST DIRECTION    NW (320)
  AVERAGE WIND SPEED     5.2


SKY COVER
  POSSIBLE SUNSHINE  MM
  AVERAGE SKY COVER 0.0


WEATHER CONDITIONS
 THE FOLLOWING WEATHER WAS RECORDED YESTERDAY.
  NO SIGNIFICANT WEATHER WAS OBSERVED.


RELATIVE HUMIDITY (PERCENT)
 HIGHEST    60           500 AM
 LOWEST     11           300 PM
 AVERAGE    36

..........................................................




SUNRISE AND SUNSET
JULY 31 2015..........SUNRISE   553 AM PDT   SUNSET   840 PM PDT
AUGUST  1 2015........SUNRISE   554 AM PDT   SUNSET   839 PM PDT


-  INDICATES NEGATIVE NUMBERS.
R  INDICATES RECORD WAS SET OR TIED.
MM INDICATES DATA IS MISSING.
T  INDICATES TRACE AMOUNT.




$$
