000
CDUS46 KPQR 310222
CLIVUO


CLIMATE REPORT
NATIONAL WEATHER SERVICE PORTLAND OREGON
722 PM PDT THU OCT 30 2014


...................................

...THE VANCOUVER WA CLIMATE SUMMARY FOR OCTOBER 30 2014...
VALID TODAY AS OF 0700 PM LOCAL TIME.

CLIMATE NORMAL PERIOD 1981 TO 2010
CLIMATE RECORD PERIOD 1891 TO 2014


WEATHER ITEM   OBSERVED TIME   RECORD YEAR NORMAL DEPARTURE LAST
                VALUE   (LST)  VALUE       VALUE  FROM      YEAR
                                                  NORMAL
..................................................................
TEMPERATURE (F)
 TODAY
  MAXIMUM         61   1255 PM  71    1949  58      3       56
  MINIMUM         55    529 AM  28    2006  42     13       31
  AVERAGE         58                        50      8       44

PRECIPITATION (IN)
  TODAY            0.26                      0.13   0.13      T
  MONTH TO DATE    4.49                      2.95   1.54     1.09
  SINCE OCT 1      4.49                      2.95   1.54     1.09
  SINCE JAN 1     27.93                     26.34   1.59    22.16

DEGREE DAYS
 HEATING
  TODAY            7                                        21
  MONTH TO DATE  175                                       380
  SINCE SEP 1    201                                       470
  SINCE JUL 1    204                                       483

 COOLING
  TODAY            0                                         0
  MONTH TO DATE   10                                         0
  SINCE SEP 1     79                                        74
  SINCE JAN 1    531                                       450
..................................................................


WIND (MPH)
  HIGHEST WIND SPEED    16   HIGHEST WIND DIRECTION    SE (120)
  HIGHEST GUST SPEED    23   HIGHEST GUST DIRECTION     E (110)
  AVERAGE WIND SPEED     3.5


SKY COVER
  POSSIBLE SUNSHINE  MM
  AVERAGE SKY COVER 0.9


WEATHER CONDITIONS
 THE FOLLOWING WEATHER WAS RECORDED TODAY.
  LIGHT RAIN
  FOG


RELATIVE HUMIDITY (PERCENT)
 HIGHEST    93           100 AM
 LOWEST     78          1200 PM
 AVERAGE    86

..........................................................


THE VANCOUVER WA CLIMATE NORMALS FOR TOMORROW
                         NORMAL    RECORD    YEAR
 MAXIMUM TEMPERATURE (F)   58        72      1954
 MINIMUM TEMPERATURE (F)   42        24      2006


SUNRISE AND SUNSET
OCTOBER 30 2014.......SUNRISE   748 AM PDT   SUNSET   600 PM PDT
OCTOBER 31 2014.......SUNRISE   749 AM PDT   SUNSET   559 PM PDT


-  INDICATES NEGATIVE NUMBERS.
R  INDICATES RECORD WAS SET OR TIED.
MM INDICATES DATA IS MISSING.
T  INDICATES TRACE AMOUNT.




$$
