000
CDUS46 KPQR 291142
CLIVUO


CLIMATE REPORT
NATIONAL WEATHER SERVICE PORTLAND OREGON
441 AM PDT TUE JUL 29 2014


...................................

...THE VANCOUVER WA CLIMATE SUMMARY FOR JULY 28 2014...

CLIMATE NORMAL PERIOD 1981 TO 2010
CLIMATE RECORD PERIOD 1891 TO 2014


WEATHER ITEM   OBSERVED TIME   RECORD YEAR NORMAL DEPARTURE LAST
                VALUE   (LST)  VALUE       VALUE  FROM      YEAR
                                                  NORMAL
..................................................................
TEMPERATURE (F)
 YESTERDAY
  MAXIMUM         91    522 PM 106    2009  82      9       74
  MINIMUM         60    403 AM  46    1901  58      2       50
  AVERAGE         76                        70      6       62

PRECIPITATION (IN)
  YESTERDAY        0.00                      0.01  -0.01     0.00
  MONTH TO DATE    0.82                      0.65   0.17     0.00
  SINCE OCT 1     27.72                     36.77  -9.05    34.24
  SINCE JAN 1     22.25                     21.02   1.23    14.98

DEGREE DAYS
 HEATING
  YESTERDAY        0                                         3
  MONTH TO DATE    3                                         9
  SINCE JUL 1      3                                         9

 COOLING
  YESTERDAY       11                                         0
  MONTH TO DATE  170                                       129
  SINCE JAN 1    201                                       196
..................................................................


WIND (MPH)
  HIGHEST WIND SPEED    14   HIGHEST WIND DIRECTION    NW (320)
  HIGHEST GUST SPEED    24   HIGHEST GUST DIRECTION    NW (300)
  AVERAGE WIND SPEED     5.2


SKY COVER
  POSSIBLE SUNSHINE  MM
  AVERAGE SKY COVER 0.0


WEATHER CONDITIONS
 THE FOLLOWING WEATHER WAS RECORDED YESTERDAY.
  NO SIGNIFICANT WEATHER WAS OBSERVED.


RELATIVE HUMIDITY (PERCENT)
 HIGHEST    78           400 AM
 LOWEST     26           500 PM
 AVERAGE    52

..........................................................




SUNRISE AND SUNSET
JULY 29 2014..........SUNRISE   551 AM PDT   SUNSET   843 PM PDT
JULY 30 2014..........SUNRISE   552 AM PDT   SUNSET   841 PM PDT


-  INDICATES NEGATIVE NUMBERS.
R  INDICATES RECORD WAS SET OR TIED.
MM INDICATES DATA IS MISSING.
T  INDICATES TRACE AMOUNT.




$$
