000
CDUS46 KPQR 300226
CLIVUO


CLIMATE REPORT
NATIONAL WEATHER SERVICE PORTLAND OREGON
726 PM PDT FRI AUG 29 2014


...................................

...THE VANCOUVER WA CLIMATE SUMMARY FOR AUGUST 29 2014...
VALID TODAY AS OF 0700 PM LOCAL TIME.

CLIMATE NORMAL PERIOD 1981 TO 2010
CLIMATE RECORD PERIOD 1891 TO 2014


WEATHER ITEM   OBSERVED TIME   RECORD YEAR NORMAL DEPARTURE LAST
                VALUE   (LST)  VALUE       VALUE  FROM      YEAR
                                                  NORMAL
..................................................................
TEMPERATURE (F)
 TODAY
  MAXIMUM         77    334 PM  98    1944  80     -3       79
  MINIMUM         61    418 AM  43    1965  56      5       65
  AVERAGE         69                        68      1       72

PRECIPITATION (IN)
  TODAY            0.00                      0.04  -0.04     0.20
  MONTH TO DATE    0.02                      0.69  -0.67     0.84
  SINCE OCT 1     27.74                     37.50  -9.76    35.08
  SINCE JAN 1     22.27                     21.75   0.52    15.82

DEGREE DAYS
 HEATING
  TODAY            0                                         0
  MONTH TO DATE    0                                         4
  SINCE JUN 1     81                                        69
  SINCE JUL 1      3                                        13

 COOLING
  TODAY            4                                         7
  MONTH TO DATE  218                                       157
  SINCE JUN 1    435                                       349
  SINCE JAN 1    450                                       361
..................................................................


WIND (MPH)
  HIGHEST WIND SPEED    10   HIGHEST WIND DIRECTION    NW (310)
  HIGHEST GUST SPEED    14   HIGHEST GUST DIRECTION    NW (310)
  AVERAGE WIND SPEED     3.1


SKY COVER
  POSSIBLE SUNSHINE  MM
  AVERAGE SKY COVER 0.6


WEATHER CONDITIONS
 THE FOLLOWING WEATHER WAS RECORDED TODAY.
  NO SIGNIFICANT WEATHER WAS OBSERVED.


RELATIVE HUMIDITY (PERCENT)
 HIGHEST    90           400 AM
 LOWEST     46           300 PM
 AVERAGE    68

..........................................................


THE VANCOUVER WA CLIMATE NORMALS FOR TOMORROW
                         NORMAL    RECORD    YEAR
 MAXIMUM TEMPERATURE (F)   80        96      1918
 MINIMUM TEMPERATURE (F)   55        42      1899


SUNRISE AND SUNSET
AUGUST 29 2014........SUNRISE   628 AM PDT   SUNSET   754 PM PDT
AUGUST 30 2014........SUNRISE   629 AM PDT   SUNSET   752 PM PDT


-  INDICATES NEGATIVE NUMBERS.
R  INDICATES RECORD WAS SET OR TIED.
MM INDICATES DATA IS MISSING.
T  INDICATES TRACE AMOUNT.




$$
