000
CDUS41 KAKQ 280637
CLIWAL


CLIMATE REPORT
NATIONAL WEATHER SERVICE WAKEFIELD, VA
131 AM EST SAT FEB 28 2015


...................................

...THE WALLOPS ISLAND VA CLIMATE SUMMARY FOR FEBRUARY 27 2015...

CLIMATE NORMAL PERIOD 1981 TO 2010
CLIMATE RECORD PERIOD 1963 TO 2015


WEATHER ITEM   OBSERVED TIME   RECORD YEAR NORMAL DEPARTURE
                VALUE   (LST)  VALUE       VALUE  FROM
                                                  NORMAL
...............................................................
TEMPERATURE (F)
 YESTERDAY
  MAXIMUM         34   1103 AM  79    1997  49    -15
  MINIMUM         16R   623 AM  17    1990  32    -16
  AVERAGE         25                        41    -16

PRECIPITATION (IN)
  YESTERDAY        0.01          1.13        0.11  -0.10
  MONTH TO DATE    3.06                      2.65   0.41
  SINCE DEC 1     11.01                      9.12   1.89
  SINCE JAN 1      7.79                      5.69   2.10

SNOWFALL (IN)
  YESTERDAY        T             1.0  1993   0.1   -0.1
  MONTH TO DATE   11.0                       3.3    7.7
  SINCE NOV 1     11.0                       7.3    3.7
  SINCE JUL 1     11.0                       7.3    3.7

DEGREE DAYS
 HEATING
  YESTERDAY       40                               16
  MONTH TO DATE 1002                              289
  SINCE DEC 1   2594                              241
  SINCE JUL 1   3288                              231

 COOLING
  YESTERDAY        0                                0
  MONTH TO DATE    0                                0
  SINCE DEC 1      0                                0
  SINCE JAN 1      0                                0
...............................................................


WIND (MPH)
  HIGHEST WIND SPEED    10   HIGHEST WIND DIRECTION     E (70)
  HIGHEST GUST SPEED    13   HIGHEST GUST DIRECTION     E (90)
  AVERAGE WIND SPEED     4.7




RELATIVE HUMIDITY (PERCENT)
 HIGHEST   100
 LOWEST     66
 AVERAGE    83

..........................................................


THE WALLOPS ISLAND VA CLIMATE NORMALS FOR TODAY
                         NORMAL    RECORD    YEAR
 MAXIMUM TEMPERATURE (F)   50        75      1976
 MINIMUM TEMPERATURE (F)   33        15      1993


SUNRISE AND SUNSET
FEBRUARY 28 2015......SUNRISE   635 AM EST   SUNSET   554 PM EST
MARCH  1 2015.........SUNRISE   634 AM EST   SUNSET   555 PM EST


-  INDICATES NEGATIVE NUMBERS.
R  INDICATES RECORD WAS SET OR TIED.
MM INDICATES DATA IS MISSING.
T  INDICATES TRACE AMOUNT.




$$
