000
CDUS41 KAKQ 190645
CLIWAL


CLIMATE REPORT
NATIONAL WEATHER SERVICE WAKEFIELD, VA
145 AM EST THU JAN 19 2017


...................................

...THE WALLOPS ISLAND VA CLIMATE SUMMARY FOR JANUARY 18 2017...

CLIMATE NORMAL PERIOD 1981 TO 2010
CLIMATE RECORD PERIOD 1963 TO 2017


WEATHER ITEM   OBSERVED TIME   RECORD YEAR NORMAL DEPARTURE
                VALUE   (LST)  VALUE       VALUE  FROM
                                                  NORMAL
...............................................................
TEMPERATURE (F)
 YESTERDAY
  MAXIMUM         60    318 AM  68    1990  45     15
  MINIMUM         47    914 PM   3    2003  28     19
  AVERAGE         54                        36     18

PRECIPITATION (IN)
  YESTERDAY        0.21          1.11        0.10   0.11
  MONTH TO DATE    2.38                      1.78   0.60
  SINCE DEC 1      6.35                      5.21   1.14
  SINCE JAN 1      2.38                      1.78   0.60

SNOWFALL (IN)
  YESTERDAY       MM             T    2009   0.1   MM
                                      2004
  MONTH TO DATE   10.1                       1.0    9.1
  SINCE NOV 1     10.1                       3.0    7.1
  SINCE JUL 1     10.1                       3.0    7.1

DEGREE DAYS
 HEATING
  YESTERDAY       11                              -18
  MONTH TO DATE  444                              -69
  SINCE DEC 1   1163                             -108
  SINCE JUL 1   1749                             -226

 COOLING
  YESTERDAY        0                                0
  MONTH TO DATE    0                                0
  SINCE DEC 1      0                                0
  SINCE JAN 1      0                                0
...............................................................


WIND (MPH)
  HIGHEST WIND SPEED    21   HIGHEST WIND DIRECTION     W (250)
  HIGHEST GUST SPEED    37   HIGHEST GUST DIRECTION    SW (240)
  AVERAGE WIND SPEED     8.3




RELATIVE HUMIDITY (PERCENT)
 HIGHEST   100
 LOWEST     71
 AVERAGE    86

..........................................................


THE WALLOPS ISLAND VA CLIMATE NORMALS FOR TODAY
                         NORMAL    RECORD    YEAR
 MAXIMUM TEMPERATURE (F)   45        65      1972
 MINIMUM TEMPERATURE (F)   28         0      1994


SUNRISE AND SUNSET
JANUARY 19 2017.......SUNRISE   715 AM EST   SUNSET   511 PM EST
JANUARY 20 2017.......SUNRISE   714 AM EST   SUNSET   512 PM EST


-  INDICATES NEGATIVE NUMBERS.
R  INDICATES RECORD WAS SET OR TIED.
MM INDICATES DATA IS MISSING.
T  INDICATES TRACE AMOUNT.




$$
