000
CDUS41 KAKQ 250828
CLIWAL


CLIMATE REPORT
NATIONAL WEATHER SERVICE WAKEFIELD, VA
425 AM EDT SAT OCT 25 2014


...................................

...THE WALLOPS ISLAND VA CLIMATE SUMMARY FOR OCTOBER 24 2014...

CLIMATE NORMAL PERIOD 1981 TO 2010
CLIMATE RECORD PERIOD 1963 TO 2014


WEATHER ITEM   OBSERVED TIME   RECORD YEAR NORMAL DEPARTURE
                VALUE   (LST)  VALUE       VALUE  FROM
                                                  NORMAL
...............................................................
TEMPERATURE (F)
 YESTERDAY
  MAXIMUM         68    233 PM  81    2007  66      2
  MINIMUM         53    558 AM  30    1969  47      6
  AVERAGE         61                        56      5

PRECIPITATION (IN)
  YESTERDAY        0.00          0.93        0.10  -0.10
  MONTH TO DATE    1.11                      2.42  -1.31
  SINCE SEP 1      5.84                      6.40  -0.56
  SINCE JAN 1     31.43                     33.79  -2.36

SNOWFALL (IN)
  YESTERDAY        0.0           0.0    MM   0.0    0.0
  MONTH TO DATE    0.0                       0.0    0.0
  SINCE NOV 1     13.1                       7.9    5.2
  SINCE JUL 1      0.0                       0.0    0.0

DEGREE DAYS
 HEATING
  YESTERDAY        4                               -5
  MONTH TO DATE   71                              -72
  SINCE SEP 1     76                              -97
  SINCE JUL 1     76                              -98

 COOLING
  YESTERDAY        0                                0
  MONTH TO DATE   36                                8
  SINCE SEP 1    251                               59
  SINCE JAN 1   1348                              156
...............................................................


WIND (MPH)
  HIGHEST WIND SPEED    18   HIGHEST WIND DIRECTION     N (350)
  HIGHEST GUST SPEED    26   HIGHEST GUST DIRECTION     N (340)
  AVERAGE WIND SPEED    10.4




RELATIVE HUMIDITY (PERCENT)
 HIGHEST    83
 LOWEST     48
 AVERAGE    66

..........................................................


THE WALLOPS ISLAND VA CLIMATE NORMALS FOR TODAY
                         NORMAL    RECORD    YEAR
 MAXIMUM TEMPERATURE (F)   65        81      2001
 MINIMUM TEMPERATURE (F)   47        34      1988


SUNRISE AND SUNSET
OCTOBER 25 2014.......SUNRISE   720 AM EDT   SUNSET   611 PM EDT
OCTOBER 26 2014.......SUNRISE   721 AM EDT   SUNSET   610 PM EDT


-  INDICATES NEGATIVE NUMBERS.
R  INDICATES RECORD WAS SET OR TIED.
MM INDICATES DATA IS MISSING.
T  INDICATES TRACE AMOUNT.




$$
