000
CDUS46 KLOX 220908
CLIWJF


CLIMATE REPORT
NATIONAL WEATHER SERVICE LOS ANGELES/OXNARD CA
107 AM PST MON JAN 22 2018


...................................

...THE LANCASTER FOX FIELD CA CLIMATE SUMMARY FOR JANUARY 21 2018...

CLIMATE NORMAL PERIOD 1981 TO 2010
CLIMATE RECORD PERIOD 1948 TO 2018


WEATHER ITEM   OBSERVED TIME   RECORD YEAR NORMAL DEPARTURE
                VALUE   (LST)  VALUE       VALUE  FROM
                                                  NORMAL
...............................................................
TEMPERATURE (F)
 YESTERDAY
  MAXIMUM         53    346 PM  75    1950  59     -6
  MINIMUM         25    651 AM  14    1987  32     -7
  AVERAGE         39                        45     -6

PRECIPITATION (IN)
  YESTERDAY        0.00          1.19 2010   0.05  -0.05
  MONTH TO DATE    0.95                      1.02  -0.07
  SINCE OCT 1      0.97                      3.15  -2.18
  SINCE JAN 1      0.95                      1.02  -0.07

SNOWFALL (IN)
  YESTERDAY        0.0           0.0    MM
  MONTH TO DATE    0.0
  SINCE DEC 1      0.0
  SINCE JUL 1      0.0
  SNOW DEPTH       0

DEGREE DAYS
 HEATING
  YESTERDAY       26                                6
  MONTH TO DATE  298                             -133
  SINCE DEC 1    939                             -149
  SINCE JUL 1   1301                             -332

 COOLING
  YESTERDAY        0                                0
  MONTH TO DATE    0                                0
  SINCE DEC 1      0                                0
  SINCE JAN 1      0                                0
...............................................................


WIND (MPH)
  HIGHEST WIND SPEED    17   HIGHEST WIND DIRECTION     W (290)
  HIGHEST GUST SPEED    22   HIGHEST GUST DIRECTION     W (290)
  AVERAGE WIND SPEED     4.5




RELATIVE HUMIDITY (PERCENT)
 HIGHEST    81
 LOWEST     19
 AVERAGE    50

..........................................................


THE LANCASTER FOX FIELD CA CLIMATE NORMALS FOR TODAY
                         NORMAL    RECORD    YEAR
 MAXIMUM TEMPERATURE (F)   59        72      1970
 MINIMUM TEMPERATURE (F)   32        16      2013


SUNRISE AND SUNSET
JANUARY 22 2018.......SUNRISE   657 AM PST   SUNSET   512 PM PST
JANUARY 23 2018.......SUNRISE   657 AM PST   SUNSET   513 PM PST


-  INDICATES NEGATIVE NUMBERS.
R  INDICATES RECORD WAS SET OR TIED.
MM INDICATES DATA IS MISSING.
T  INDICATES TRACE AMOUNT.




$$
