000
CDUS46 KLOX 220902
CLIWJF


CLIMATE REPORT
NATIONAL WEATHER SERVICE LOS ANGELES/OXNARD CA
202 AM PDT WED OCT 22 2014


...................................

...THE LANCASTER FOX FIELD CA CLIMATE SUMMARY FOR OCTOBER 21 2014...

CLIMATE NORMAL PERIOD 1981 TO 2010
CLIMATE RECORD PERIOD 1948 TO 2014


WEATHER ITEM   OBSERVED TIME   RECORD YEAR NORMAL DEPARTURE
                VALUE   (LST)  VALUE       VALUE  FROM
                                                  NORMAL
...............................................................
TEMPERATURE (F)
 YESTERDAY
  MAXIMUM         76    249 PM  93    2003  78     -2
  MINIMUM         53    625 AM  24    1949  44      9
  AVERAGE         65                        61      4

PRECIPITATION (IN)
  YESTERDAY        0.00          0.22 1957   0.02  -0.02
  MONTH TO DATE    0.00                      0.25  -0.25
  SINCE JUL 1      0.03                      0.59  -0.56
  SINCE JAN 1      2.35                      5.50  -3.15

SNOWFALL (IN)
  YESTERDAY        0.0           0.0    MM
  MONTH TO DATE    0.0
  SINCE SEP 1      0.0
  SINCE JUL 1      0.0
  SNOW DEPTH       0

DEGREE DAYS
 HEATING
  YESTERDAY        0                               -5
  MONTH TO DATE    9                              -51
  SINCE SEP 1     11                              -61
  SINCE JUL 1     11                              -61

 COOLING
  YESTERDAY        0                               -1
  MONTH TO DATE   71                               24
  SINCE SEP 1    401                               83
  SINCE JAN 1   2052                              175
...............................................................


WIND (MPH)
  HIGHEST WIND SPEED    30   HIGHEST WIND DIRECTION     W (290)
  HIGHEST GUST SPEED    37   HIGHEST GUST DIRECTION     W (270)
  AVERAGE WIND SPEED    20.9




RELATIVE HUMIDITY (PERCENT)
 HIGHEST    77
 LOWEST     21
 AVERAGE    49

..........................................................


THE LANCASTER FOX FIELD CA CLIMATE NORMALS FOR TODAY
                         NORMAL    RECORD    YEAR
 MAXIMUM TEMPERATURE (F)   77        95      2003
 MINIMUM TEMPERATURE (F)   44        25      1996


SUNRISE AND SUNSET
OCTOBER 22 2014.......SUNRISE   705 AM PDT   SUNSET   610 PM PDT
OCTOBER 23 2014.......SUNRISE   705 AM PDT   SUNSET   608 PM PDT


-  INDICATES NEGATIVE NUMBERS.
R  INDICATES RECORD WAS SET OR TIED.
MM INDICATES DATA IS MISSING.
T  INDICATES TRACE AMOUNT.




$$
