529
CDUS46 KLOX 220943
CLIWJF


CLIMATE REPORT
NATIONAL WEATHER SERVICE LOS ANGELES/OXNARD CA
243 AM PDT FRI SEP 22 2017


...................................

...THE LANCASTER FOX FIELD CA CLIMATE SUMMARY FOR SEPTEMBER 21 2017...

CLIMATE NORMAL PERIOD 1981 TO 2010
CLIMATE RECORD PERIOD 1948 TO 2017


WEATHER ITEM   OBSERVED TIME   RECORD YEAR NORMAL DEPARTURE
                VALUE   (LST)  VALUE       VALUE  FROM
                                                  NORMAL
...............................................................
TEMPERATURE (F)
 YESTERDAY
  MAXIMUM         72    101 PM 104    1949  89    -17
  MINIMUM         53   1045 PM  38    1978  55     -2
  AVERAGE         63                        72     -9

PRECIPITATION (IN)
  YESTERDAY        T             0.03 2007   0.00   0.00
  MONTH TO DATE    0.07                      0.09  -0.02
  SINCE OCT 1      6.61                      7.32  -0.71
  SINCE JAN 1      4.62                      5.19  -0.57

SNOWFALL (IN)
  YESTERDAY        0.0           0.0    MM
  MONTH TO DATE    0.0
  SINCE SEP 1      0.0
  SINCE JUL 1      0.0
  SNOW DEPTH       0

DEGREE DAYS
 HEATING
  YESTERDAY        2                                2
  MONTH TO DATE    2                                2
  SINCE SEP 1      2                                2
  SINCE JUL 1      2                                2

 COOLING
  YESTERDAY        0                               -7
  MONTH TO DATE  248                               30
  SINCE SEP 1    248                               30
  SINCE JAN 1   2152                              375
...............................................................


WIND (MPH)
  HIGHEST WIND SPEED    30   HIGHEST WIND DIRECTION     W (290)
  HIGHEST GUST SPEED    35   HIGHEST GUST DIRECTION     W (280)
  AVERAGE WIND SPEED    17.8




RELATIVE HUMIDITY (PERCENT)
 HIGHEST    78
 LOWEST     26
 AVERAGE    52

..........................................................


THE LANCASTER FOX FIELD CA CLIMATE NORMALS FOR TODAY
                         NORMAL    RECORD    YEAR
 MAXIMUM TEMPERATURE (F)   89       106      1949
 MINIMUM TEMPERATURE (F)   54        39      1986


SUNRISE AND SUNSET
SEPTEMBER 22 2017.....SUNRISE   641 AM PDT   SUNSET   649 PM PDT
SEPTEMBER 23 2017.....SUNRISE   642 AM PDT   SUNSET   648 PM PDT


-  INDICATES NEGATIVE NUMBERS.
R  INDICATES RECORD WAS SET OR TIED.
MM INDICATES DATA IS MISSING.
T  INDICATES TRACE AMOUNT.




$$
