723
CDUS46 KLOX 070111
CLIWJF


CLIMATE REPORT
NATIONAL WEATHER SERVICE LOS ANGELES/OXNARD CA
511 PM PST SAT FEB 6 2016


...................................

...THE LANCASTER CLIMATE SUMMARY FOR FEBRUARY 6 2016...
VALID TODAY AS OF 0500 PM LOCAL TIME.

CLIMATE NORMAL PERIOD 1981 TO 2010
CLIMATE RECORD PERIOD 1948 TO 2016


WEATHER ITEM   OBSERVED TIME   RECORD YEAR NORMAL DEPARTURE LAST
                VALUE   (LST)  VALUE       VALUE  FROM      YEAR
                                                  NORMAL
..................................................................
TEMPERATURE (F)
 TODAY
  MAXIMUM         64    349 PM  79    1963  60      4       74
  MINIMUM         26    658 AM  14    2003  33     -7       39
  AVERAGE         45                        47     -2       57

PRECIPITATION (IN)
  TODAY            0.00          1.00 1998   0.06  -0.06     0.00
  MONTH TO DATE    T                         0.36  -0.36     0.00
  SINCE OCT 1      3.02                      3.99  -0.97     3.88
  SINCE JAN 1      1.73                      1.86  -0.13     0.96

SNOWFALL (IN)
  TODAY            0.0           T    1976   0.1             0.0
  MONTH TO DATE    0.0                       0.2             0.0
  SINCE DEC 1      0.0                       1.9             0.0
  SINCE JUL 1      0.0                       1.9             0.0
  SNOW DEPTH       0

DEGREE DAYS
 HEATING
  TODAY           20                        18      2        8
  MONTH TO DATE  146                       110     36       71
  SINCE DEC 1   1426                      1390     36     1218
  SINCE JUL 1   2006                      1935     71     1615

 COOLING
  TODAY            0                         0      0        0
  MONTH TO DATE    0                         0      0        0
  SINCE DEC 1      0                         0      0        0
  SINCE JAN 1      0                         0      0        0
..................................................................


WIND (MPH)
  HIGHEST WIND SPEED    16   HIGHEST WIND DIRECTION    NE (50)
  HIGHEST GUST SPEED    21   HIGHEST GUST DIRECTION    NE (30)
  AVERAGE WIND SPEED     5.6


SKY COVER
  POSSIBLE SUNSHINE  MM
  AVERAGE SKY COVER 0.0


WEATHER CONDITIONS
 THE FOLLOWING WEATHER WAS RECORDED TODAY.
  NO SIGNIFICANT WEATHER WAS OBSERVED.


RELATIVE HUMIDITY (PERCENT)
 HIGHEST    81           500 AM
 LOWEST     20           200 PM
 AVERAGE    51

..........................................................


THE LANCASTER CLIMATE NORMALS FOR TOMORROW
                         NORMAL    RECORD    YEAR
 MAXIMUM TEMPERATURE (F)   61        81      1951
 MINIMUM TEMPERATURE (F)   34        16      2003


SUNRISE AND SUNSET
FEBRUARY  6 2016......SUNRISE   647 AM PST   SUNSET   527 PM PST
FEBRUARY  7 2016......SUNRISE   647 AM PST   SUNSET   528 PM PST


-  INDICATES NEGATIVE NUMBERS.
R  INDICATES RECORD WAS SET OR TIED.
MM INDICATES DATA IS MISSING.
T  INDICATES TRACE AMOUNT.




$$
