667
CDUS46 KLOX 210911
CLIWJF


CLIMATE REPORT
NATIONAL WEATHER SERVICE LOS ANGELES/OXNARD CA
111 AM PST SAT JAN 21 2017


...................................

...THE LANCASTER FOX FIELD CA CLIMATE SUMMARY FOR JANUARY 20 2017...

CLIMATE NORMAL PERIOD 1981 TO 2010
CLIMATE RECORD PERIOD 1948 TO 2017


WEATHER ITEM   OBSERVED TIME   RECORD YEAR NORMAL DEPARTURE
                VALUE   (LST)  VALUE       VALUE  FROM
                                                  NORMAL
...............................................................
TEMPERATURE (F)
 YESTERDAY
  MAXIMUM         51    156 PM  80    1971  59     -8
  MINIMUM         40   1147 PM  12    1963  31      9
  AVERAGE         46                        45      1

PRECIPITATION (IN)
  YESTERDAY        0.49          0.90 2010   0.05   0.44
  MONTH TO DATE    1.78                      0.97   0.81
  SINCE OCT 1      3.77                      3.10   0.67
  SINCE JAN 1      1.78                      0.97   0.81

SNOWFALL (IN)
  YESTERDAY       MM             0.0    MM
  MONTH TO DATE    0.0
  SINCE DEC 1      0.0
  SINCE JUL 1      0.0
  SNOW DEPTH       0

DEGREE DAYS
 HEATING
  YESTERDAY       19                               -1
  MONTH TO DATE  372                              -39
  SINCE DEC 1    950                             -118
  SINCE JUL 1   1376                             -237

 COOLING
  YESTERDAY        0                                0
  MONTH TO DATE    0                                0
  SINCE DEC 1      0                                0
  SINCE JAN 1      0                                0
...............................................................


WIND (MPH)
  HIGHEST WIND SPEED    30   HIGHEST WIND DIRECTION    SW (240)
  HIGHEST GUST SPEED    37   HIGHEST GUST DIRECTION     S (190)
  AVERAGE WIND SPEED    15.9




RELATIVE HUMIDITY (PERCENT)
 HIGHEST    89
 LOWEST     70
 AVERAGE    80

..........................................................


THE LANCASTER FOX FIELD CA CLIMATE NORMALS FOR TODAY
                         NORMAL    RECORD    YEAR
 MAXIMUM TEMPERATURE (F)   59        75      1950
 MINIMUM TEMPERATURE (F)   32        14      1987


SUNRISE AND SUNSET
JANUARY 21 2017.......SUNRISE   658 AM PST   SUNSET   511 PM PST
JANUARY 22 2017.......SUNRISE   657 AM PST   SUNSET   512 PM PST


-  INDICATES NEGATIVE NUMBERS.
R  INDICATES RECORD WAS SET OR TIED.
MM INDICATES DATA IS MISSING.
T  INDICATES TRACE AMOUNT.




$$
