000
CDUS46 KLOX 030903
CLIWJF


CLIMATE REPORT
NATIONAL WEATHER SERVICE LOS ANGELES/OXNARD CA
203 AM PDT MON AUG 3 2015


...................................

...THE LANCASTER FOX FIELD CA CLIMATE SUMMARY FOR AUGUST 2 2015...

CLIMATE NORMAL PERIOD 1981 TO 2010
CLIMATE RECORD PERIOD 1948 TO 2015


WEATHER ITEM   OBSERVED TIME   RECORD YEAR NORMAL DEPARTURE
                VALUE   (LST)  VALUE       VALUE  FROM
                                                  NORMAL
...............................................................
TEMPERATURE (F)
 YESTERDAY
  MAXIMUM        100    137 PM 106    1955  99      1
  MINIMUM         66    517 AM  56    1997  67     -1
  AVERAGE         83                        83      0

PRECIPITATION (IN)
  YESTERDAY        0.00          0.03 1971   0.00   0.00
  MONTH TO DATE    0.00                      0.00   0.00
  SINCE OCT 1      6.99                      7.13  -0.14
  SINCE JAN 1      4.07                      5.00  -0.93

SNOWFALL (IN)
  YESTERDAY        0.0           0.0    MM
  MONTH TO DATE    0.0
  SINCE JUN 1      0.0
  SINCE JUL 1      0.0
  SNOW DEPTH       0

DEGREE DAYS
 HEATING
  YESTERDAY        0                                0
  MONTH TO DATE    0                                0
  SINCE JUN 1      2                               -6
  SINCE JUL 1      0                                0

 COOLING
  YESTERDAY       18                                0
  MONTH TO DATE   37                                1
  SINCE JUN 1    963                               50
  SINCE JAN 1   1061                              -41
...............................................................


WIND (MPH)
  HIGHEST WIND SPEED    25   HIGHEST WIND DIRECTION     W (260)
  HIGHEST GUST SPEED    31   HIGHEST GUST DIRECTION     W (250)
  AVERAGE WIND SPEED     9.6




RELATIVE HUMIDITY (PERCENT)
 HIGHEST    52
 LOWEST     14
 AVERAGE    33

..........................................................


THE LANCASTER FOX FIELD CA CLIMATE NORMALS FOR TODAY
                         NORMAL    RECORD    YEAR
 MAXIMUM TEMPERATURE (F)   99       107      1969
 MINIMUM TEMPERATURE (F)   66        55      2004


SUNRISE AND SUNSET
AUGUST  3 2015........SUNRISE   604 AM PDT   SUNSET   753 PM PDT
AUGUST  4 2015........SUNRISE   605 AM PDT   SUNSET   752 PM PDT


-  INDICATES NEGATIVE NUMBERS.
R  INDICATES RECORD WAS SET OR TIED.
MM INDICATES DATA IS MISSING.
T  INDICATES TRACE AMOUNT.




$$
