000
CDUS46 KLOX 140116
CLIWJF


CLIMATE REPORT
NATIONAL WEATHER SERVICE LOS ANGELES/OXNARD CA
616 PM PDT SUN JUL 13 2014


...................................

...THE LANCASTER CLIMATE SUMMARY FOR JULY 13 2014...
VALID TODAY AS OF 0600 PM LOCAL TIME.

CLIMATE NORMAL PERIOD 1981 TO 2010
CLIMATE RECORD PERIOD 1948 TO 2014


WEATHER ITEM   OBSERVED TIME   RECORD YEAR NORMAL DEPARTURE LAST
                VALUE   (LST)  VALUE       VALUE  FROM      YEAR
                                                  NORMAL
..................................................................
TEMPERATURE (F)
 TODAY
  MAXIMUM        106    226 PM 108    1950  98      8      102
  MINIMUM         67    531 AM  51    1965  67      0       65
  AVERAGE         87                        82      5       84

PRECIPITATION (IN)
  TODAY            0.00          0.32 1984   0.00   0.00     0.00
  MONTH TO DATE    0.00                      0.03  -0.03      T
  SINCE JUL 1      0.00                      0.03  -0.03      T
  SINCE JAN 1      2.32                      4.94  -2.62     1.10

SNOWFALL (IN)
  TODAY            0.0           0.0    MM   0.0             0.0
  MONTH TO DATE    0.0                       0.0             0.0
  SINCE JUN 1      0.0                       0.0             0.0
  SINCE JUL 1      0.0                       0.0             0.0
  SNOW DEPTH       0

DEGREE DAYS
 HEATING
  TODAY            0                         0      0        0
  MONTH TO DATE    0                         0      0        0
  SINCE JUN 1      0                         8     -8        0
  SINCE JUL 1      0                         0      0        0

 COOLING
  TODAY           22                        17      5       19
  MONTH TO DATE  257                       214     43      286
  SINCE JUN 1    657                       555    102      753
  SINCE JAN 1    857                       744    113     1011
..................................................................


WIND (MPH)
  HIGHEST WIND SPEED    26   HIGHEST WIND DIRECTION    SW (240)
  HIGHEST GUST SPEED    31   HIGHEST GUST DIRECTION    SW (240)
  AVERAGE WIND SPEED     4.2


SKY COVER
  POSSIBLE SUNSHINE  MM
  AVERAGE SKY COVER 0.0


WEATHER CONDITIONS
 THE FOLLOWING WEATHER WAS RECORDED TODAY.
  NO SIGNIFICANT WEATHER WAS OBSERVED.


RELATIVE HUMIDITY (PERCENT)
 HIGHEST    45           500 AM
 LOWEST     12          1100 AM
 AVERAGE    29

..........................................................


THE LANCASTER CLIMATE NORMALS FOR TOMORROW
                         NORMAL    RECORD    YEAR
 MAXIMUM TEMPERATURE (F)   98       111      1972
 MINIMUM TEMPERATURE (F)   67        52      1948


SUNRISE AND SUNSET
JULY 13 2014..........SUNRISE   550 AM PDT   SUNSET   807 PM PDT
JULY 14 2014..........SUNRISE   550 AM PDT   SUNSET   807 PM PDT


-  INDICATES NEGATIVE NUMBERS.
R  INDICATES RECORD WAS SET OR TIED.
MM INDICATES DATA IS MISSING.
T  INDICATES TRACE AMOUNT.




$$
