000
CDUS46 KLOX 190923
CLIWJF


CLIMATE REPORT
NATIONAL WEATHER SERVICE LOS ANGELES/OXNARD CA
123 AM PST SUN NOV 19 2017


...................................

...THE LANCASTER FOX FIELD CA CLIMATE SUMMARY FOR NOVEMBER 18 2017...

CLIMATE NORMAL PERIOD 1981 TO 2010
CLIMATE RECORD PERIOD 1948 TO 2017


WEATHER ITEM   OBSERVED TIME   RECORD YEAR NORMAL DEPARTURE
                VALUE   (LST)  VALUE       VALUE  FROM
                                                  NORMAL
...............................................................
TEMPERATURE (F)
 YESTERDAY
  MAXIMUM         65    216 PM  82    1995  66     -1
  MINIMUM         31   1152 PM  15    1958  35     -4
  AVERAGE         48                        50     -2

PRECIPITATION (IN)
  YESTERDAY        0.00          0.35 1986   0.01  -0.01
  MONTH TO DATE    0.02                      0.29  -0.27
  SINCE OCT 1      0.02                      0.73  -0.71
  SINCE JAN 1      4.64                      5.98  -1.34

SNOWFALL (IN)
  YESTERDAY        0.0           T    1994
  MONTH TO DATE    0.0
  SINCE SEP 1      0.0
  SINCE JUL 1      0.0
  SNOW DEPTH       0

DEGREE DAYS
 HEATING
  YESTERDAY       17                                2
  MONTH TO DATE  122                              -83
  SINCE SEP 1    230                             -111
  SINCE JUL 1    230                             -111

 COOLING
  YESTERDAY        0                                0
  MONTH TO DATE    0                                0
  SINCE SEP 1    310                              -12
  SINCE JAN 1   2214                              333
...............................................................


WIND (MPH)
  HIGHEST WIND SPEED    16   HIGHEST WIND DIRECTION    NE (60)
  HIGHEST GUST SPEED    21   HIGHEST GUST DIRECTION    NE (40)
  AVERAGE WIND SPEED     6.0




RELATIVE HUMIDITY (PERCENT)
 HIGHEST    89
 LOWEST     13
 AVERAGE    51

..........................................................


THE LANCASTER FOX FIELD CA CLIMATE NORMALS FOR TODAY
                         NORMAL    RECORD    YEAR
 MAXIMUM TEMPERATURE (F)   65        82      1995
 MINIMUM TEMPERATURE (F)   35        12      1964


SUNRISE AND SUNSET
NOVEMBER 19 2017......SUNRISE   631 AM PST   SUNSET   445 PM PST
NOVEMBER 20 2017......SUNRISE   632 AM PST   SUNSET   445 PM PST


-  INDICATES NEGATIVE NUMBERS.
R  INDICATES RECORD WAS SET OR TIED.
MM INDICATES DATA IS MISSING.
T  INDICATES TRACE AMOUNT.




$$
