000
CDUS46 KLOX 020118
CLIWJF


CLIMATE REPORT
NATIONAL WEATHER SERVICE LOS ANGELES/OXNARD CA
617 PM PDT SUN MAY 1 2016


...................................

...THE LANCASTER CLIMATE SUMMARY FOR MAY 1 2016...
VALID TODAY AS OF 0600 PM LOCAL TIME.

CLIMATE NORMAL PERIOD 1981 TO 2010
CLIMATE RECORD PERIOD 1948 TO 2016


WEATHER ITEM   OBSERVED TIME   RECORD YEAR NORMAL DEPARTURE LAST
                VALUE   (LST)  VALUE       VALUE  FROM      YEAR
                                                  NORMAL
..................................................................
TEMPERATURE (F)
 TODAY
  MAXIMUM         80    338 PM  94    1996  78      2       87
  MINIMUM         45    511 AM  32    2011  50     -5       56
                                      1967
  AVERAGE         63                        64     -1       72

PRECIPITATION (IN)
  TODAY            0.00          0.53 1955   0.01  -0.01     0.00
  MONTH TO DATE    0.00                      0.01  -0.01     0.00
  SINCE OCT 1      3.82                      6.91  -3.09     4.33
  SINCE JAN 1      2.53                      4.78  -2.25     1.41

SNOWFALL (IN)
  TODAY            0.0           0.0    MM   0.0             0.0
  MONTH TO DATE    0.0                       0.0             0.0
  SINCE MAR 1      0.0                       0.0             0.0
  SINCE JUL 1      0.0                       2.3             0.0
  SNOW DEPTH       0

DEGREE DAYS
 HEATING
  TODAY            2                         4     -2        0
  MONTH TO DATE    2                         4     -2        0
  SINCE MAR 1    372                       579   -207      402
  SINCE JUL 1   2623                      2872   -249     2271

 COOLING
  TODAY            0                         2     -2        7
  MONTH TO DATE    0                         2     -2        7
  SINCE MAR 1     21                        32    -11       35
  SINCE JAN 1     24                        32     -8       35
..................................................................


WIND (MPH)
  HIGHEST WIND SPEED    23   HIGHEST WIND DIRECTION     W (250)
  HIGHEST GUST SPEED    29   HIGHEST GUST DIRECTION     W (250)
  AVERAGE WIND SPEED     6.5


SKY COVER
  POSSIBLE SUNSHINE  MM
  AVERAGE SKY COVER 0.1


WEATHER CONDITIONS
 THE FOLLOWING WEATHER WAS RECORDED TODAY.
  NO SIGNIFICANT WEATHER WAS OBSERVED.


RELATIVE HUMIDITY (PERCENT)
 HIGHEST    53           600 AM
 LOWEST     16           300 PM
 AVERAGE    35

..........................................................


THE LANCASTER CLIMATE NORMALS FOR TOMORROW
                         NORMAL    RECORD    YEAR
 MAXIMUM TEMPERATURE (F)   78        97      1956
 MINIMUM TEMPERATURE (F)   50        34      1988


SUNRISE AND SUNSET
MAY  1 2016...........SUNRISE   602 AM PDT   SUNSET   738 PM PDT
MAY  2 2016...........SUNRISE   601 AM PDT   SUNSET   739 PM PDT


-  INDICATES NEGATIVE NUMBERS.
R  INDICATES RECORD WAS SET OR TIED.
MM INDICATES DATA IS MISSING.
T  INDICATES TRACE AMOUNT.




$$
