000
CDUS46 KLOX 260915
CLIWJF


CLIMATE REPORT
NATIONAL WEATHER SERVICE LOS ANGELES/OXNARD CA
215 AM PDT WED APR 26 2017


...................................

...THE LANCASTER FOX FIELD CA CLIMATE SUMMARY FOR APRIL 25 2017...

CLIMATE NORMAL PERIOD 1981 TO 2010
CLIMATE RECORD PERIOD 1948 TO 2017


WEATHER ITEM   OBSERVED TIME   RECORD YEAR NORMAL DEPARTURE
                VALUE   (LST)  VALUE       VALUE  FROM
                                                  NORMAL
...............................................................
TEMPERATURE (F)
 YESTERDAY
  MAXIMUM         66    325 PM  91    1987  76    -10
  MINIMUM         49    506 AM  34    1960  48      1
  AVERAGE         58                        62     -4

PRECIPITATION (IN)
  YESTERDAY        0.00          0.32 1994   0.01  -0.01
  MONTH TO DATE    T                         0.31  -0.31
  SINCE OCT 1      6.51                      6.86  -0.35
  SINCE JAN 1      4.52                      4.73  -0.21

SNOWFALL (IN)
  YESTERDAY        0.0           0.0    MM
  MONTH TO DATE    0.0
  SINCE MAR 1      0.0
  SINCE JUL 1      0.0
  SNOW DEPTH       0

DEGREE DAYS
 HEATING
  YESTERDAY        7                                2
  MONTH TO DATE  116                              -70
  SINCE MAR 1    397                             -157
  SINCE JUL 1   2396                             -451

 COOLING
  YESTERDAY        0                               -2
  MONTH TO DATE    6                              -11
  SINCE MAR 1     10                               -9
  SINCE JAN 1     10                               -9
...............................................................


WIND (MPH)
  HIGHEST WIND SPEED    32   HIGHEST WIND DIRECTION     W (270)
  HIGHEST GUST SPEED    40   HIGHEST GUST DIRECTION     W (280)
  AVERAGE WIND SPEED    20.8




RELATIVE HUMIDITY (PERCENT)
 HIGHEST    71
 LOWEST     32
 AVERAGE    52

..........................................................


THE LANCASTER FOX FIELD CA CLIMATE NORMALS FOR TODAY
                         NORMAL    RECORD    YEAR
 MAXIMUM TEMPERATURE (F)   76        94      1996
 MINIMUM TEMPERATURE (F)   48        33      1952


SUNRISE AND SUNSET
APRIL 26 2017.........SUNRISE   608 AM PDT   SUNSET   734 PM PDT
APRIL 27 2017.........SUNRISE   606 AM PDT   SUNSET   735 PM PDT


-  INDICATES NEGATIVE NUMBERS.
R  INDICATES RECORD WAS SET OR TIED.
MM INDICATES DATA IS MISSING.
T  INDICATES TRACE AMOUNT.




$$
