000
CDUS46 KLOX 290111
CLIWJF


CLIMATE REPORT
NATIONAL WEATHER SERVICE LOS ANGELES/OXNARD CA
511 PM PST SUN DEC 28 2014


...................................

...THE LANCASTER CLIMATE SUMMARY FOR DECEMBER 28 2014...
VALID TODAY AS OF 0500 PM LOCAL TIME.

CLIMATE NORMAL PERIOD 1981 TO 2010
CLIMATE RECORD PERIOD 1948 TO 2014


WEATHER ITEM   OBSERVED TIME   RECORD YEAR NORMAL DEPARTURE LAST
                VALUE   (LST)  VALUE       VALUE  FROM      YEAR
                                                  NORMAL
..................................................................
TEMPERATURE (F)
 TODAY
  MAXIMUM         52    347 PM  74    2013  57     -5       74
  MINIMUM         24    502 AM  12    1954  30     -6       28
  AVERAGE         38                        43     -5       51

PRECIPITATION (IN)
  TODAY            0.00          2.46 2004   0.05  -0.05     0.00
  MONTH TO DATE    2.62                      1.00   1.62     0.09
  SINCE JUL 1      2.95                      2.32   0.63     1.61
  SINCE JAN 1      5.27                      7.23  -1.96     2.71

SNOWFALL (IN)
  TODAY            0.0           1.5  1971   0.1             0.0
  MONTH TO DATE    0.0                       1.2             0.0
  SINCE DEC 1      0.0                       1.2             0.0
  SINCE JUL 1      0.0                       1.2             0.0
  SNOW DEPTH       0

DEGREE DAYS
 HEATING
  TODAY           27                        22      5       14
  MONTH TO DATE  497                       595    -98      635
  SINCE DEC 1    497                       595    -98      635
  SINCE JUL 1    894                      1140   -246     1286

 COOLING
  TODAY            0                         0      0        0
  MONTH TO DATE    0                         0      0        0
  SINCE DEC 1      0                         0      0        0
  SINCE JAN 1   2055                      1882    173     2204
..................................................................


WIND (MPH)
  HIGHEST WIND SPEED     6   HIGHEST WIND DIRECTION     S (200)
  HIGHEST GUST SPEED     7   HIGHEST GUST DIRECTION     W (250)
  AVERAGE WIND SPEED     1.8


SKY COVER
  POSSIBLE SUNSHINE  MM
  AVERAGE SKY COVER 0.0


WEATHER CONDITIONS
 THE FOLLOWING WEATHER WAS RECORDED TODAY.
  NO SIGNIFICANT WEATHER WAS OBSERVED.


RELATIVE HUMIDITY (PERCENT)
 HIGHEST    88           600 AM
 LOWEST     24           200 PM
 AVERAGE    56

..........................................................


THE LANCASTER CLIMATE NORMALS FOR TOMORROW
                         NORMAL    RECORD    YEAR
 MAXIMUM TEMPERATURE (F)   57        72      1980
 MINIMUM TEMPERATURE (F)   30        15      1966


SUNRISE AND SUNSET
DECEMBER 28 2014......SUNRISE   659 AM PST   SUNSET   450 PM PST
DECEMBER 29 2014......SUNRISE   659 AM PST   SUNSET   451 PM PST


-  INDICATES NEGATIVE NUMBERS.
R  INDICATES RECORD WAS SET OR TIED.
MM INDICATES DATA IS MISSING.
T  INDICATES TRACE AMOUNT.




$$
