000
CDUS46 KLOX 270130
CLIWJF


CLIMATE REPORT
NATIONAL WEATHER SERVICE LOS ANGELES/OXNARD CA
530 PM PST SUN FEB 26 2017


...................................

...THE LANCASTER CLIMATE SUMMARY FOR FEBRUARY 26 2017...
VALID TODAY AS OF 0500 PM LOCAL TIME.

CLIMATE NORMAL PERIOD 1981 TO 2010
CLIMATE RECORD PERIOD 1948 TO 2017


WEATHER ITEM   OBSERVED TIME   RECORD YEAR NORMAL DEPARTURE LAST
                VALUE   (LST)  VALUE       VALUE  FROM      YEAR
                                                  NORMAL
..................................................................
TEMPERATURE (F)
 TODAY
  MAXIMUM         54    254 PM  81    1986  64    -10       78
  MINIMUM         37    526 AM  21    1984  37      0       32
  AVERAGE         46                        50     -4       55

PRECIPITATION (IN)
  TODAY            0.08          0.36 2001   0.06   0.02     0.00
  MONTH TO DATE    1.88                      1.68   0.20     0.03
  SINCE OCT 1      6.34                      5.31   1.03     3.05
  SINCE JAN 1      4.35                      3.18   1.17     1.76

SNOWFALL (IN)
  TODAY           MM             T    1987   0.0             0.0
  MONTH TO DATE    0.0                       0.6             0.0
  SINCE DEC 1      0.0                       2.3             0.0
  SINCE JUL 1      0.0                       2.3             0.0
  SNOW DEPTH       0

DEGREE DAYS
 HEATING
  TODAY           19                        15      4       10
  MONTH TO DATE  345                       439    -94      389
  SINCE DEC 1   1534                      1719   -185     1669
  SINCE JUL 1   1960                      2264   -304     2249

 COOLING
  TODAY            0                         0      0        0
  MONTH TO DATE    0                         0      0        0
  SINCE DEC 1      0                         0      0        0
  SINCE JAN 1      0                         0      0        0
..................................................................


WIND (MPH)
  HIGHEST WIND SPEED    24   HIGHEST WIND DIRECTION    SW (230)
  HIGHEST GUST SPEED    29   HIGHEST GUST DIRECTION    SW (230)
  AVERAGE WIND SPEED    10.1


SKY COVER
  POSSIBLE SUNSHINE  MM
  AVERAGE SKY COVER 0.6


WEATHER CONDITIONS
 THE FOLLOWING WEATHER WAS RECORDED TODAY.
  LIGHT RAIN


RELATIVE HUMIDITY (PERCENT)
 HIGHEST    92           600 AM
 LOWEST     54           200 PM
 AVERAGE    73

..........................................................


THE LANCASTER CLIMATE NORMALS FOR TOMORROW
                         NORMAL    RECORD    YEAR
 MAXIMUM TEMPERATURE (F)   64        83      1986
 MINIMUM TEMPERATURE (F)   37        17      1971


SUNRISE AND SUNSET
FEBRUARY 26 2017......SUNRISE   625 AM PST   SUNSET   546 PM PST
FEBRUARY 27 2017......SUNRISE   624 AM PST   SUNSET   547 PM PST


-  INDICATES NEGATIVE NUMBERS.
R  INDICATES RECORD WAS SET OR TIED.
MM INDICATES DATA IS MISSING.
T  INDICATES TRACE AMOUNT.




$$
