000
CDUS45 KLKN 300929
CLIWMC


CLIMATE REPORT
NATIONAL WEATHER SERVICE ELKO NV
228 AM PDT SAT APR 30 2016


...................................

...THE WINNEMUCCA AIRPORT NV CLIMATE SUMMARY FOR APRIL 29 2016...

CLIMATE NORMAL PERIOD 1981 TO 2010
CLIMATE RECORD PERIOD 1877 TO 2016


WEATHER ITEM   OBSERVED TIME   RECORD YEAR NORMAL DEPARTURE LAST
                VALUE   (LST)  VALUE       VALUE  FROM      YEAR
                                                  NORMAL
..................................................................
TEMPERATURE (F)
 YESTERDAY
  MAXIMUM         61    220 PM  87    1992  67     -6       78
  MINIMUM         30    300 AM  19    1972  34     -4       42
                                      1950
  AVERAGE         46                        50     -4       60

PRECIPITATION (IN)
  YESTERDAY        0.15          0.48 1935   0.04   0.11     0.00
  MONTH TO DATE    1.07                      0.86   0.21     1.83
  SINCE OCT 1      8.20                      5.70   2.50     5.74
  SINCE JAN 1      3.92                      3.22   0.70     3.17

SNOWFALL (IN)
  YESTERDAY        0.0           0.1  2011   0.1   -0.1      0.0
  MONTH TO DATE    T                         1.6   -1.6      2.4
  SINCE MAR 1      1.7                       4.8   -3.1      2.4
  SINCE JUL 1     21.1                      20.8    0.3      5.3
  SNOW DEPTH       0

DEGREE DAYS
 HEATING
  YESTERDAY       19                        15      4        5
  MONTH TO DATE  448                       536    -88      569
  SINCE MAR 1   1107                      1275   -168     1166
  SINCE JUL 1   5284                      5864   -580     4948

 COOLING
  YESTERDAY        0                         0      0        0
  MONTH TO DATE    0                         0      0        0
  SINCE MAR 1      0                         0      0        0
  SINCE JAN 1      0                         0      0        0
..................................................................


WIND (MPH)
  HIGHEST WIND SPEED    26   HIGHEST WIND DIRECTION     N (350)
  HIGHEST GUST SPEED    35   HIGHEST GUST DIRECTION     W (250)
  AVERAGE WIND SPEED     8.5



WEATHER CONDITIONS
 THE FOLLOWING WEATHER WAS RECORDED YESTERDAY.
  RAIN
  LIGHT RAIN
  FOG


RELATIVE HUMIDITY (PERCENT)
 HIGHEST    92           100 AM
 LOWEST     30           200 PM
 AVERAGE    61

..........................................................


THE WINNEMUCCA AIRPORT NV CLIMATE NORMALS FOR TODAY
                         NORMAL    RECORD    YEAR
 MAXIMUM TEMPERATURE (F)   67        90      1981
 MINIMUM TEMPERATURE (F)   34         6      1972


SUNRISE AND SUNSET
APRIL 30 2016.........SUNRISE   550 AM PDT   SUNSET   747 PM PDT
MAY  1 2016...........SUNRISE   549 AM PDT   SUNSET   748 PM PDT


-  INDICATES NEGATIVE NUMBERS.
R  INDICATES RECORD WAS SET OR TIED.
MM INDICATES DATA IS MISSING.
T  INDICATES TRACE AMOUNT.




$$
