000
CDUS45 KLKN 030940
CLIWMC


CLIMATE REPORT
NATIONAL WEATHER SERVICE ELKO NV
139 AM PST SAT DEC 3 2016


...................................

...THE WINNEMUCCA AIRPORT NV CLIMATE SUMMARY FOR DECEMBER 2 2016...

CLIMATE NORMAL PERIOD 1981 TO 2010
CLIMATE RECORD PERIOD 1877 TO 2016


WEATHER ITEM   OBSERVED TIME   RECORD YEAR NORMAL DEPARTURE LAST
                VALUE   (LST)  VALUE       VALUE  FROM      YEAR
                                                  NORMAL
..................................................................
TEMPERATURE (F)
 YESTERDAY
  MAXIMUM         37    330 PM  66    1977  44     -7       46
  MINIMUM         10    729 AM  -2    1906  19     -9       18
  AVERAGE         24                        31     -7       32

PRECIPITATION (IN)
  YESTERDAY        0.00          0.65 1901   0.03  -0.03     0.00
  MONTH TO DATE    0.00                      0.06  -0.06     0.00
  SINCE OCT 1      2.34                      1.61   0.73     2.51
  SINCE JAN 1      7.16                      7.41  -0.25     9.13

SNOWFALL (IN)
  YESTERDAY        0.0           1.6  1952   0.2   -0.2      0.0
  MONTH TO DATE    0.0                       0.3   -0.3      0.0
  SINCE DEC 1      0.0                       0.3   -0.3      0.0
  SINCE JUL 1      0.6                       3.8   -3.2      0.3
  SNOW DEPTH       0

DEGREE DAYS
 HEATING
  YESTERDAY       41                        34      7       33
  MONTH TO DATE   77                        67     10       73
  SINCE DEC 1     77                        67     10       73
  SINCE JUL 1   1412                      1635   -223     1422

 COOLING
  YESTERDAY        0                         0      0        0
  MONTH TO DATE    0                         0      0        0
  SINCE DEC 1      0                         0      0        0
  SINCE JAN 1    577                       541     36      617
..................................................................


WIND (MPH)
  HIGHEST WIND SPEED    13   HIGHEST WIND DIRECTION     S (180)
  HIGHEST GUST SPEED    17   HIGHEST GUST DIRECTION     S (170)
  AVERAGE WIND SPEED     5.4



WEATHER CONDITIONS
 THE FOLLOWING WEATHER WAS RECORDED YESTERDAY.
  NO SIGNIFICANT WEATHER WAS OBSERVED.


RELATIVE HUMIDITY (PERCENT)
 HIGHEST    92           100 AM
 LOWEST     40           300 PM
 AVERAGE    66

..........................................................


THE WINNEMUCCA AIRPORT NV CLIMATE NORMALS FOR TODAY
                         NORMAL    RECORD    YEAR
 MAXIMUM TEMPERATURE (F)   44        67      2007
 MINIMUM TEMPERATURE (F)   19        -1      2006


SUNRISE AND SUNSET
DECEMBER  3 2016......SUNRISE   659 AM PST   SUNSET   423 PM PST
DECEMBER  4 2016......SUNRISE   700 AM PST   SUNSET   423 PM PST


-  INDICATES NEGATIVE NUMBERS.
R  INDICATES RECORD WAS SET OR TIED.
MM INDICATES DATA IS MISSING.
T  INDICATES TRACE AMOUNT.




$$
