000
CDUS45 KLKN 250931
CLIWMC


CLIMATE REPORT
NATIONAL WEATHER SERVICE ELKO NV
227 AM PDT MON MAY 25 2015


...................................

...THE WINNEMUCCA AIRPORT NV CLIMATE SUMMARY FOR MAY 24 2015...

CLIMATE NORMAL PERIOD 1981 TO 2010
CLIMATE RECORD PERIOD 1877 TO 2015


WEATHER ITEM   OBSERVED TIME   RECORD YEAR NORMAL DEPARTURE LAST
                VALUE   (LST)  VALUE       VALUE  FROM      YEAR
                                                  NORMAL
..................................................................
TEMPERATURE (F)
 YESTERDAY
  MAXIMUM         70    557 PM  97    2001  75     -5       80
  MINIMUM         48    502 AM  27    2013  40      8       45
  AVERAGE         59                        57      2       63

PRECIPITATION (IN)
  YESTERDAY        0.43          0.49 1955   0.03   0.40     0.00
                                      1937
  MONTH TO DATE    2.03                      0.89   1.14     0.74
  SINCE OCT 1      7.77                      6.62   1.15     6.58
  SINCE JAN 1      5.20                      4.14   1.06     3.92

SNOWFALL (IN)
  YESTERDAY        0.0           1.9  1978   0.0    0.0      0.0
  MONTH TO DATE    0.0                       0.1   -0.1      0.0
  SINCE MAR 1      2.4                       4.9   -2.5      1.9
  SINCE JUL 1      5.3                      20.9  -15.6     23.4
  SNOW DEPTH       0

DEGREE DAYS
 HEATING
  YESTERDAY        6                         8     -2        2
  MONTH TO DATE  272                       268      4      248
  SINCE MAR 1   1447                      1559   -112     1476
  SINCE JUL 1   5229                      6148   -919     6135

 COOLING
  YESTERDAY        0                         1     -1        0
  MONTH TO DATE    0                         2     -2        4
  SINCE MAR 1      0                         2     -2        4
  SINCE JAN 1      0                         2     -2        4
..................................................................


WIND (MPH)
  HIGHEST WIND SPEED    18   HIGHEST WIND DIRECTION     N (360)
  HIGHEST GUST SPEED    27   HIGHEST GUST DIRECTION     N (360)
  AVERAGE WIND SPEED     6.0



WEATHER CONDITIONS
 THE FOLLOWING WEATHER WAS RECORDED YESTERDAY.
  HEAVY RAIN
  LIGHT RAIN
  FOG


RELATIVE HUMIDITY (PERCENT)
 HIGHEST   100          1200 AM
 LOWEST     40           600 PM
 AVERAGE    70

..........................................................


THE WINNEMUCCA AIRPORT NV CLIMATE NORMALS FOR TODAY
                         NORMAL    RECORD    YEAR
 MAXIMUM TEMPERATURE (F)   75        94      2001
                                             1992
 MINIMUM TEMPERATURE (F)   40        26      2010


SUNRISE AND SUNSET
MAY 25 2015...........SUNRISE   526 AM PDT   SUNSET   811 PM PDT
MAY 26 2015...........SUNRISE   525 AM PDT   SUNSET   812 PM PDT


-  INDICATES NEGATIVE NUMBERS.
R  INDICATES RECORD WAS SET OR TIED.
MM INDICATES DATA IS MISSING.
T  INDICATES TRACE AMOUNT.




$$
