000
CDUS45 KLKN 250026
CLIWMC


CLIMATE REPORT
NATIONAL WEATHER SERVICE ELKO NV
526 PM PDT THU JUL 24 2014


...................................

...THE WINNEMUCCA AIRPORT NV CLIMATE SUMMARY FOR JULY 24 2014...
VALID TODAY AS OF 0500 PM LOCAL TIME.

CLIMATE NORMAL PERIOD 1981 TO 2010
CLIMATE RECORD PERIOD 1877 TO 2014


WEATHER ITEM   OBSERVED TIME   RECORD YEAR NORMAL DEPARTURE LAST
                VALUE   (LST)  VALUE       VALUE  FROM      YEAR
                                                  NORMAL
..................................................................
TEMPERATURE (F)
 TODAY
  MAXIMUM         87    330 PM 103    1933  95     -8       91
                                      1931
  MINIMUM         53    356 AM  38    1993  53      0       63
  AVERAGE         70                        74     -4       77

PRECIPITATION (IN)
  TODAY            0.00          0.21 1927   0.01  -0.01     0.00
  MONTH TO DATE    0.10                      0.19  -0.09     0.27
  SINCE OCT 1      6.75                      7.60  -0.85     4.64
  SINCE JAN 1      4.09                      5.12  -1.03     2.23

SNOWFALL (IN)
  TODAY            0.0           0.0  1877   0.0    0.0      0.0
  MONTH TO DATE    0.0                       0.0    0.0       T
  SINCE JUN 1      0.0                       T      0.0       T
  SINCE JUL 1      0.0                       0.0    0.0       T
  SNOW DEPTH       0

DEGREE DAYS
 HEATING
  TODAY            0                         0      0        0
  MONTH TO DATE    0                         6     -6        0
  SINCE JUN 1     74                       111    -37       70
  SINCE JUL 1      0                         6     -6        0

 COOLING
  TODAY            5                         9     -4       12
  MONTH TO DATE  310                       184    126      300
  SINCE JUN 1    384                       263    121      428
  SINCE JAN 1    393                       274    119      429
..................................................................


WIND (MPH)
  HIGHEST WIND SPEED    16   HIGHEST WIND DIRECTION     W (260)
  HIGHEST GUST SPEED    18   HIGHEST GUST DIRECTION     W (260)



WEATHER CONDITIONS
 THE FOLLOWING WEATHER WAS RECORDED TODAY.
  NO SIGNIFICANT WEATHER WAS OBSERVED.


RELATIVE HUMIDITY (PERCENT)
 HIGHEST    47           500 AM
 LOWEST     10           300 PM
 AVERAGE    29

..........................................................


THE WINNEMUCCA AIRPORT NV CLIMATE NORMALS FOR TOMORROW
                         NORMAL    RECORD    YEAR
 MAXIMUM TEMPERATURE (F)   95       104      1978
 MINIMUM TEMPERATURE (F)   53        39      1918


SUNRISE AND SUNSET
JULY 24 2014..........SUNRISE   540 AM PDT   SUNSET   815 PM PDT
JULY 25 2014..........SUNRISE   541 AM PDT   SUNSET   814 PM PDT


-  INDICATES NEGATIVE NUMBERS.
R  INDICATES RECORD WAS SET OR TIED.
MM INDICATES DATA IS MISSING.
T  INDICATES TRACE AMOUNT.




$$
