000
CDUS45 KLKN 220931
CLIWMC


CLIMATE REPORT
NATIONAL WEATHER SERVICE ELKO NV
130 AM PST MON JAN 22 2018


...................................

...THE WINNEMUCCA AIRPORT NV CLIMATE SUMMARY FOR JANUARY 21 2018...

CLIMATE NORMAL PERIOD 1981 TO 2010
CLIMATE RECORD PERIOD 1877 TO 2018


WEATHER ITEM   OBSERVED TIME   RECORD YEAR NORMAL DEPARTURE LAST
                VALUE   (LST)  VALUE       VALUE  FROM      YEAR
                                                  NORMAL
..................................................................
TEMPERATURE (F)
 YESTERDAY
  MAXIMUM         43    315 PM  59    1961  42      1       43
                                      1950
  MINIMUM         10    738 AM -36    1937  19     -9       28
  AVERAGE         27                        31     -4       36

PRECIPITATION (IN)
  YESTERDAY        0.04          0.50 1943   0.03   0.01      T
  MONTH TO DATE    0.51                      0.63  -0.12     1.50
  SINCE OCT 1      1.85                      3.11  -1.26     6.04
  SINCE JAN 1      0.51                      0.63  -0.12     1.50

SNOWFALL (IN)
  YESTERDAY        0.0           3.4  1933   0.1   -0.1       T
  MONTH TO DATE    T                         2.6   -2.6      5.3
  SINCE DEC 1      3.1                       7.9   -4.8     11.5
  SINCE JUL 1      3.1                      11.4   -8.3     12.1
  SNOW DEPTH       0

DEGREE DAYS
 HEATING
  YESTERDAY       38                        34      4       29
  MONTH TO DATE  549                       745   -196      779
  SINCE DEC 1   1631                      1850   -219     1979
  SINCE JUL 1   3067                      3418   -351     3314

 COOLING
  YESTERDAY        0                         0      0        0
  MONTH TO DATE    0                         0      0        0
  SINCE DEC 1      0                         0      0        0
  SINCE JAN 1      0                         0      0        0
..................................................................


WIND (MPH)
  HIGHEST WIND SPEED    20   HIGHEST WIND DIRECTION    SE (150)
  HIGHEST GUST SPEED    24   HIGHEST GUST DIRECTION    SE (150)
  AVERAGE WIND SPEED     8.1



WEATHER CONDITIONS
 THE FOLLOWING WEATHER WAS RECORDED YESTERDAY.
  LIGHT SNOW
  FOG


RELATIVE HUMIDITY (PERCENT)
 HIGHEST    88           200 AM
 LOWEST     36           200 PM
 AVERAGE    62

..........................................................


THE WINNEMUCCA AIRPORT NV CLIMATE NORMALS FOR TODAY
                         NORMAL    RECORD    YEAR
 MAXIMUM TEMPERATURE (F)   42        59      1970
 MINIMUM TEMPERATURE (F)   19       -19      1937


SUNRISE AND SUNSET
JANUARY 22 2018.......SUNRISE   710 AM PST   SUNSET   456 PM PST
JANUARY 23 2018.......SUNRISE   709 AM PST   SUNSET   458 PM PST


-  INDICATES NEGATIVE NUMBERS.
R  INDICATES RECORD WAS SET OR TIED.
MM INDICATES DATA IS MISSING.
T  INDICATES TRACE AMOUNT.




$$
