000
CDUS45 KLKN 250038
CLIWMC


CLIMATE REPORT
NATIONAL WEATHER SERVICE ELKO NV
535 PM PDT MON JUL 24 2017


...................................

...THE WINNEMUCCA AIRPORT NV CLIMATE SUMMARY FOR JULY 24 2017...
VALID TODAY AS OF 0500 PM LOCAL TIME.

CLIMATE NORMAL PERIOD 1981 TO 2010
CLIMATE RECORD PERIOD 1877 TO 2017


WEATHER ITEM   OBSERVED TIME   RECORD YEAR NORMAL DEPARTURE LAST
                VALUE   (LST)  VALUE       VALUE  FROM      YEAR
                                                  NORMAL
..................................................................
TEMPERATURE (F)
 TODAY
  MAXIMUM         98   1209 PM 103    1933  95      3       96
                                      1931
  MINIMUM         58    357 AM  38    1993  53      5       48
  AVERAGE         78                        74      4       72

PRECIPITATION (IN)
  TODAY            T             0.21 1927   0.01  -0.01     0.00
  MONTH TO DATE    0.01                      0.19  -0.18      T
  SINCE OCT 1     11.01                      7.60   3.41     8.86
  SINCE JAN 1      6.47                      5.12   1.35     4.58

SNOWFALL (IN)
  TODAY            0.0           0.0  1877   0.0    0.0      0.0
  MONTH TO DATE    0.0                       0.0    0.0      0.0
  SINCE JUN 1      0.0                       T      0.0      0.0
  SINCE JUL 1      0.0                       0.0    0.0      0.0
  SNOW DEPTH       0

DEGREE DAYS
 HEATING
  TODAY            0                         0      0        0
  MONTH TO DATE    0                         6     -6       17
  SINCE JUN 1     73                       111    -38       71
  SINCE JUL 1      0                         6     -6       17

 COOLING
  TODAY           13                         9      4        7
  MONTH TO DATE  288                       184    104      134
  SINCE JUN 1    428                       263    165      267
  SINCE JAN 1    435                       274    161      267
..................................................................


WIND (MPH)
  HIGHEST WIND SPEED    20   HIGHEST WIND DIRECTION     N (10)
  HIGHEST GUST SPEED    25   HIGHEST GUST DIRECTION     N (10)



WEATHER CONDITIONS
 THE FOLLOWING WEATHER WAS RECORDED TODAY.
  THUNDERSTORM
  LIGHT RAIN


RELATIVE HUMIDITY (PERCENT)
 HIGHEST    62           400 AM
 LOWEST     14          1200 PM
 AVERAGE    38

..........................................................


THE WINNEMUCCA AIRPORT NV CLIMATE NORMALS FOR TOMORROW
                         NORMAL    RECORD    YEAR
 MAXIMUM TEMPERATURE (F)   95       104      1978
 MINIMUM TEMPERATURE (F)   53        39      1918


SUNRISE AND SUNSET
JULY 24 2017..........SUNRISE   540 AM PDT   SUNSET   815 PM PDT
JULY 25 2017..........SUNRISE   541 AM PDT   SUNSET   814 PM PDT


-  INDICATES NEGATIVE NUMBERS.
R  INDICATES RECORD WAS SET OR TIED.
MM INDICATES DATA IS MISSING.
T  INDICATES TRACE AMOUNT.




$$
