594
CDUS45 KLKN 270929
CLIWMC


CLIMATE REPORT
NATIONAL WEATHER SERVICE ELKO NV
226 AM PDT SAT AUG 27 2016


...................................

...THE WINNEMUCCA AIRPORT NV CLIMATE SUMMARY FOR AUGUST 26 2016...

CLIMATE NORMAL PERIOD 1981 TO 2010
CLIMATE RECORD PERIOD 1877 TO 2016


WEATHER ITEM   OBSERVED TIME   RECORD YEAR NORMAL DEPARTURE LAST
                VALUE   (LST)  VALUE       VALUE  FROM      YEAR
                                                  NORMAL
..................................................................
TEMPERATURE (F)
 YESTERDAY
  MAXIMUM         88    258 PM 101    2001  89     -1       92
  MINIMUM         39    456 AM  28    1992  46     -7       48
  AVERAGE         64                        68     -4       70

PRECIPITATION (IN)
  YESTERDAY        0.00          0.48 1917   0.00   0.00     0.00
  MONTH TO DATE    T                         0.14  -0.14     0.23
  SINCE OCT 1      8.86                      7.80   1.06     9.13
  SINCE JAN 1      4.58                      5.32  -0.74     6.56

SNOWFALL (IN)
  YESTERDAY        0.0           0.0  1877   0.0    0.0      0.0
  MONTH TO DATE    0.0                       0.0    0.0      0.0
  SINCE JUN 1      0.0                       T      0.0      0.0
  SINCE JUL 1      0.0                       0.0    0.0      0.0
  SNOW DEPTH       0

DEGREE DAYS
 HEATING
  YESTERDAY        1                         1      0        0
  MONTH TO DATE    3                        10     -7        1
  SINCE JUN 1     74                       125    -51       28
  SINCE JUL 1     20                        20      0        6

 COOLING
  YESTERDAY        0                         4     -4        5
  MONTH TO DATE  177                       161     16      155
  SINCE JUN 1    541                       483     58      560
  SINCE JAN 1    541                       494     47      564
..................................................................


WIND (MPH)
  HIGHEST WIND SPEED    21   HIGHEST WIND DIRECTION     W (270)
  HIGHEST GUST SPEED    30   HIGHEST GUST DIRECTION     W (280)
  AVERAGE WIND SPEED     6.1



WEATHER CONDITIONS
 THE FOLLOWING WEATHER WAS RECORDED YESTERDAY.
  NO SIGNIFICANT WEATHER WAS OBSERVED.


RELATIVE HUMIDITY (PERCENT)
 HIGHEST    44           500 AM
 LOWEST      9           200 PM
 AVERAGE    27

..........................................................


THE WINNEMUCCA AIRPORT NV CLIMATE NORMALS FOR TODAY
                         NORMAL    RECORD    YEAR
 MAXIMUM TEMPERATURE (F)   88       102      1924
 MINIMUM TEMPERATURE (F)   46        30      1954


SUNRISE AND SUNSET
AUGUST 27 2016........SUNRISE   614 AM PDT   SUNSET   731 PM PDT
AUGUST 28 2016........SUNRISE   615 AM PDT   SUNSET   729 PM PDT


-  INDICATES NEGATIVE NUMBERS.
R  INDICATES RECORD WAS SET OR TIED.
MM INDICATES DATA IS MISSING.
T  INDICATES TRACE AMOUNT.




$$
