158
CDUS45 KLKN 240941
CLIWMC


CLIMATE REPORT
NATIONAL WEATHER SERVICE ELKO NV
236 AM PDT MON APR 24 2017


...................................

...THE WINNEMUCCA AIRPORT NV CLIMATE SUMMARY FOR APRIL 23 2017...

CLIMATE NORMAL PERIOD 1981 TO 2010
CLIMATE RECORD PERIOD 1877 TO 2017


WEATHER ITEM   OBSERVED TIME   RECORD YEAR NORMAL DEPARTURE LAST
                VALUE   (LST)  VALUE       VALUE  FROM      YEAR
                                                  NORMAL
..................................................................
TEMPERATURE (F)
 YESTERDAY
  MAXIMUM         67    317 PM  90    2012  65      2       64
  MINIMUM         41    529 AM  14    1970  32      9       39
  AVERAGE         54                        48      6       52

PRECIPITATION (IN)
  YESTERDAY        0.00          0.58 1906   0.03  -0.03     0.06
  MONTH TO DATE    0.66                      0.66   0.00     0.49
  SINCE OCT 1      9.07                      5.50   3.57     7.62
  SINCE JAN 1      4.53                      3.02   1.51     3.34

SNOWFALL (IN)
  YESTERDAY        0.0           1.2  1971   0.1   -0.1      0.0
  MONTH TO DATE    T                         1.4   -1.4       T
  SINCE MAR 1      2.2                       4.6   -2.4      1.7
  SINCE JUL 1     18.3                      20.6   -2.3     21.1
  SNOW DEPTH       0

DEGREE DAYS
 HEATING
  YESTERDAY       11                        17     -6       13
  MONTH TO DATE  427                       443    -16      322
  SINCE MAR 1   1053                      1182   -129      981
  SINCE JUL 1   5492                      5771   -279     5158

 COOLING
  YESTERDAY        0                         0      0        0
  MONTH TO DATE    0                         0      0        0
  SINCE MAR 1      0                         0      0        0
  SINCE JAN 1      0                         0      0        0
..................................................................


WIND (MPH)
  HIGHEST WIND SPEED    23   HIGHEST WIND DIRECTION     W (270)
  HIGHEST GUST SPEED    30   HIGHEST GUST DIRECTION     W (260)
  AVERAGE WIND SPEED    10.6



WEATHER CONDITIONS
 THE FOLLOWING WEATHER WAS RECORDED YESTERDAY.
  NO SIGNIFICANT WEATHER WAS OBSERVED.


RELATIVE HUMIDITY (PERCENT)
 HIGHEST    76           600 AM
 LOWEST     16           300 PM
 AVERAGE    46

..........................................................


THE WINNEMUCCA AIRPORT NV CLIMATE NORMALS FOR TODAY
                         NORMAL    RECORD    YEAR
 MAXIMUM TEMPERATURE (F)   65        89      1977
 MINIMUM TEMPERATURE (F)   32        14      1985


SUNRISE AND SUNSET
APRIL 24 2017.........SUNRISE   558 AM PDT   SUNSET   741 PM PDT
APRIL 25 2017.........SUNRISE   557 AM PDT   SUNSET   742 PM PDT


-  INDICATES NEGATIVE NUMBERS.
R  INDICATES RECORD WAS SET OR TIED.
MM INDICATES DATA IS MISSING.
T  INDICATES TRACE AMOUNT.




$$
