000
CDUS45 KLKN 190028
CLIWMC


CLIMATE REPORT
NATIONAL WEATHER SERVICE ELKO NV
428 PM PST SAT NOV 8  2017


...................................

...THE WINNEMUCCA AIRPORT NV CLIMATE SUMMARY FOR NOVEMBER 18 2017...
VALID TODAY AS OF 0400 PM LOCAL TIME.

CLIMATE NORMAL PERIOD 1981 TO 2010
CLIMATE RECORD PERIOD 1877 TO 2017


WEATHER ITEM   OBSERVED TIME   RECORD YEAR NORMAL DEPARTURE LAST
                VALUE   (LST)  VALUE       VALUE  FROM      YEAR
                                                  NORMAL
..................................................................
TEMPERATURE (F)
 TODAY
  MAXIMUM         47    207 PM  69    2008  50     -3       52
  MINIMUM         23    700 AM  -9    1880  22      1       25
  AVERAGE         35                        36     -1       39

PRECIPITATION (IN)
  TODAY            0.00          1.56 1950   0.03  -0.03     0.00
  MONTH TO DATE    0.54                      0.51   0.03     0.12
  SINCE OCT 1      0.62                      1.18  -0.56     2.06
  SINCE JAN 1      7.70                      6.98   0.72     6.88

SNOWFALL (IN)
  TODAY            0.0           3.6  2011   0.1   -0.1      0.0
  MONTH TO DATE    0.0                       1.3   -1.3       T
  SINCE SEP 1      0.0                       1.8   -1.8       T
  SINCE JUL 1      0.0                       1.8   -1.8       T
  SNOW DEPTH       0

DEGREE DAYS
 HEATING
  TODAY           30                        29      1       26
  MONTH TO DATE  394                       468    -74      349
  SINCE SEP 1   1203                      1163     40      980
  SINCE JUL 1   1203                      1193     10     1000

 COOLING
  TODAY            0                         0      0        0
  MONTH TO DATE    0                         0      0        0
  SINCE SEP 1    120                        31     89       12
  SINCE JAN 1    927                       541    386      577
..................................................................


WIND (MPH)
  HIGHEST WIND SPEED    14   HIGHEST WIND DIRECTION    NE (50)
  HIGHEST GUST SPEED    18   HIGHEST GUST DIRECTION    NE (40)



WEATHER CONDITIONS
 THE FOLLOWING WEATHER WAS RECORDED TODAY.
  NO SIGNIFICANT WEATHER WAS OBSERVED.


RELATIVE HUMIDITY (PERCENT)
 HIGHEST    81          1200 AM
 LOWEST     38           200 PM
 AVERAGE    60

..........................................................


THE WINNEMUCCA AIRPORT NV CLIMATE NORMALS FOR TOMORROW
                         NORMAL    RECORD    YEAR
 MAXIMUM TEMPERATURE (F)   49        68      1996
 MINIMUM TEMPERATURE (F)   22        -3      1964


SUNRISE AND SUNSET
NOVEMBER 18 2017......SUNRISE   642 AM PST   SUNSET   430 PM PST
NOVEMBER 19 2017......SUNRISE   643 AM PST   SUNSET   429 PM PST


-  INDICATES NEGATIVE NUMBERS.
R  INDICATES RECORD WAS SET OR TIED.
MM INDICATES DATA IS MISSING.
T  INDICATES TRACE AMOUNT.




$$
