000
CDUS45 KRIW 280740
CLIWRL


CLIMATE REPORT
NATIONAL WEATHER SERVICE RIVERTON WY
128 AM MDT SAT MAY 28 2016


...................................

...THE WORLAND WY CLIMATE SUMMARY FOR MAY 27 2016...

CLIMATE NORMAL PERIOD 1981 TO 2010
CLIMATE RECORD PERIOD 1947 TO 2016


WEATHER ITEM   OBSERVED TIME   RECORD YEAR NORMAL DEPARTURE LAST
                VALUE   (LST)  VALUE       VALUE  FROM      YEAR
                                                  NORMAL
..................................................................
TEMPERATURE (F)
 YESTERDAY
  MAXIMUM         71    156 PM  98    1969  73     -2       73
  MINIMUM         41    437 AM  34    1965  44     -3       50
  AVERAGE         56                        59     -3       62

PRECIPITATION (IN)
  YESTERDAY        0.03          0.88 1992   0.04  -0.01     0.12
  MONTH TO DATE    1.42                      1.22   0.20     2.99
  SINCE MAR 1      3.73                      2.54   1.19     3.34
  SINCE JAN 1      3.76                      2.96   0.80     4.11

DEGREE DAYS
 HEATING
  YESTERDAY        9                         7      2        3
  MONTH TO DATE  293                       283     10      326
  SINCE MAR 1   1586                      1749   -163     1591
  SINCE JUL 1   6971                      7750   -779     7500

 COOLING
  YESTERDAY        0                         1     -1        0
  MONTH TO DATE    2                         1      1        0
  SINCE MAR 1      2                         2      0        0
  SINCE JAN 1      2                         2      0        0
..................................................................


WIND (MPH)
  HIGHEST WIND SPEED    24   HIGHEST WIND DIRECTION     N (340)
  HIGHEST GUST SPEED    31   HIGHEST GUST DIRECTION     N (340)
  AVERAGE WIND SPEED     4.3


SKY COVER
  POSSIBLE SUNSHINE  MM
  AVERAGE SKY COVER 0.2


WEATHER CONDITIONS
 THE FOLLOWING WEATHER WAS RECORDED YESTERDAY.
  THUNDERSTORM
  LIGHT RAIN


RELATIVE HUMIDITY (PERCENT)
 HIGHEST    96           300 AM
 LOWEST     25           200 PM
 AVERAGE    61

..........................................................


THE WORLAND WY CLIMATE NORMALS FOR TODAY
                         NORMAL    RECORD    YEAR
 MAXIMUM TEMPERATURE (F)   74        94      2014
 MINIMUM TEMPERATURE (F)   45        32      1973


SUNRISE AND SUNSET
MAY 28 2016...........SUNRISE   534 AM MDT   SUNSET   845 PM MDT
MAY 29 2016...........SUNRISE   533 AM MDT   SUNSET   846 PM MDT


-  INDICATES NEGATIVE NUMBERS.
R  INDICATES RECORD WAS SET OR TIED.
MM INDICATES DATA IS MISSING.
T  INDICATES TRACE AMOUNT.




$$
