000
CDUS45 KRIW 120739
CLIWRL


CLIMATE REPORT
NATIONAL WEATHER SERVICE RIVERTON WY
1228 AM MST FRI FEB 12 2016


...................................

...THE WORLAND WY CLIMATE SUMMARY FOR FEBRUARY 11 2016...

CLIMATE NORMAL PERIOD 1981 TO 2010
CLIMATE RECORD PERIOD 1947 TO 2016


WEATHER ITEM   OBSERVED TIME   RECORD YEAR NORMAL DEPARTURE LAST
                VALUE   (LST)  VALUE       VALUE  FROM      YEAR
                                                  NORMAL
..................................................................
TEMPERATURE (F)
 YESTERDAY
  MAXIMUM         52    259 PM  54    2005  36     16       48
  MINIMUM         25   1205 AM -17    1986   9     16       28
  AVERAGE         39                        22     17       38

PRECIPITATION (IN)
  YESTERDAY        0.00          0.13 1993   0.01  -0.01     0.00
  MONTH TO DATE    T                         0.07  -0.07     0.08
  SINCE DEC 1      0.31                      0.53  -0.22     1.01
  SINCE JAN 1      0.03                      0.30  -0.27     0.31

DEGREE DAYS
 HEATING
  YESTERDAY       26                        43    -17       27
  MONTH TO DATE  424                       490    -66      379
  SINCE DEC 1   3319                      3446   -127     3378
  SINCE JUL 1   4903                      5338   -435     5294

 COOLING
  YESTERDAY        0                         0      0        0
  MONTH TO DATE    0                         0      0        0
  SINCE DEC 1      0                         0      0        0
  SINCE JAN 1      0                         0      0        0
..................................................................


WIND (MPH)
  HIGHEST WIND SPEED    13   HIGHEST WIND DIRECTION    SW (210)
  HIGHEST GUST SPEED    14   HIGHEST GUST DIRECTION    SW (210)
  AVERAGE WIND SPEED     4.5


SKY COVER
  POSSIBLE SUNSHINE  MM
  AVERAGE SKY COVER 0.1


WEATHER CONDITIONS
 THE FOLLOWING WEATHER WAS RECORDED YESTERDAY.
  NO SIGNIFICANT WEATHER WAS OBSERVED.


RELATIVE HUMIDITY (PERCENT)
 HIGHEST    92          1200 AM
 LOWEST     39           100 PM
 AVERAGE    66

..........................................................


THE WORLAND WY CLIMATE NORMALS FOR TODAY
                         NORMAL    RECORD    YEAR
 MAXIMUM TEMPERATURE (F)   36        55      1991
 MINIMUM TEMPERATURE (F)    9       -23      2004


SUNRISE AND SUNSET
FEBRUARY 12 2016......SUNRISE   716 AM MST   SUNSET   537 PM MST
FEBRUARY 13 2016......SUNRISE   714 AM MST   SUNSET   538 PM MST


-  INDICATES NEGATIVE NUMBERS.
R  INDICATES RECORD WAS SET OR TIED.
MM INDICATES DATA IS MISSING.
T  INDICATES TRACE AMOUNT.




$$
