000
CDUS45 KRIW 300740
CLIWRL


CLIMATE REPORT
NATIONAL WEATHER SERVICE RIVERTON WY
128 AM MDT SAT JUL 30 2016


...................................

...THE WORLAND WY CLIMATE SUMMARY FOR JULY 29 2016...

CLIMATE NORMAL PERIOD 1981 TO 2010
CLIMATE RECORD PERIOD 1947 TO 2016


WEATHER ITEM   OBSERVED TIME   RECORD YEAR NORMAL DEPARTURE LAST
                VALUE   (LST)  VALUE       VALUE  FROM      YEAR
                                                  NORMAL
..................................................................
TEMPERATURE (F)
 YESTERDAY
  MAXIMUM         94    336 PM 105    2006  90      4       83
  MINIMUM         55    510 AM  42    2015  56     -1       42
  AVERAGE         75                        73      2       63

PRECIPITATION (IN)
  YESTERDAY        0.00          0.33 1973   0.02  -0.02     0.00
  MONTH TO DATE    0.15                      0.66  -0.51     0.41
  SINCE JUN 1      0.44                      1.81  -1.37     1.47
  SINCE JAN 1      4.20                      4.97  -0.77     5.65

DEGREE DAYS
 HEATING
  YESTERDAY        0                         0      0        2
  MONTH TO DATE    4                        10     -6        7
  SINCE JUN 1     10                       103    -93       11
  SINCE JUL 1      4                        10     -6        7

 COOLING
  YESTERDAY       10                         8      2        0
  MONTH TO DATE  240                       212     28      186
  SINCE JUN 1    435                       296    139      365
  SINCE JAN 1    437                       308    129      367
..................................................................


WIND (MPH)
  HIGHEST WIND SPEED    17   HIGHEST WIND DIRECTION     N (360)
  HIGHEST GUST SPEED    24   HIGHEST GUST DIRECTION     N (10)
  AVERAGE WIND SPEED     5.9


SKY COVER
  POSSIBLE SUNSHINE  MM
  AVERAGE SKY COVER 0.1


WEATHER CONDITIONS
 THE FOLLOWING WEATHER WAS RECORDED YESTERDAY.
  NO SIGNIFICANT WEATHER WAS OBSERVED.


RELATIVE HUMIDITY (PERCENT)
 HIGHEST    72           500 AM
 LOWEST     16           400 PM
 AVERAGE    44

..........................................................


THE WORLAND WY CLIMATE NORMALS FOR TODAY
                         NORMAL    RECORD    YEAR
 MAXIMUM TEMPERATURE (F)   90       102      1988
 MINIMUM TEMPERATURE (F)   56        41      2009


SUNRISE AND SUNSET
JULY 30 2016..........SUNRISE   559 AM MDT   SUNSET   837 PM MDT
JULY 31 2016..........SUNRISE   600 AM MDT   SUNSET   836 PM MDT


-  INDICATES NEGATIVE NUMBERS.
R  INDICATES RECORD WAS SET OR TIED.
MM INDICATES DATA IS MISSING.
T  INDICATES TRACE AMOUNT.




$$
