000
CDUS45 KRIW 270731
CLIWRL


CLIMATE REPORT
NATIONAL WEATHER SERVICE RIVERTON WY
1229 AM MST MON FEB 27 2017


...................................

...THE WORLAND WY CLIMATE SUMMARY FOR FEBRUARY 26 2017...

CLIMATE NORMAL PERIOD 1981 TO 2010
CLIMATE RECORD PERIOD 1947 TO 2017


WEATHER ITEM   OBSERVED TIME   RECORD YEAR NORMAL DEPARTURE LAST
                VALUE   (LST)  VALUE       VALUE  FROM      YEAR
                                                  NORMAL
..................................................................
TEMPERATURE (F)
 YESTERDAY
  MAXIMUM         33    306 PM  63    1988  43    -10       61
  MINIMUM         11    707 AM -17    2014  15     -4       16
  AVERAGE         22                        29     -7       39

PRECIPITATION (IN)
  YESTERDAY        0.00          0.08 1974   0.00   0.00     0.00
  MONTH TO DATE    0.20                      0.17   0.03      T
  SINCE DEC 1      0.59                      0.63  -0.04     0.31
  SINCE JAN 1      0.40                      0.40   0.00     0.03

DEGREE DAYS
 HEATING
  YESTERDAY       43                        36      7       26
  MONTH TO DATE 1027                      1083    -56      833
  SINCE DEC 1   4261                      4039    222     3728
  SINCE JUL 1   5800                      5931   -131     5312

 COOLING
  YESTERDAY        0                         0      0        0
  MONTH TO DATE    0                         0      0        0
  SINCE DEC 1      0                         0      0        0
  SINCE JAN 1      0                         0      0        0
..................................................................


WIND (MPH)
  HIGHEST WIND SPEED    13   HIGHEST WIND DIRECTION    SE (140)
  HIGHEST GUST SPEED    14   HIGHEST GUST DIRECTION    SE (140)
  AVERAGE WIND SPEED     6.4


SKY COVER
  POSSIBLE SUNSHINE  MM
  AVERAGE SKY COVER 0.0


WEATHER CONDITIONS
 THE FOLLOWING WEATHER WAS RECORDED YESTERDAY.
  NO SIGNIFICANT WEATHER WAS OBSERVED.


RELATIVE HUMIDITY (PERCENT)
 HIGHEST    84           300 AM
 LOWEST     36           300 PM
 AVERAGE    60

..........................................................


THE WORLAND WY CLIMATE NORMALS FOR TODAY
                         NORMAL    RECORD    YEAR
 MAXIMUM TEMPERATURE (F)   43        67      1972
 MINIMUM TEMPERATURE (F)   15       -20      1962


SUNRISE AND SUNSET
FEBRUARY 27 2017......SUNRISE   651 AM MST   SUNSET   558 PM MST
FEBRUARY 28 2017......SUNRISE   650 AM MST   SUNSET   559 PM MST


-  INDICATES NEGATIVE NUMBERS.
R  INDICATES RECORD WAS SET OR TIED.
MM INDICATES DATA IS MISSING.
T  INDICATES TRACE AMOUNT.




$$
