000
CDUS45 KRIW 220046
CLIWRL


CLIMATE REPORT
NATIONAL WEATHER SERVICE RIVERTON WY
644 PM MDT FRI JUL 21 2017


...................................

...THE WORLAND WY CLIMATE SUMMARY FOR JULY 21 2017...
VALID TODAY AS OF 0500 PM LOCAL TIME.

CLIMATE NORMAL PERIOD 1981 TO 2010
CLIMATE RECORD PERIOD 1947 TO 2017


WEATHER ITEM   OBSERVED TIME   RECORD YEAR NORMAL DEPARTURE LAST
                VALUE   (LST)  VALUE       VALUE  FROM      YEAR
                                                  NORMAL
..................................................................
TEMPERATURE (F)
 TODAY
  MAXIMUM         93        MM 104    1982  90      3      102
  MINIMUM         53        MM  47    1972  56     -3       54
  AVERAGE         73                        73      0       78

PRECIPITATION (IN)
  TODAY            0.00          0.27 1970   0.02  -0.02     0.00
  MONTH TO DATE    0.05                      0.48  -0.43     0.06
  SINCE JUN 1      0.41                      1.63  -1.22     0.35
  SINCE JAN 1      5.21                      4.79   0.42     4.11

DEGREE DAYS
 HEATING
  TODAY            0                         0      0        0
  MONTH TO DATE    0                        10    -10        4
  SINCE JUN 1     46                       103    -57       10
  SINCE JUL 1      0                        10    -10        4

 COOLING
  TODAY            8                         8      0       13
  MONTH TO DATE  223                       148     75      154
  SINCE JUN 1    313                       232     81      349
  SINCE JAN 1    313                       244     69      351
..................................................................


WIND (MPH)
  HIGHEST WIND SPEED     8   HIGHEST WIND DIRECTION     S (190)
  HIGHEST GUST SPEED    MM   HIGHEST GUST DIRECTION    MM
  AVERAGE WIND SPEED     3.9


SKY COVER
  POSSIBLE SUNSHINE  MM
  AVERAGE SKY COVER 0.0


WEATHER CONDITIONS
 THE FOLLOWING WEATHER WAS RECORDED TODAY.
  NO SIGNIFICANT WEATHER WAS OBSERVED.


RELATIVE HUMIDITY (PERCENT)
 HIGHEST   100           400 AM
 LOWEST     15           400 PM
 AVERAGE    58

..........................................................


THE WORLAND WY CLIMATE NORMALS FOR TOMORROW
                         NORMAL    RECORD    YEAR
 MAXIMUM TEMPERATURE (F)   90       103      1982
 MINIMUM TEMPERATURE (F)   56        45      1978


SUNRISE AND SUNSET
JULY 21 2017..........SUNRISE   549 AM MDT   SUNSET   847 PM MDT
JULY 22 2017..........SUNRISE   550 AM MDT   SUNSET   846 PM MDT


-  INDICATES NEGATIVE NUMBERS.
R  INDICATES RECORD WAS SET OR TIED.
MM INDICATES DATA IS MISSING.
T  INDICATES TRACE AMOUNT.




$$
