000
CDUS45 KRIW 270742
CLIWRL


CLIMATE REPORT
NATIONAL WEATHER SERVICE RIVERTON WY
142 AM MDT WED AUG 27 2014


...................................

...THE WORLAND WY CLIMATE SUMMARY FOR AUGUST 26 2014...

CLIMATE NORMAL PERIOD 1981 TO 2010
CLIMATE RECORD PERIOD 1947 TO 2014


WEATHER ITEM   OBSERVED TIME   RECORD YEAR NORMAL DEPARTURE LAST
                VALUE   (LST)  VALUE       VALUE  FROM      YEAR
                                                  NORMAL
..................................................................
TEMPERATURE (F)
 YESTERDAY
  MAXIMUM         79        MM 101    1994  85     -6       92
  MINIMUM         48        MM  36    1992  51     -3       66
  AVERAGE         64                        68     -4       79

PRECIPITATION (IN)
  YESTERDAY        0.00          0.29 1977   0.02  -0.02     0.00
  MONTH TO DATE    1.49                      0.36   1.13     0.13
  SINCE JUN 1      3.36                      2.22   1.14     0.52
  SINCE JAN 1      5.57                      5.38   0.19     3.21

DEGREE DAYS
 HEATING
  YESTERDAY        1                         1      0        0
  MONTH TO DATE   27                        10     17        0
  SINCE JUN 1    118                       116      2       45
  SINCE JUL 1     28                        23      5        0

 COOLING
  YESTERDAY        0                         4     -4       14
  MONTH TO DATE  162                       164     -2      227
  SINCE JUN 1    470                       477     -7      693
  SINCE JAN 1    500                       489     11      710
..................................................................


WIND (MPH)
  HIGHEST WIND SPEED    10   HIGHEST WIND DIRECTION     S (170)
  HIGHEST GUST SPEED    12   HIGHEST GUST DIRECTION     S (160)
  AVERAGE WIND SPEED     3.3


SKY COVER
  POSSIBLE SUNSHINE  MM
  AVERAGE SKY COVER 0.0


WEATHER CONDITIONS
 THE FOLLOWING WEATHER WAS RECORDED YESTERDAY.
  NO SIGNIFICANT WEATHER WAS OBSERVED.


RELATIVE HUMIDITY (PERCENT)
 HIGHEST    93           400 AM
 LOWEST     29           500 PM
 AVERAGE    61

..........................................................


THE WORLAND WY CLIMATE NORMALS FOR TODAY
                         NORMAL    RECORD    YEAR
 MAXIMUM TEMPERATURE (F)   84        99      1997
 MINIMUM TEMPERATURE (F)   50        37      1992


SUNRISE AND SUNSET
AUGUST 27 2014........SUNRISE   629 AM MDT   SUNSET   756 PM MDT
AUGUST 28 2014........SUNRISE   631 AM MDT   SUNSET   755 PM MDT


-  INDICATES NEGATIVE NUMBERS.
R  INDICATES RECORD WAS SET OR TIED.
MM INDICATES DATA IS MISSING.
T  INDICATES TRACE AMOUNT.




$$
