000
CDUS45 KRIW 280739
CLIWRL


CLIMATE REPORT
NATIONAL WEATHER SERVICE RIVERTON WY
129 AM MDT FRI AUG 28 2015


...................................

...THE WORLAND WY CLIMATE SUMMARY FOR AUGUST 27 2015...

CLIMATE NORMAL PERIOD 1981 TO 2010
CLIMATE RECORD PERIOD 1947 TO 2015


WEATHER ITEM   OBSERVED TIME   RECORD YEAR NORMAL DEPARTURE LAST
                VALUE   (LST)  VALUE       VALUE  FROM      YEAR
                                                  NORMAL
..................................................................
TEMPERATURE (F)
 YESTERDAY
  MAXIMUM         80    344 PM  99    1997  84     -4       75
  MINIMUM         58   1153 PM  37    1992  50      8       51
  AVERAGE         69                        67      2       63

PRECIPITATION (IN)
  YESTERDAY        0.21R         0.19 2002   0.01   0.20     0.00
  MONTH TO DATE    0.45                      0.37   0.08     1.49
  SINCE JUN 1      1.92                      2.23  -0.31     3.36
  SINCE JAN 1      6.10                      5.39   0.71     5.57

DEGREE DAYS
 HEATING
  YESTERDAY        0                         2     -2        2
  MONTH TO DATE   30                        12     18       29
  SINCE JUN 1     41                       118    -77      120
  SINCE JUL 1     37                        25     12       30

 COOLING
  YESTERDAY        4                         4      0        0
  MONTH TO DATE  168                       168      0      162
  SINCE JUN 1    545                       481     64      470
  SINCE JAN 1    547                       493     54      500
..................................................................


WIND (MPH)
  HIGHEST WIND SPEED    28   HIGHEST WIND DIRECTION    NW (330)
  HIGHEST GUST SPEED    38   HIGHEST GUST DIRECTION    NW (300)
  AVERAGE WIND SPEED     7.0


SKY COVER
  POSSIBLE SUNSHINE  MM
  AVERAGE SKY COVER 0.4


WEATHER CONDITIONS
 THE FOLLOWING WEATHER WAS RECORDED YESTERDAY.
  THUNDERSTORM
  HEAVY RAIN
  RAIN
  LIGHT RAIN
  FOG
  HAZE


RELATIVE HUMIDITY (PERCENT)
 HIGHEST    97           300 AM
 LOWEST     45           400 PM
 AVERAGE    71

..........................................................


THE WORLAND WY CLIMATE NORMALS FOR TODAY
                         NORMAL    RECORD    YEAR
 MAXIMUM TEMPERATURE (F)   84        99      1997
 MINIMUM TEMPERATURE (F)   50        36      1962


SUNRISE AND SUNSET
AUGUST 28 2015........SUNRISE   630 AM MDT   SUNSET   755 PM MDT
AUGUST 29 2015........SUNRISE   631 AM MDT   SUNSET   753 PM MDT


-  INDICATES NEGATIVE NUMBERS.
R  INDICATES RECORD WAS SET OR TIED.
MM INDICATES DATA IS MISSING.
T  INDICATES TRACE AMOUNT.




$$
