000
CDUS45 KRIW 030737
CLIWRL


CLIMATE REPORT
NATIONAL WEATHER SERVICE RIVERTON WY
135 AM MDT FRI JUL 3 2015


...................................

...THE WORLAND WY CLIMATE SUMMARY FOR JULY 2 2015...

CLIMATE NORMAL PERIOD 1981 TO 2010
CLIMATE RECORD PERIOD 1947 TO 2015


WEATHER ITEM   OBSERVED TIME   RECORD YEAR NORMAL DEPARTURE LAST
                VALUE   (LST)  VALUE       VALUE  FROM      YEAR
                                                  NORMAL
..................................................................
TEMPERATURE (F)
 YESTERDAY
  MAXIMUM         90    353 PM 104    1990  86      4       87
  MINIMUM         61    506 AM  41    1968  53      8       51
  AVERAGE         76                        70      6       69

PRECIPITATION (IN)
  YESTERDAY        0.00          0.25 1974   0.02  -0.02     0.00
  MONTH TO DATE    0.07                      0.04   0.03     0.00
  SINCE JUN 1      1.13                      1.19  -0.06     1.62
  SINCE JAN 1      5.31                      4.35   0.96     3.83

DEGREE DAYS
 HEATING
  YESTERDAY        0                         1     -1        0
  MONTH TO DATE    0                         2     -2        1
  SINCE JUN 1      4                        95    -91       91
  SINCE JUL 1      0                         2     -2        1

 COOLING
  YESTERDAY       11                         6      5        4
  MONTH TO DATE   23                        11     12        4
  SINCE JUN 1    202                        95    107       33
  SINCE JAN 1    204                       107     97       63
..................................................................


WIND (MPH)
  HIGHEST WIND SPEED    16   HIGHEST WIND DIRECTION    SE (130)
  HIGHEST GUST SPEED    21   HIGHEST GUST DIRECTION     N (360)
  AVERAGE WIND SPEED     4.9


SKY COVER
  POSSIBLE SUNSHINE  MM
  AVERAGE SKY COVER 0.2


WEATHER CONDITIONS
 THE FOLLOWING WEATHER WAS RECORDED YESTERDAY.
  NO SIGNIFICANT WEATHER WAS OBSERVED.


RELATIVE HUMIDITY (PERCENT)
 HIGHEST    78           400 AM
 LOWEST     19           400 PM
 AVERAGE    49

..........................................................


THE WORLAND WY CLIMATE NORMALS FOR TODAY
                         NORMAL    RECORD    YEAR
 MAXIMUM TEMPERATURE (F)   87       103      2012
 MINIMUM TEMPERATURE (F)   53        42      1972


SUNRISE AND SUNSET
JULY  3 2015..........SUNRISE   534 AM MDT   SUNSET   858 PM MDT
JULY  4 2015..........SUNRISE   535 AM MDT   SUNSET   858 PM MDT


-  INDICATES NEGATIVE NUMBERS.
R  INDICATES RECORD WAS SET OR TIED.
MM INDICATES DATA IS MISSING.
T  INDICATES TRACE AMOUNT.




$$
