000
CDUS45 KRIW 280733
CLIWRL


CLIMATE REPORT
NATIONAL WEATHER SERVICE RIVERTON WY
1233 AM MST WED JAN 28 2015


...................................

...THE WORLAND WY CLIMATE SUMMARY FOR JANUARY 27 2015...

CLIMATE NORMAL PERIOD 1981 TO 2010
CLIMATE RECORD PERIOD 1947 TO 2015


WEATHER ITEM   OBSERVED TIME   RECORD YEAR NORMAL DEPARTURE LAST
                VALUE   (LST)  VALUE       VALUE  FROM      YEAR
                                                  NORMAL
..................................................................
TEMPERATURE (F)
 YESTERDAY
  MAXIMUM         37    241 PM  52    1971  32      5       22
  MINIMUM         11    755 AM -24    2009   5      6        1
  AVERAGE         24                        18      6       12

PRECIPITATION (IN)
  YESTERDAY        0.00          0.06 1982   0.01  -0.01     0.00
  MONTH TO DATE    0.11                      0.20  -0.09     0.19
  SINCE DEC 1      0.81                      0.43   0.38     0.31
  SINCE JAN 1      0.11                      0.20  -0.09     0.19

DEGREE DAYS
 HEATING
  YESTERDAY       41                        47     -6       53
  MONTH TO DATE 1393                      1300     93     1279
  SINCE DEC 1   2847                      2771     76     2841
  SINCE JUL 1   4763                      4663    100     4697

 COOLING
  YESTERDAY        0                         0      0        0
  MONTH TO DATE    0                         0      0        0
  SINCE DEC 1      0                         0      0        0
  SINCE JAN 1      0                         0      0        0
..................................................................


WIND (MPH)
  HIGHEST WIND SPEED    15   HIGHEST WIND DIRECTION    SE (130)
  HIGHEST GUST SPEED    15   HIGHEST GUST DIRECTION    SE (120)
  AVERAGE WIND SPEED     3.5


SKY COVER
  POSSIBLE SUNSHINE  MM
  AVERAGE SKY COVER 0.0


WEATHER CONDITIONS
 THE FOLLOWING WEATHER WAS RECORDED YESTERDAY.
  NO SIGNIFICANT WEATHER WAS OBSERVED.


RELATIVE HUMIDITY (PERCENT)
 HIGHEST    92           100 AM
 LOWEST     70           200 PM
 AVERAGE    81

..........................................................


THE WORLAND WY CLIMATE NORMALS FOR TODAY
                         NORMAL    RECORD    YEAR
 MAXIMUM TEMPERATURE (F)   32        54      1971
 MINIMUM TEMPERATURE (F)    5       -28      1980


SUNRISE AND SUNSET
JANUARY 28 2015.......SUNRISE   733 AM MST   SUNSET   517 PM MST
JANUARY 29 2015.......SUNRISE   732 AM MST   SUNSET   518 PM MST


-  INDICATES NEGATIVE NUMBERS.
R  INDICATES RECORD WAS SET OR TIED.
MM INDICATES DATA IS MISSING.
T  INDICATES TRACE AMOUNT.




$$
