638
CDAK47 PAJK 201232
CLIYAK
CLIMATE REPORT
NATIONAL WEATHER SERVICE JUNEAU, AK
331 AM AKST SAT JAN 20 2018


...................................

...THE YAKUTAT CLIMATE SUMMARY FOR JANUARY 19 2018...

CLIMATE NORMAL PERIOD 1981 TO 2010
CLIMATE RECORD PERIOD 1917 TO 2018


WEATHER ITEM   OBSERVED RECORD YEAR NORMAL DEPARTURE LAST
                VALUE   VALUE       VALUE  FROM      YEAR
                                           NORMAL
...........................................................
TEMPERATURE (F)
 YESTERDAY
  MAXIMUM         35     58    1930  34      1       28
  MINIMUM         23    -16    1969  22      1       20
  AVERAGE         29                 28      1       24

PRECIPITATION (IN)
  YESTERDAY        0.00   3.21 1945   0.43  -0.43     0.14
  MONTH TO DATE   10.30               8.61   1.69     7.72
  SINCE JAN 1     10.30               8.61   1.69     7.72

SNOWFALL (IN)
  YESTERDAY        0.0    9.5  1973   1.1   -1.1      2.4
  MONTH TO DATE    1.8               18.9  -17.1      9.1
  SINCE JUL 1     39.9               62.8  -22.9     35.7
  SNOW DEPTH       0

DEGREE DAYS
 HEATING
  YESTERDAY       36                 37     -1       41
  MONTH TO DATE  562                702   -140      731
...........................................................


WIND (MPH)
  HIGHEST WIND SPEED     5   HIGHEST WIND DIRECTION     N (20)
  HIGHEST GUST SPEED    MM   HIGHEST GUST DIRECTION    MM
  AVERAGE WIND SPEED     1.2


SKY COVER
  AVERAGE SKY COVER 0.3


WEATHER CONDITIONS
 THE FOLLOWING WEATHER WAS RECORDED YESTERDAY.
  NO SIGNIFICANT WEATHER WAS OBSERVED.


..........................................................


THE YAKUTAT CLIMATE NORMALS FOR TODAY
                         NORMAL    RECORD    YEAR
 MAXIMUM TEMPERATURE (F)   34        57      1930
 MINIMUM TEMPERATURE (F)   22       -16      1969


SUNRISE AND SUNSET
JANUARY 20 2018.......SUNRISE   854 AM AKST  SUNSET   406 PM AKST
JANUARY 21 2018.......SUNRISE   852 AM AKST  SUNSET   409 PM AKST


-  INDICATES NEGATIVE NUMBERS.
R  INDICATES RECORD WAS SET OR TIED.
MM INDICATES DATA IS MISSING.
T  INDICATES TRACE AMOUNT.




$$
--------------------------------------------------------------

AMOUNT OF DAYLIGHT TODAY (HOUR:MIN)......... 7 HOURS 13 MINUTES
GAIN/LOSS SINCE YESTERDAY (HOUR:MIN:SEC).... +0:04:07

$$
