000
CDAK47 PAYA 010001
CLIYAK

CLIMATE REPORT
NATIONAL WEATHER SERVICE YAKUTAT, AK
401 PM AKDT TUE MAY 31 2016

...................................
...THE YAKUTAT AP CLIMATE SUMMARY FOR MAY 31 2016...
VALID TODAY AS OF 2:00 PM LOCAL TIME

CLIMATE NORMAL PERIOD  1981 TO  2010
CLIMATE RECORD PERIOD  1948 TO  2016

WEATHER ITEM   OBSERVED TIME    RECORD YEAR NORMAL DEPARTURE LAST
               VALUE    (LST)   VALUE       VALUE  FROM      YEAR
                                                   NORMAL
...................................................................
TEMPERATURE
TODAY
 MAXIMUM            62  1258 PM    67  1964     55       7     53
 MINIMUM            47  0401 AM    30  1966     41       6     49
 AVERAGE            55                          48       7     51

PRECIPITATION
(INCHES)
 TODAY               T           2.92  1961   0.25   -0.25      T
 MONTH TO DATE    6.74                        8.21   -1.47   1.62
 SINCE MAR 1     26.27                       28.44   -2.17  26.21
 SINCE JAN 1     51.56                       52.96   -1.40  50.58

SNOWFALL
(INCHES)
 TODAY             0.0              T  2003    0.0     0.0    0.0
 MONTH TO DATE     0.0                         0.4    -0.4    0.0
 SINCE MAR 1       0.7                        37.8   -37.1   34.3
 SINCE JUL 1      49.9                       140.0   -90.1   47.1
 SNOW DEPTH (IN)     0                                          0

DEGREE DAYS
 HEATING
  TODAY             10                          17      -7     14
  MONTH TO DATE    495                         628    -133    534
  SINCE MAR 1     1960                        2466    -506   2230
  SINCE JUL 1     7298                        8595   -1297   7662

 COOLING
  TODAY              0                           0       0      0
  MONTH TO DATE      0                           0       0      0
  SINCE MAR 1        0                           0       0      0
  SINCE JAN 1        0                           0       0      0
...................................................................

WIND (MPH)
 HIGHEST WIND SPEED    13     HIGHEST WIND DIRECTION    230
 HIGHEST GUST SPEED    17     HIGHEST GUST DIRECTION    220
 AVERAGE WIND SPEED    MM

SKY COVER
  POSSIBLE SUNSHINE  MM            AVERAGE SKY COVER MM

WEATHER CONDITIONS
 THE FOLLOWING WEATHER WAS RECORDED TODAY.
RAIN


RELATIVE HUMIDITY
 HIGHEST RH     MM PERCENT       MM
 LOWEST  RH     MM PERCENT       MM
 AVERAGE RH     MM PERCENT       MM
...................................................................

THE YAKUTAT CLIMATE NORMALS FOR TOMORROW
                        NORMAL    RECORD   YEAR
 MAXIMUM TEMPERATURE      55        73     1940
 MINIMUM TEMPERATURE      42        31     1956

SUNRISE AND SUNSET
 MAY 31 2016..........SUNRISE  4:13 AM      SUNSET 10:22 PM
 JUN 1 2016..........SUNRISE  4:12 AM      SUNSET 10:23 PM

-  INDICATES NEGATIVE NUMBERS.
R  INDICATES RECORD HAS BEEN SET OR TIED.
MM INDICATES DATA IS MISSING.
T  INDICATES TRACE OF PRECIPITATION.

&&
-------------------------------------------------------------------

AMOUNT OF DAYLIGHT TODAY  (HOUR:MIN)........18 HOURS 9 MINUTES
GAIN/LOSS SINCE YESTERDAY (HOUR:MIN:SEC)....+0:03:09

$$
DC MAY 16
