000
CDAK47 PAYA 180920
CLIYAK

CLIMATE REPORT
NATIONAL WEATHER SERVICE YAKUTAT, AK
1220 AM AKST THU DEC 18 2014

...................................
...THE YAKUTAT AP CLIMATE SUMMARY FOR DECEMBER 17 2014...

CLIMATE NORMAL PERIOD  1981 TO  2010
CLIMATE RECORD PERIOD  1948 TO  2014

WEATHER ITEM   OBSERVED TIME    RECORD YEAR NORMAL DEPARTURE LAST
               VALUE    (LST)   VALUE       VALUE  FROM      YEAR
                                                   NORMAL
...................................................................
TEMPERATURE
YESTERDAY
 MAXIMUM            36  0301 PM    51  1969     35       1     22
 MINIMUM            28  1159 PM    -4  1990     24       4      4
 AVERAGE            32                          30       2     13

PRECIPITATION
(INCHES)
 YESTERDAY        0.19           3.30  1996   0.53   -0.34   0.00
 MONTH TO DATE    8.47                        9.01   -0.54   4.19
 SINCE DEC 1      8.47                        9.01   -0.54   4.19
 SINCE JAN 1    131.38                      147.85  -16.47 131.89

SNOWFALL
(INCHES)
 YESTERDAY         0.0           10.7  1948    0.7    -0.7    0.0
 MONTH TO DATE     1.4                        12.5   -11.1   18.1
 SINCE DEC 1       1.4                        12.5   -11.1   18.1
 SINCE JUL 1       6.7                        33.2   -26.5   27.3
 SNOW DEPTH (IN)     0                                         13

DEGREE DAYS
 HEATING
  YESTERDAY         33                          35      -2     52
  MONTH TO DATE    515                         595     -80    669
  SINCE DEC 1      515                         595     -80    669
  SINCE JUL 1     3195                        3493    -298   3279

 COOLING
  YESTERDAY          0                           0       0      0
  MONTH TO DATE      0                           0       0      0
  SINCE DEC 1        0                           0       0      0
  SINCE JAN 1        0                           0       0      0
...................................................................

WIND (MPH)
 HIGHEST WIND SPEED    13     HIGHEST WIND DIRECTION    120
 HIGHEST GUST SPEED    18     HIGHEST GUST DIRECTION    130
 AVERAGE WIND SPEED   4.0

SKY COVER
  POSSIBLE SUNSHINE    MM          AVERAGE SKY COVER     MM

WEATHER CONDITIONS
 THE FOLLOWING WEATHER WAS RECORDED YESTERDAY.
  FOG
RAIN


RELATIVE HUMIDITY
 HIGHEST RH     MM PERCENT       MM
 LOWEST  RH     MM PERCENT       MM
 AVERAGE RH     MM PERCENT       MM
...................................................................

THE YAKUTAT CLIMATE NORMALS FOR TODAY
                           NORMAL    RECORD   YEAR
 MAXIMUM TEMPERATURE (F)     35        46     2004
 MINIMUM TEMPERATURE (F)     24        -6     1964

SUNRISE AND SUNSET
 DEC 18 2014..........SUNRISE  9:15 AM      SUNSET  3:17 PM
 DEC 19 2014..........SUNRISE  9:16 AM      SUNSET  3:17 PM

-  INDICATES NEGATIVE NUMBERS.
R  INDICATES RECORD HAS BEEN SET OR TIED.
MM INDICATES DATA IS MISSING.
T  INDICATES TRACE OF PRECIPITATION.

&&
-------------------------------------------------------------------

AMOUNT OF DAYLIGHT TODAY  (HOUR:MIN)........6 HOURS 2 MINUTES
GAIN/LOSS SINCE YESTERDAY (HOUR:MIN:SEC)....-0:00:37

$$
*** DEC 14
