000
CDAK47 PAYA 030919
CLIYAK

CLIMATE REPORT
NATIONAL WEATHER SERVICE YAKUTAT, AK
119 AM AKDT MON AUG 3 2015

...................................
...THE YAKUTAT AP CLIMATE SUMMARY FOR AUGUST 2 2015...

CLIMATE NORMAL PERIOD  1981 TO  2010
CLIMATE RECORD PERIOD  1948 TO  2015

WEATHER ITEM   OBSERVED TIME    RECORD YEAR NORMAL DEPARTURE LAST
               VALUE    (LST)   VALUE       VALUE  FROM      YEAR
                                                   NORMAL
...................................................................
TEMPERATURE
YESTERDAY
 MAXIMUM            64  0254 PM    75  1999     61       3     62
 MINIMUM            49  0527 AM    39  2002     50      -1     49
 AVERAGE            57                          55       2     56

PRECIPITATION
(INCHES)
 YESTERDAY        0.00           1.45  2005   0.37   -0.37      T
 MONTH TO DATE       T                        0.73   -0.73      T
 SINCE JUN 1     20.46                       15.00    5.46  16.52
 SINCE JAN 1     71.04                       67.96    3.08  55.63

SNOWFALL
(INCHES)
 YESTERDAY         0.0            0.0  2015    0.0     0.0    0.0
 MONTH TO DATE     0.0                         0.0     0.0    0.0
 SINCE JUN 1       0.0                         0.0     0.0    0.0
 SINCE JUL 1       0.0                         0.0     0.0    0.0
 SNOW DEPTH (IN)     0                                          0

DEGREE DAYS
 HEATING
  YESTERDAY          8                          10      -2      9
  MONTH TO DATE     16                          20      -4     23
  SINCE JUN 1      618                         778    -160    782
  SINCE JUL 1      284                         352     -68    336

 COOLING
  YESTERDAY          0                           0       0      0
  MONTH TO DATE      0                           0       0      0
  SINCE JUN 1        0                           0       0      0
  SINCE JAN 1        0                           0       0      0
...................................................................

WIND (MPH)
 HIGHEST WIND SPEED    12     HIGHEST WIND DIRECTION    320
 HIGHEST GUST SPEED    17     HIGHEST GUST DIRECTION    310
 AVERAGE WIND SPEED   3.7

SKY COVER
  POSSIBLE SUNSHINE    MM          AVERAGE SKY COVER     MM

WEATHER CONDITIONS
 THE FOLLOWING WEATHER WAS RECORDED YESTERDAY.
  FOG


RELATIVE HUMIDITY
 HIGHEST RH     MM PERCENT       MM
 LOWEST  RH     MM PERCENT       MM
 AVERAGE RH     MM PERCENT       MM
...................................................................

THE YAKUTAT CLIMATE NORMALS FOR TODAY
                           NORMAL    RECORD   YEAR
 MAXIMUM TEMPERATURE (F)     61        75     2004
 MINIMUM TEMPERATURE (F)     49        38     2009

SUNRISE AND SUNSET
 AUG 3 2015..........SUNRISE  5:08 AM      SUNSET  9:41 PM
 AUG 4 2015..........SUNRISE  5:10 AM      SUNSET  9:39 PM

-  INDICATES NEGATIVE NUMBERS.
R  INDICATES RECORD HAS BEEN SET OR TIED.
MM INDICATES DATA IS MISSING.
T  INDICATES TRACE OF PRECIPITATION.

&&
-------------------------------------------------------------------

AMOUNT OF DAYLIGHT TODAY  (HOUR:MIN)........16 HOURS 33 MINUTES
GAIN/LOSS SINCE YESTERDAY (HOUR:MIN:SEC)....-0:04:45

$$
*** AUG 15
