000
CDUS46 KPDT 050935
CLIYKM

CLIMATE REPORT
NATIONAL WEATHER SERVICE PENDLETON OR
119 AM PST MON DEC 5 2016


...................................

...THE YAKIMA WA CLIMATE SUMMARY FOR DECEMBER 4 2016...

CLIMATE NORMAL PERIOD 1981 TO 2010
CLIMATE RECORD PERIOD 1946 TO 2016


WEATHER ITEM   OBSERVED TIME   RECORD YEAR NORMAL DEPARTURE LAST
                VALUE   (LST)  VALUE       VALUE  FROM      YEAR
                                                  NORMAL
..................................................................
TEMPERATURE (F)
 YESTERDAY
  MAXIMUM         49    142 PM  62    2007  39     10       37
  MINIMUM         26   1144 PM   2    1984  23      3       26
  AVERAGE         38                        30      8       32

PRECIPITATION (IN)
  YESTERDAY        0.00          0.40 1951   0.05  -0.05     0.00
  MONTH TO DATE    T                         0.20  -0.20     0.38
  SINCE OCT 1      3.05                      1.79   1.26     1.56
  SINCE JAN 1      9.11                      6.92   2.19     5.87

SNOWFALL (IN)
  YESTERDAY        0.0           2.9  2002   0.3   -0.3      0.0
  MONTH TO DATE    0.0                       1.1   -1.1      1.3
  SINCE JAN 1     12.5                      13.3   -0.8      5.9
  SINCE JUL 1      T                         4.7   -4.7      4.3
  SNOW DEPTH       0

DEGREE DAYS
 HEATING
  YESTERDAY       27                        34     -7       33
  MONTH TO DATE  110                       135    -25      137
  SINCE DEC 1    110                       135    -25      137
  SINCE JUL 1   1129                      1668   -539     1251

 COOLING
  YESTERDAY        0                         0      0        0
  MONTH TO DATE    0                         0      0        0
  SINCE DEC 1      0                         0      0        0
  SINCE JAN 1    774                       472    302     1094
..................................................................


WIND (MPH)
  HIGHEST WIND SPEED    26   HIGHEST WIND DIRECTION     W (270)
  HIGHEST GUST SPEED    35   HIGHEST GUST DIRECTION     W (280)
  AVERAGE WIND SPEED     7.7


SKY COVER
  POSSIBLE SUNSHINE  MM
  AVERAGE SKY COVER 0.1


WEATHER CONDITIONS
 THE FOLLOWING WEATHER WAS RECORDED YESTERDAY.
  NO SIGNIFICANT WEATHER WAS OBSERVED.


RELATIVE HUMIDITY (PERCENT)
 HIGHEST    89           700 AM
 LOWEST     31           300 PM
 AVERAGE    60

..........................................................


THE YAKIMA WA CLIMATE NORMALS FOR TODAY
                         NORMAL    RECORD    YEAR
 MAXIMUM TEMPERATURE (F)   38        58      1991
 MINIMUM TEMPERATURE (F)   22         1      1984


SUNRISE AND SUNSET
DECEMBER  5 2016......SUNRISE   731 AM PST   SUNSET   415 PM PST
DECEMBER  6 2016......SUNRISE   732 AM PST   SUNSET   415 PM PST


-  INDICATES NEGATIVE NUMBERS.
R  INDICATES RECORD WAS SET OR TIED.
MM INDICATES DATA IS MISSING.
T  INDICATES TRACE AMOUNT.




$$
