000
CDUS46 KPDT 310931
CLIYKM

CLIMATE REPORT
NATIONAL WEATHER SERVICE PENDLETON OR
231 AM PDT FRI JUL 31 2015


...................................

...THE YAKIMA WA CLIMATE SUMMARY FOR JULY 30 2015...

CLIMATE NORMAL PERIOD 1981 TO 2010
CLIMATE RECORD PERIOD 1946 TO 2015


WEATHER ITEM   OBSERVED TIME   RECORD YEAR NORMAL DEPARTURE LAST
                VALUE   (LST)  VALUE       VALUE  FROM      YEAR
                                                  NORMAL
..................................................................
TEMPERATURE (F)
 YESTERDAY
  MAXIMUM        102    420 PM 104    2014  90     12      104
                                      2003
                                      1971
  MINIMUM         53    456 AM  45    2006  54     -1       71
                                      1993
                                      1957
  AVERAGE         78                        72      6       88

PRECIPITATION (IN)
  YESTERDAY        0.00          0.33 1996   0.00   0.00     0.00
  MONTH TO DATE    0.06                      0.21  -0.15     0.06
  SINCE OCT 1      6.39                      7.62  -1.23     3.89
  SINCE JAN 1      4.29                      4.50  -0.21     3.06

SNOWFALL (IN)
  YESTERDAY        0.0           0.0  2002   0.0    0.0      0.0
                                      2001
                                      2000
  MONTH TO DATE    0.0                       0.0    0.0      0.0
  SINCE JAN 1      1.6                       8.6   -7.0     19.9
  SINCE JUL 1      0.0                       0.0    0.0      0.0
  SNOW DEPTH       0

DEGREE DAYS
 HEATING
  YESTERDAY        0                         0      0        0
  MONTH TO DATE    0                        19    -19        5
  SINCE JUN 1      3                       117   -114       35
  SINCE JUL 1      0                        19    -19        5

 COOLING
  YESTERDAY       13                         7      6       23
  MONTH TO DATE  364                       183    181      390
  SINCE JUN 1    671                       248    423      492
  SINCE JAN 1    763                       268    495      515
..................................................................


WIND (MPH)
  HIGHEST WIND SPEED    14   HIGHEST WIND DIRECTION     N (340)
  HIGHEST GUST SPEED    55   HIGHEST GUST DIRECTION    SW (220)
  AVERAGE WIND SPEED     6.9


SKY COVER
  POSSIBLE SUNSHINE  MM
  AVERAGE SKY COVER 0.0


WEATHER CONDITIONS
 THE FOLLOWING WEATHER WAS RECORDED YESTERDAY.
  NO SIGNIFICANT WEATHER WAS OBSERVED.


RELATIVE HUMIDITY (PERCENT)
 HIGHEST    66           500 AM
 LOWEST     11           300 PM
 AVERAGE    39

..........................................................


THE YAKIMA WA CLIMATE NORMALS FOR TODAY
                         NORMAL    RECORD    YEAR
 MAXIMUM TEMPERATURE (F)   90       108      1971
 MINIMUM TEMPERATURE (F)   54        42      1964


SUNRISE AND SUNSET
JULY 31 2015..........SUNRISE   541 AM PDT   SUNSET   835 PM PDT
AUGUST  1 2015........SUNRISE   543 AM PDT   SUNSET   833 PM PDT


-  INDICATES NEGATIVE NUMBERS.
R  INDICATES RECORD WAS SET OR TIED.
MM INDICATES DATA IS MISSING.
T  INDICATES TRACE AMOUNT.

$$
