000
CDUS46 KPDT 230031
CLIYKM

CLIMATE REPORT
NATIONAL WEATHER SERVICE PENDLETON OR
426 PM PST MON DEC 22 2014


...................................

...THE YAKIMA WA CLIMATE SUMMARY FOR DECEMBER 22 2014...
VALID TODAY AS OF 0400 PM LOCAL TIME.

CLIMATE NORMAL PERIOD 1981 TO 2010
CLIMATE RECORD PERIOD 1946 TO 2014


WEATHER ITEM   OBSERVED TIME   RECORD YEAR NORMAL DEPARTURE LAST
                VALUE   (LST)  VALUE       VALUE  FROM      YEAR
                                                  NORMAL
..................................................................
TEMPERATURE (F)
 TODAY
  MAXIMUM         56R   256 PM  56    1949  34     22       40
  MINIMUM         36    439 AM -10    1983  21     15       22
  AVERAGE         46                        27     19       31

PRECIPITATION (IN)
  TODAY            0.00          1.07 1964   0.05  -0.05     0.00
  MONTH TO DATE    0.86                      1.09  -0.23     0.32
  SINCE OCT 1      2.04                      2.68  -0.64     0.83
  SINCE JAN 1      6.46                      7.81  -1.35     5.49

SNOWFALL (IN)
  TODAY            0.0           5.2  1968   0.3   -0.3      0.0
  MONTH TO DATE    0.0                       6.6   -6.6       T
  SINCE JAN 1     19.9                      18.8    1.1      1.1
  SINCE JUL 1      T                        10.2  -10.2       T
  SNOW DEPTH       0

DEGREE DAYS
 HEATING
  TODAY           19                        38    -19       34
  MONTH TO DATE  602                       793   -191      845
  SINCE DEC 1    602                       793   -191      845
  SINCE JUL 1   1786                      2326   -540     2261

 COOLING
  TODAY            0                         0      0        0
  MONTH TO DATE    0                         0      0        0
  SINCE DEC 1      0                         0      0        0
  SINCE JAN 1    871                       472    399      970
..................................................................


WIND (MPH)
  HIGHEST WIND SPEED    18   HIGHEST WIND DIRECTION    NW (310)
  HIGHEST GUST SPEED    21   HIGHEST GUST DIRECTION    NW (310)
  AVERAGE WIND SPEED     7.2


SKY COVER
  POSSIBLE SUNSHINE  MM
  AVERAGE SKY COVER 0.0


WEATHER CONDITIONS
 THE FOLLOWING WEATHER WAS RECORDED TODAY.
  NO SIGNIFICANT WEATHER WAS OBSERVED.


RELATIVE HUMIDITY (PERCENT)
 HIGHEST    82           600 AM
 LOWEST     35           100 PM
 AVERAGE    59

..........................................................


THE YAKIMA WA CLIMATE NORMALS FOR TOMORROW
                         NORMAL    RECORD    YEAR
 MAXIMUM TEMPERATURE (F)   34        56      2013
 MINIMUM TEMPERATURE (F)   21       -13      1983


SUNRISE AND SUNSET
DECEMBER 22 2014......SUNRISE   744 AM PST   SUNSET   418 PM PST
DECEMBER 23 2014......SUNRISE   744 AM PST   SUNSET   418 PM PST


-  INDICATES NEGATIVE NUMBERS.
R  INDICATES RECORD WAS SET OR TIED.
MM INDICATES DATA IS MISSING.
T  INDICATES TRACE AMOUNT.




$$
