000
CDUS46 KPDT 200938
CLIYKM

CLIMATE REPORT
NATIONAL WEATHER SERVICE PENDLETON OR
238 AM PDT MON OCT 20 2014


...................................

...THE YAKIMA WA CLIMATE SUMMARY FOR OCTOBER 19 2014...

CLIMATE NORMAL PERIOD 1981 TO 2010
CLIMATE RECORD PERIOD 1946 TO 2014


WEATHER ITEM   OBSERVED TIME   RECORD YEAR NORMAL DEPARTURE LAST
                VALUE   (LST)  VALUE       VALUE  FROM      YEAR
                                                  NORMAL
..................................................................
TEMPERATURE (F)
 YESTERDAY
  MAXIMUM         71    317 PM  74    1992  62      9       67
                                      1981
  MINIMUM         46   1123 PM  17    1949  33     13       27
  AVERAGE         59                        48     11       47

PRECIPITATION (IN)
  YESTERDAY        0.00          0.63 1947   0.02  -0.02     0.00
  MONTH TO DATE    0.08                      0.27  -0.19     0.01
  SINCE OCT 1      0.08                      0.27  -0.19     0.01
  SINCE JAN 1      4.50                      5.40  -0.90     4.67

SNOWFALL (IN)
  YESTERDAY        0.0           0.0  2002   0.0    0.0      0.0
                                      2001
                                      1999
  MONTH TO DATE    0.0                       0.0    0.0      0.0
  SINCE JAN 1     19.9                       8.6   11.3      1.1
  SINCE JUL 1      0.0                       0.0    0.0      0.0
  SNOW DEPTH       0

DEGREE DAYS
 HEATING
  YESTERDAY        6                        17    -11       18
  MONTH TO DATE  120                       259   -139      292
  SINCE SEP 1    190                       419   -229      417
  SINCE JUL 1    196                       467   -271      417

 COOLING
  YESTERDAY        0                         0      0        0
  MONTH TO DATE    8                         0      8        0
  SINCE SEP 1     44                        32     12      135
  SINCE JAN 1    871                       472    399      970
..................................................................


WIND (MPH)
  HIGHEST WIND SPEED    10   HIGHEST WIND DIRECTION     W (260)
  HIGHEST GUST SPEED    12   HIGHEST GUST DIRECTION     W (260)
  AVERAGE WIND SPEED     5.4


SKY COVER
  POSSIBLE SUNSHINE  MM
  AVERAGE SKY COVER 0.0


WEATHER CONDITIONS
THE FOLLOWING WEATHER WAS RECORDED YESTERDAY.
  FOG
  HAZE


RELATIVE HUMIDITY (PERCENT)
 HIGHEST    93           100 AM
 LOWEST     51           100 PM
 AVERAGE    72

..........................................................


THE YAKIMA WA CLIMATE NORMALS FOR TODAY
                         NORMAL    RECORD    YEAR
 MAXIMUM TEMPERATURE (F)   62        77      2003
 MINIMUM TEMPERATURE (F)   33        18      1996


SUNRISE AND SUNSET
OCTOBER 20 2014.......SUNRISE   727 AM PDT   SUNSET   606 PM PDT
OCTOBER 21 2014.......SUNRISE   728 AM PDT   SUNSET   605 PM PDT


-  INDICATES NEGATIVE NUMBERS.
R  INDICATES RECORD WAS SET OR TIED.
MM INDICATES DATA IS MISSING.
T  INDICATES TRACE AMOUNT.

$$
