000
CDUS46 KPDT 280028
CLIYKM

CLIMATE REPORT
NATIONAL WEATHER SERVICE PENDLETON OR
525 PM PDT WED MAY 27 2015


...................................

...THE YAKIMA WA CLIMATE SUMMARY FOR MAY 27 2015...
VALID TODAY AS OF 0500 PM LOCAL TIME.

CLIMATE NORMAL PERIOD 1981 TO 2010
CLIMATE RECORD PERIOD 1946 TO 2015


WEATHER ITEM   OBSERVED TIME   RECORD YEAR NORMAL DEPARTURE LAST
                VALUE   (LST)  VALUE       VALUE  FROM      YEAR
                                                  NORMAL
..................................................................
TEMPERATURE (F)
 TODAY
  MAXIMUM         84    348 PM  91    1983  75      9       73
                                      1947
  MINIMUM         55    317 AM  32    1973  45     10       38
  AVERAGE         70                        60     10       56

PRECIPITATION (IN)
  TODAY            0.00          0.47 2010   0.02  -0.02      T
  MONTH TO DATE    1.80                      0.49   1.31     0.13
  SINCE OCT 1      6.32                      6.70  -0.38     3.75
  SINCE JAN 1      4.22                      3.58   0.64     2.92

SNOWFALL (IN)
  TODAY            0.0           0.0  2002   0.0    0.0      0.0
                                      2001
                                      2000
  MONTH TO DATE    0.0                       0.0    0.0      0.0
  SINCE JAN 1      1.6                       8.6   -7.0     19.9
  SINCE JUL 1      1.6                      21.6  -20.0     19.9
  SNOW DEPTH       0

DEGREE DAYS
 HEATING
  TODAY            0                         6     -6        9
  MONTH TO DATE   86                       239   -153      133
  SINCE MAR 1    925                      1394   -469     1148
  SINCE JUL 1   4507                      5921  -1414     5550

 COOLING
  TODAY            5                         1      4        0
  MONTH TO DATE   57                        16     41       19
  SINCE MAR 1     57                        17     40       19
  SINCE JAN 1     57                        17     40       19
..................................................................


WIND (MPH)
  HIGHEST WIND SPEED    13   HIGHEST WIND DIRECTION    NW (320)
  HIGHEST GUST SPEED    27   HIGHEST GUST DIRECTION    NW (330)
  AVERAGE WIND SPEED     5.4


SKY COVER
  POSSIBLE SUNSHINE  MM
  AVERAGE SKY COVER 0.4


WEATHER CONDITIONS
 THE FOLLOWING WEATHER WAS RECORDED TODAY.
  NO SIGNIFICANT WEATHER WAS OBSERVED.


RELATIVE HUMIDITY (PERCENT)
 HIGHEST    77           300 AM
 LOWEST     26           400 PM
 AVERAGE    52

..........................................................


THE YAKIMA WA CLIMATE NORMALS FOR TOMORROW
                         NORMAL    RECORD    YEAR
 MAXIMUM TEMPERATURE (F)   76        97      1983
 MINIMUM TEMPERATURE (F)   45        29      1976


SUNRISE AND SUNSET
MAY 27 2015...........SUNRISE   516 AM PDT   SUNSET   843 PM PDT
MAY 28 2015...........SUNRISE   516 AM PDT   SUNSET   844 PM PDT


-  INDICATES NEGATIVE NUMBERS.
R  INDICATES RECORD WAS SET OR TIED.
MM INDICATES DATA IS MISSING.
T  INDICATES TRACE AMOUNT.




$$
