000
CDUS46 KPDT 230842
CLIYKM

CLIMATE REPORT
NATIONAL WEATHER SERVICE PENDLETON OR
140 AM PDT TUE SEP 23 2014


...................................

...THE YAKIMA WA CLIMATE SUMMARY FOR SEPTEMBER 22 2014...

CLIMATE NORMAL PERIOD 1981 TO 2010
CLIMATE RECORD PERIOD 1946 TO 2014


WEATHER ITEM   OBSERVED TIME   RECORD YEAR NORMAL DEPARTURE LAST
                VALUE   (LST)  VALUE       VALUE  FROM      YEAR
                                                  NORMAL
..................................................................
TEMPERATURE (F)
 YESTERDAY
  MAXIMUM         85    316 PM  91    1966  76      9       68
                                      1947
  MINIMUM         54    359 AM  30    2000  42     12       41
                                      1981
  AVERAGE         70                        59     11       55

PRECIPITATION (IN)
  YESTERDAY        T             0.29 1973   0.01  -0.01     0.02
  MONTH TO DATE    T                         0.25  -0.25     0.13
  SINCE OCT 1      4.79                      8.14  -3.35     8.29
  SINCE JAN 1      3.96                      5.02  -1.06     4.49

SNOWFALL (IN)
  YESTERDAY        0.0           0.0  2002   0.0    0.0      0.0
                                      2001
                                      1999
  MONTH TO DATE    0.0                       0.0    0.0      0.0
  SINCE JAN 1     19.9                       8.6   11.3      1.1
  SINCE JUL 1      0.0                       0.0    0.0      0.0
  SNOW DEPTH       0

DEGREE DAYS
 HEATING
  YESTERDAY        0                         7     -7       10
  MONTH TO DATE   40                        92    -52       40
  SINCE SEP 1     40                        92    -52       40
  SINCE JUL 1     46                       140    -94       40

 COOLING
  YESTERDAY        5                         1      4        0
  MONTH TO DATE   36                        31      5      135
  SINCE SEP 1     36                        31      5      135
  SINCE JAN 1    863                       471    392      970
..................................................................


WIND (MPH)
  HIGHEST WIND SPEED    13   HIGHEST WIND DIRECTION     S (180)
  HIGHEST GUST SPEED    16   HIGHEST GUST DIRECTION     S (180)
  AVERAGE WIND SPEED     4.6


SKY COVER
  POSSIBLE SUNSHINE  MM
  AVERAGE SKY COVER 0.2


WEATHER CONDITIONS
 THE FOLLOWING WEATHER WAS RECORDED YESTERDAY.
  LIGHT RAIN


RELATIVE HUMIDITY (PERCENT)
 HIGHEST    77           100 AM
 LOWEST     29           200 PM
 AVERAGE    53

..........................................................


THE YAKIMA WA CLIMATE NORMALS FOR TODAY
                         NORMAL    RECORD    YEAR
 MAXIMUM TEMPERATURE (F)   75        90      1952
                                             1947
 MINIMUM TEMPERATURE (F)   41        25      2000


SUNRISE AND SUNSET
SEPTEMBER 23 2014.....SUNRISE   650 AM PDT   SUNSET   658 PM PDT
SEPTEMBER 24 2014.....SUNRISE   652 AM PDT   SUNSET   656 PM PDT


-  INDICATES NEGATIVE NUMBERS.
R  INDICATES RECORD WAS SET OR TIED.
MM INDICATES DATA IS MISSING.
T  INDICATES TRACE AMOUNT.




$$
