000
CDUS41 KCLE 250529
CLIYNG


CLIMATE REPORT
NATIONAL WEATHER SERVICE CLEVELAND OH
1228 AM EST SAT FEB 25 2017


...................................

...THE YOUNGSTOWN OH CLIMATE SUMMARY FOR FEBRUARY 24 2017...

CLIMATE NORMAL PERIOD 1981 TO 2010
CLIMATE RECORD PERIOD 1897 TO 2017


WEATHER ITEM   OBSERVED TIME   RECORD YEAR NORMAL DEPARTURE LAST
                VALUE   (LST)  VALUE       VALUE  FROM      YEAR
                                                  NORMAL
..................................................................
TEMPERATURE (F)
 YESTERDAY
  MAXIMUM         75R   307 PM  67    1961  38     37       54
  MINIMUM         54   1219 AM -10    2015  22     32       37
  AVERAGE         65                        30     35       46

PRECIPITATION (IN)
  YESTERDAY        0.01                      0.08  -0.07     1.24
  MONTH TO DATE    1.86                      1.81   0.05     3.52
  SINCE DEC 1     10.78                      7.35   3.43     9.12
  SINCE JAN 1      7.21                      4.36   2.85     4.93

SNOWFALL (IN)
  YESTERDAY        0.0                       0.5   -0.5      0.0
  MONTH TO DATE    6.0                      10.9   -4.9     17.3
  SINCE DEC 1     42.9                      42.5    0.4     29.9
  SINCE JUL 1     47.3                      46.9    0.4     30.3
  SNOW DEPTH       0

DEGREE DAYS
 HEATING
  YESTERDAY        0                        35    -35       19
  MONTH TO DATE  634                       889   -255      820
  SINCE DEC 1   2715                      3183   -468     2709
  SINCE JUL 1   3687                      4512   -825     3711

 COOLING
  YESTERDAY        0                         0      0        0
  MONTH TO DATE    0                         0      0        0
  SINCE DEC 1      0                         0      0        0
  SINCE JAN 1      0                         0      0        0
..................................................................


WIND (MPH)
  HIGHEST WIND SPEED    23   HIGHEST WIND DIRECTION    SW (220)
  HIGHEST GUST SPEED    35   HIGHEST GUST DIRECTION     S (190)
  AVERAGE WIND SPEED    11.1


SKY COVER
  POSSIBLE SUNSHINE  MM
  AVERAGE SKY COVER 0.8


WEATHER CONDITIONS
 THE FOLLOWING WEATHER WAS RECORDED YESTERDAY.
  LIGHT RAIN


RELATIVE HUMIDITY (PERCENT)
 HIGHEST    93           200 AM
 LOWEST     41           400 PM
 AVERAGE    67

..........................................................


THE YOUNGSTOWN OH CLIMATE NORMALS FOR TODAY
                         NORMAL    RECORD    YEAR
 MAXIMUM TEMPERATURE (F)   39        66      2000
                                             1976
 MINIMUM TEMPERATURE (F)   22        -3      1963


SUNRISE AND SUNSET
FEBRUARY 25 2017......SUNRISE   703 AM EST   SUNSET   609 PM EST
FEBRUARY 26 2017......SUNRISE   701 AM EST   SUNSET   610 PM EST


-  INDICATES NEGATIVE NUMBERS.
R  INDICATES RECORD WAS SET OR TIED.
MM INDICATES DATA IS MISSING.
T  INDICATES TRACE AMOUNT.




$$
