000
CDUS41 KCLE 250526
CLIYNG


CLIMATE REPORT
NATIONAL WEATHER SERVICE CLEVELAND OH
126 AM EDT SAT MAR 25 2017


...................................

...THE YOUNGSTOWN OH CLIMATE SUMMARY FOR MARCH 24 2017...

CLIMATE NORMAL PERIOD 1981 TO 2010
CLIMATE RECORD PERIOD 1897 TO 2017


WEATHER ITEM   OBSERVED TIME   RECORD YEAR NORMAL DEPARTURE LAST
                VALUE   (LST)  VALUE       VALUE  FROM      YEAR
                                                  NORMAL
..................................................................
TEMPERATURE (F)
 YESTERDAY
  MAXIMUM         72    415 PM  73    2016  49     23       73
  MINIMUM         39    448 AM   9    1940  30      9       54
  AVERAGE         56                        40     16       64

PRECIPITATION (IN)
  YESTERDAY        0.09                      0.10  -0.01     0.43
  MONTH TO DATE    3.07                      2.20   0.87     2.81
  SINCE MAR 1      3.07                      2.20   0.87     2.81
  SINCE JAN 1     10.95                      6.90   4.05     8.00

SNOWFALL (IN)
  YESTERDAY       MM                         0.3   MM        0.0
  MONTH TO DATE   20.1                       9.1   11.0      4.3
  SINCE MAR 1     20.1                       9.1   11.0      4.3
  SINCE JUL 1     67.5                      57.9    9.6     35.9
  SNOW DEPTH       0

DEGREE DAYS
 HEATING
  YESTERDAY        9                        25    -16        1
  MONTH TO DATE  775                       711     64      495
  SINCE MAR 1    775                       711     64      495
  SINCE JUL 1   4559                      5359   -800     4343

 COOLING
  YESTERDAY        0                         0      0        0
  MONTH TO DATE    0                         0      0        0
  SINCE MAR 1      0                         0      0        0
  SINCE JAN 1      0                         0      0        0
..................................................................


WIND (MPH)
  HIGHEST WIND SPEED    25   HIGHEST WIND DIRECTION    SW (240)
  HIGHEST GUST SPEED    34   HIGHEST GUST DIRECTION    SW (220)
  AVERAGE WIND SPEED    14.1


SKY COVER
  POSSIBLE SUNSHINE  MM
  AVERAGE SKY COVER 0.9


WEATHER CONDITIONS
 THE FOLLOWING WEATHER WAS RECORDED YESTERDAY.
  THUNDERSTORM
  LIGHT RAIN


RELATIVE HUMIDITY (PERCENT)
 HIGHEST    79           500 AM
 LOWEST     23          1200 AM
 AVERAGE    51

..........................................................


THE YOUNGSTOWN OH CLIMATE NORMALS FOR TODAY
                         NORMAL    RECORD    YEAR
 MAXIMUM TEMPERATURE (F)   50        79      1939
 MINIMUM TEMPERATURE (F)   31         3      1974


SUNRISE AND SUNSET
MARCH 25 2017.........SUNRISE   717 AM EDT   SUNSET   741 PM EDT
MARCH 26 2017.........SUNRISE   715 AM EDT   SUNSET   742 PM EDT


-  INDICATES NEGATIVE NUMBERS.
R  INDICATES RECORD WAS SET OR TIED.
MM INDICATES DATA IS MISSING.
T  INDICATES TRACE AMOUNT.




$$
