000
CDUS41 KCLE 292113
CLIYNG


CLIMATE REPORT
NATIONAL WEATHER SERVICE CLEVELAND OH
512 PM EDT FRI JUL 29 2016


...................................

...THE YOUNGSTOWN OH CLIMATE SUMMARY FOR JULY 29 2016...
VALID TODAY AS OF 0500 PM LOCAL TIME.

CLIMATE NORMAL PERIOD 1981 TO 2010
CLIMATE RECORD PERIOD 1897 TO 2016


WEATHER ITEM   OBSERVED TIME   RECORD YEAR NORMAL DEPARTURE LAST
                VALUE   (LST)  VALUE       VALUE  FROM      YEAR
                                                  NORMAL
..................................................................
TEMPERATURE (F)
 TODAY
  MAXIMUM         84   1247 PM 101    1941  81      3       91
  MINIMUM         63    305 AM  49    1968  60      3       65
  AVERAGE         74                        70      4       78

PRECIPITATION (IN)
  TODAY            0.84                      0.12   0.72      T
  MONTH TO DATE    3.82                      4.05  -0.23     4.00
  SINCE JUN 1      6.76                      7.93  -1.17    13.02
  SINCE JAN 1     21.86                     22.72  -0.86    28.00

SNOWFALL (IN)
  TODAY            0.0                       0.0    0.0      0.0
  MONTH TO DATE    0.0                       0.0    0.0      0.0
  SINCE JUN 1      0.0                       0.0    0.0      0.0
  SINCE JUL 1      0.0                       0.0    0.0      0.0
  SNOW DEPTH       0

DEGREE DAYS
 HEATING
  TODAY            0                         0      0        0
  MONTH TO DATE    6                         8     -2        7
  SINCE JUN 1     40                        77    -37       49
  SINCE JUL 1      6                         8     -2        7

 COOLING
  TODAY            9                         6      3       13
  MONTH TO DATE  239                       174     65      166
  SINCE JUN 1    381                       284     97      276
  SINCE JAN 1    436                       323    113      388
..................................................................


WIND (MPH)
  HIGHEST WIND SPEED    21   HIGHEST WIND DIRECTION    SE (150)
  HIGHEST GUST SPEED    25   HIGHEST GUST DIRECTION    SE (140)


SKY COVER
  POSSIBLE SUNSHINE  MM
  AVERAGE SKY COVER 0.8


WEATHER CONDITIONS
 THE FOLLOWING WEATHER WAS RECORDED TODAY.
  THUNDERSTORM
  HEAVY RAIN
  RAIN
  LIGHT RAIN
  FOG
  FOG W/VISIBILITY <= 1/4 MILE


RELATIVE HUMIDITY (PERCENT)
 HIGHEST   100          1200 AM
 LOWEST     58           100 PM
 AVERAGE    79

..........................................................


THE YOUNGSTOWN OH CLIMATE NORMALS FOR TOMORROW
                         NORMAL    RECORD    YEAR
 MAXIMUM TEMPERATURE (F)   81        95      1940
                                             1933
 MINIMUM TEMPERATURE (F)   60        46      1997
                                             1965


SUNRISE AND SUNSET
JULY 29 2016..........SUNRISE   616 AM EDT   SUNSET   842 PM EDT
JULY 30 2016..........SUNRISE   617 AM EDT   SUNSET   841 PM EDT


-  INDICATES NEGATIVE NUMBERS.
R  INDICATES RECORD WAS SET OR TIED.
MM INDICATES DATA IS MISSING.
T  INDICATES TRACE AMOUNT.




$$
