000
CDUS41 KPBZ 251331
CLIZZV


CLIMATE REPORT
NATIONAL WEATHER SERVICE PITTSBURGH PA
831 AM EST TUE NOV 25 2014


...................................

...THE ZANESVILLE OH CLIMATE SUMMARY FOR NOVEMBER 25 2014...
VALID AS OF 0800 AM LOCAL TIME.

CLIMATE NORMAL PERIOD 1981 TO 2010
CLIMATE RECORD PERIOD 1946 TO 2014


WEATHER ITEM   OBSERVED TIME   RECORD YEAR NORMAL DEPARTURE LAST
                VALUE   (LST)  VALUE       VALUE  FROM      YEAR
                                                  NORMAL
..................................................................
TEMPERATURE (F)
 TODAY
  MINIMUM         33    626 AM   6    1950  31      2       14

PRECIPITATION (IN)
  TODAY            0.00         MM      MM   0.11  -0.11      T
  MONTH TO DATE    1.44                      2.62  -1.18     2.62
  SINCE JUN 1     19.11                     19.30  -0.19    23.73
  SINCE JAN 1     33.44                     34.76  -1.32    34.32

DEGREE DAYS
 HEATING
  TODAY           28

 COOLING
  TODAY            0
..................................................................







THE ZANESVILLE OH CLIMATE NORMALS FOR TOMORROW
                         NORMAL    RECORD    YEAR
 MAXIMUM TEMPERATURE (F)   48        67      2006
 MINIMUM TEMPERATURE (F)   31        17      1980


SUNRISE AND SUNSET
NOVEMBER 25 2014......SUNRISE   724 AM EST   SUNSET   505 PM EST
NOVEMBER 26 2014......SUNRISE   725 AM EST   SUNSET   505 PM EST


-  INDICATES NEGATIVE NUMBERS.
R  INDICATES RECORD WAS SET OR TIED.
MM INDICATES DATA IS MISSING.
T  INDICATES TRACE AMOUNT.




$$
