000
CDUS41 KPBZ 261233
CLIZZV


CLIMATE REPORT
NATIONAL WEATHER SERVICE PITTSBURGH PA
833 AM EDT TUE MAY 26 2015


...................................

...THE ZANESVILLE OH CLIMATE SUMMARY FOR MAY 26 2015...
VALID AS OF 0800 AM LOCAL TIME.

CLIMATE NORMAL PERIOD 1981 TO 2010
CLIMATE RECORD PERIOD 1946 TO 2015


WEATHER ITEM   OBSERVED TIME   RECORD YEAR NORMAL DEPARTURE LAST
                VALUE   (LST)  VALUE       VALUE  FROM      YEAR
                                                  NORMAL
..................................................................
TEMPERATURE (F)
 TODAY
  MAXIMUM         68    659 AM  89    2012
  MINIMUM         64    529 AM  34    2013  52     12       50

PRECIPITATION (IN)
  TODAY            0.07         MM      MM   0.14  -0.07     0.00
  MONTH TO DATE    2.00                      3.47  -1.47     3.32
  SINCE JUN 1     37.80                     37.14   0.66    42.43
  SINCE JAN 1     15.39                     14.74   0.65    14.12

DEGREE DAYS
 HEATING
  TODAY            0

 COOLING
  TODAY            1
..................................................................







THE ZANESVILLE OH CLIMATE NORMALS FOR TOMORROW
                         NORMAL    RECORD    YEAR
 MAXIMUM TEMPERATURE (F)   75        89      2012
                                             1967
 MINIMUM TEMPERATURE (F)   52        36      1983


SUNRISE AND SUNSET
MAY 26 2015...........SUNRISE   604 AM EDT   SUNSET   845 PM EDT
MAY 27 2015...........SUNRISE   604 AM EDT   SUNSET   846 PM EDT


-  INDICATES NEGATIVE NUMBERS.
R  INDICATES RECORD WAS SET OR TIED.
MM INDICATES DATA IS MISSING.
T  INDICATES TRACE AMOUNT.




$$
