358
CDUS41 KPBZ 302112
CLIZZV


CLIMATE REPORT
NATIONAL WEATHER SERVICE PITTSBURGH PA
512 PM EDT SUN APR 30 2017


...................................

...THE ZANESVILLE OH CLIMATE SUMMARY FOR APRIL 30 2017...
VALID TODAY AS OF 0500 PM LOCAL TIME.

CLIMATE NORMAL PERIOD 1981 TO 2010
CLIMATE RECORD PERIOD 1946 TO 2017


WEATHER ITEM   OBSERVED TIME   RECORD YEAR NORMAL DEPARTURE LAST
                VALUE   (LST)  VALUE       VALUE  FROM      YEAR
                                                  NORMAL
..................................................................
TEMPERATURE (F)
 TODAY
  MAXIMUM         85    155 PM  88    1970  68     17       61
  MINIMUM         60    616 AM  28    1961  44     16       47
  AVERAGE         73                        56     17       54

PRECIPITATION (IN)
  TODAY            0.04         MM      MM   0.11  -0.07     0.22
  MONTH TO DATE    2.91                      3.44  -0.53     4.43
  SINCE JUN 1     32.03                     33.67  -1.64    34.87
  SINCE JAN 1     13.41                     11.27   2.14    12.54

DEGREE DAYS
 HEATING
  TODAY            0                         9     -9       11
  MONTH TO DATE  232                       412   -180      353
  SINCE MAR 1    933                      1166   -233      816
  SINCE JUL 1   4285                      5357  -1072     4162

 COOLING
  TODAY            8                         0      8        0
  MONTH TO DATE   29                         8     21        3
  SINCE MAR 1     31                         9     22        8
  SINCE JAN 1     32                         9     23        8
..................................................................


WIND (MPH)
  HIGHEST WIND SPEED    23   HIGHEST WIND DIRECTION    SW (210)
  HIGHEST GUST SPEED    30   HIGHEST GUST DIRECTION    SW (210)
  AVERAGE WIND SPEED     8.3


SKY COVER
  POSSIBLE SUNSHINE  MM
  AVERAGE SKY COVER 0.6


WEATHER CONDITIONS
 THE FOLLOWING WEATHER WAS RECORDED TODAY.
  THUNDERSTORM
  FOG
  FOG W/VISIBILITY <= 1/4 MILE


RELATIVE HUMIDITY (PERCENT)
 HIGHEST   100           700 AM
 LOWEST     48           100 PM
 AVERAGE    74

..........................................................


THE ZANESVILLE OH CLIMATE NORMALS FOR TOMORROW
                         NORMAL    RECORD    YEAR
 MAXIMUM TEMPERATURE (F)   68        88      1970
 MINIMUM TEMPERATURE (F)   45        28      1978


SUNRISE AND SUNSET
APRIL 30 2017.........SUNRISE   629 AM EDT   SUNSET   821 PM EDT
MAY  1 2017...........SUNRISE   627 AM EDT   SUNSET   822 PM EDT


-  INDICATES NEGATIVE NUMBERS.
R  INDICATES RECORD WAS SET OR TIED.
MM INDICATES DATA IS MISSING.
T  INDICATES TRACE AMOUNT.




$$
