000
CDUS41 KPBZ 290707
CLIZZV


CLIMATE REPORT
NATIONAL WEATHER SERVICE PITTSBURGH PA
306 AM EDT THU JUN 29 2017


...................................

...THE ZANESVILLE OH CLIMATE SUMMARY FOR JUNE 28 2017...

CLIMATE NORMAL PERIOD 1981 TO 2010
CLIMATE RECORD PERIOD 1895 TO 2017


WEATHER ITEM   OBSERVED TIME   RECORD YEAR NORMAL DEPARTURE LAST
                VALUE   (LST)  VALUE       VALUE  FROM      YEAR
                                                  NORMAL
..................................................................
TEMPERATURE (F)
 YESTERDAY
  MAXIMUM         77    458 PM 100    1934  83     -6       85
  MINIMUM         48    503 AM  46    1970  61    -13       64
                                      1950
  AVERAGE         63                        72     -9       75

PRECIPITATION (IN)
  YESTERDAY        0.00          2.43 1971   0.13  -0.13     0.00
  MONTH TO DATE    4.36                      3.77   0.59     2.44
  SINCE JUN 1      4.36                      3.77   0.59     2.44
  SINCE JAN 1     22.48                     19.23   3.25    17.42

DEGREE DAYS
 HEATING
  YESTERDAY        2                         0      2        0
  MONTH TO DATE   23                        30     -7        4
  SINCE JUN 1     23                        30     -7        4
  SINCE JUL 1   4450                      5569  -1119     4320

 COOLING
  YESTERDAY        0                         7     -7       10
  MONTH TO DATE  166                       143     23      274
  SINCE JUN 1    166                       143     23      274
  SINCE JAN 1    253                       197     56      368
..................................................................


WIND (MPH)
  HIGHEST WIND SPEED    13   HIGHEST WIND DIRECTION     S (170)
  HIGHEST GUST SPEED    20   HIGHEST GUST DIRECTION    NE (30)
  AVERAGE WIND SPEED     3.7


SKY COVER
  POSSIBLE SUNSHINE  MM
  AVERAGE SKY COVER 0.0


WEATHER CONDITIONS
 THE FOLLOWING WEATHER WAS RECORDED YESTERDAY.
  NO SIGNIFICANT WEATHER WAS OBSERVED.


RELATIVE HUMIDITY (PERCENT)
 HIGHEST    93          1200 AM
 LOWEST     43           200 PM
 AVERAGE    68

..........................................................


THE ZANESVILLE OH CLIMATE NORMALS FOR TODAY
                         NORMAL    RECORD    YEAR
 MAXIMUM TEMPERATURE (F)   83       101      1934
 MINIMUM TEMPERATURE (F)   61        45      1938


SUNRISE AND SUNSET
JUNE 29 2017..........SUNRISE   602 AM EDT   SUNSET   900 PM EDT
JUNE 30 2017..........SUNRISE   602 AM EDT   SUNSET   900 PM EDT


-  INDICATES NEGATIVE NUMBERS.
R  INDICATES RECORD WAS SET OR TIED.
MM INDICATES DATA IS MISSING.
T  INDICATES TRACE AMOUNT.




$$
