000
CDUS41 KPBZ 182116
CLIZZV


CLIMATE REPORT
NATIONAL WEATHER SERVICE PITTSBURGH PA
516 PM EDT FRI APR 18 2014


...................................

...THE ZANESVILLE OH CLIMATE SUMMARY FOR APRIL 18 2014...
VALID TODAY AS OF 0500 PM LOCAL TIME.

CLIMATE NORMAL PERIOD 1981 TO 2010
CLIMATE RECORD PERIOD 1946 TO 2014


WEATHER ITEM   OBSERVED TIME   RECORD YEAR NORMAL DEPARTURE LAST
                VALUE   (LST)  VALUE       VALUE  FROM      YEAR
                                                  NORMAL
..................................................................
TEMPERATURE (F)
 TODAY
  MAXIMUM         70    309 PM  87    1976  64      6       85
  MINIMUM         40   1258 AM  25    1983  41     -1       56
  AVERAGE         55                        52      3       71

PRECIPITATION (IN)
  TODAY            0.00         MM      MM   0.12  -0.12     0.00
  MONTH TO DATE    2.96                      2.07   0.89     1.03
  SINCE JUN 1     35.67                     32.30   3.37    31.00
  SINCE JAN 1      7.36                      9.90  -2.54     7.69

DEGREE DAYS
 HEATING
  TODAY           10                        13     -3        0
  MONTH TO DATE  248                       281    -33      226
  SINCE MAR 1   1149                      1034    115     1112
  SINCE JUL 1   5706                      5225    481     5243

 COOLING
  TODAY            0                         0      0        6
  MONTH TO DATE    5                         0      5       17
  SINCE MAR 1      5                         1      4       17
  SINCE JAN 1      5                         1      4       17
..................................................................


WIND (MPH)
  HIGHEST WIND SPEED    14   HIGHEST WIND DIRECTION     W (270)
  HIGHEST GUST SPEED    19   HIGHEST GUST DIRECTION     W (260)
  AVERAGE WIND SPEED     4.0


SKY COVER
  POSSIBLE SUNSHINE  MM
  AVERAGE SKY COVER 0.0


WEATHER CONDITIONS
 THE FOLLOWING WEATHER WAS RECORDED TODAY.
  NO SIGNIFICANT WEATHER WAS OBSERVED.


RELATIVE HUMIDITY (PERCENT)
 HIGHEST    70           100 AM
 LOWEST     25           300 PM
 AVERAGE    48

..........................................................


THE ZANESVILLE OH CLIMATE NORMALS FOR TOMORROW
                         NORMAL    RECORD    YEAR
 MAXIMUM TEMPERATURE (F)   65        85      1976
 MINIMUM TEMPERATURE (F)   41        21      1953


SUNRISE AND SUNSET
APRIL 18 2014.........SUNRISE   645 AM EDT   SUNSET   809 PM EDT
APRIL 19 2014.........SUNRISE   644 AM EDT   SUNSET   810 PM EDT


-  INDICATES NEGATIVE NUMBERS.
R  INDICATES RECORD WAS SET OR TIED.
MM INDICATES DATA IS MISSING.
T  INDICATES TRACE AMOUNT.




$$
