000
CDUS41 KPBZ 050832
CLIZZV


CLIMATE REPORT
NATIONAL WEATHER SERVICE PITTSBURGH PA
331 AM EST MON DEC 5 2016


...................................

...THE ZANESVILLE OH CLIMATE SUMMARY FOR DECEMBER 4 2016...

CLIMATE NORMAL PERIOD 1981 TO 2010
CLIMATE RECORD PERIOD 1946 TO 2016


WEATHER ITEM   OBSERVED TIME   RECORD YEAR NORMAL DEPARTURE LAST
                VALUE   (LST)  VALUE       VALUE  FROM      YEAR
                                                  NORMAL
..................................................................
TEMPERATURE (F)
 YESTERDAY
  MAXIMUM         43    259 PM  69    1982  44     -1       47
  MINIMUM         32    805 AM   3    1966  28      4       28
  AVERAGE         38                        36      2       38

PRECIPITATION (IN)
  YESTERDAY        0.19         MM      MM   0.09   0.10     0.00
  MONTH TO DATE    0.19                      0.35  -0.16     0.41
  SINCE JUN 1     14.55                     20.17  -5.62    19.41
  SINCE JAN 1     29.53                     35.63  -6.10    35.31

DEGREE DAYS
 HEATING
  YESTERDAY       27                        29     -2       27
  MONTH TO DATE  111                       114     -3       89
  SINCE DEC 1    111                       114     -3       89
  SINCE JUL 1    968                      1255   -287      931

 COOLING
  YESTERDAY        0                         0      0        0
  MONTH TO DATE    0                         0      0        0
  SINCE DEC 1      0                         0      0        0
  SINCE JAN 1   1355                       768    587      874
..................................................................


WIND (MPH)
  HIGHEST WIND SPEED    14   HIGHEST WIND DIRECTION     E (90)
  HIGHEST GUST SPEED    17   HIGHEST GUST DIRECTION     E (90)
  AVERAGE WIND SPEED     4.4


SKY COVER
  POSSIBLE SUNSHINE  MM
  AVERAGE SKY COVER 0.6


WEATHER CONDITIONS
 THE FOLLOWING WEATHER WAS RECORDED YESTERDAY.
  RAIN
  LIGHT RAIN
  FOG


RELATIVE HUMIDITY (PERCENT)
 HIGHEST    92           900 PM
 LOWEST     53           400 PM
 AVERAGE    73

..........................................................


THE ZANESVILLE OH CLIMATE NORMALS FOR TODAY
                         NORMAL    RECORD    YEAR
 MAXIMUM TEMPERATURE (F)   44        72      2001
 MINIMUM TEMPERATURE (F)   28         3      1957


SUNRISE AND SUNSET
DECEMBER  5 2016......SUNRISE   734 AM EST   SUNSET   502 PM EST
DECEMBER  6 2016......SUNRISE   735 AM EST   SUNSET   502 PM EST


-  INDICATES NEGATIVE NUMBERS.
R  INDICATES RECORD WAS SET OR TIED.
MM INDICATES DATA IS MISSING.
T  INDICATES TRACE AMOUNT.




$$
