296
CXUS51 KCAR 072145
CLMCAR

CLIMATE REPORT
NATIONAL WEATHER SERVICE CARIBOU, ME
953 AM EST WED JAN 4 2017

...................................

...THE CARIBOU ME CLIMATE SUMMARY FOR THE MONTH OF DECEMBER 2016...

CLIMATE NORMAL PERIOD 1981 TO 2010
CLIMATE RECORD PERIOD 1939 TO 2017

WEATHER         OBSERVED          NORMAL  DEPART  LAST YEAR`S
                 VALUE   DATE(S)  VALUE   FROM    VALUE  DATE(S)
                                          NORMAL
................................................................
TEMPERATURE (F)
RECORD
 HIGH              58   12/12/1950
                        12/05/1950
 LOW              -31   12/30/1989
HIGHEST            41   12/27        MM      MM       48  12/12
LOWEST            -17   12/20        MM      MM        0  12/29
                                                          12/28
AVG. MAXIMUM     24.9              26.2    -1.3     33.8
AVG. MINIMUM      8.3              10.3    -2.0     23.3
MEAN             16.6              18.2    -1.6     28.5
DAYS MAX >= 90      0               0.0     0.0        0
DAYS MAX <= 32     23              21.2     1.8       13
DAYS MIN <= 32     31              29.9     1.1       28
DAYS MIN <= 0       9               7.4     1.6        2

PRECIPITATION (INCHES)
RECORD
 MAXIMUM         7.97   1973
 MINIMUM         0.74   1963
TOTALS           4.20                      0.93
DAILY AVG.       0.14              0.11    0.03     0.16
DAYS >= .01        18              14.3     3.7       17
DAYS >= .10         8               7.4     0.6       12
DAYS >= .50         2               2.1    -0.1        2
DAYS >= 1.00        1               0.4     0.6        0
GREATEST
 24 HR. TOTAL    1.20   12/01 TO 12/01           12/15 TO 12/15
                                                          12/15 TO 12/15
                                                          12/15 TO 12/15

SNOWFALL (INCHES)
RECORDS
 TOTAL           59.9   1972
TOTALS           41.2              22.9    18.3     27.8
SINCE 7/1        61.4              35.1    26.3     31.9
SNOWDEPTH AVG.     17                 7      10        3
DAYS >= 1.0         8               5.8     2.2        8
GREATEST
 SNOW DEPTH        27   12/30                         13  12/31
                                                          12/30
 24 HR TOTAL     11.9   MM                       12/15 TO 12/15
                                                          12/15 TO 12/15
                                                          12/15 TO 12/15

DEGREE_DAYS
HEATING TOTAL    1493              1449      44     1122
 SINCE 7/1       3180              3594    -414     2940
COOLING TOTAL       0                 0       0        0
 SINCE 1/1        275               180      95      253
......................................................

WIND (MPH)
AVERAGE WIND SPEED              7.0
HIGHEST WIND SPEED/DIRECTION    33/300    DATE  12/25
HIGHEST GUST SPEED/DIRECTION    42/300    DATE  12/25

SKY COVER
POSSIBLE SUNSHINE (PERCENT)   MM
AVERAGE SKY COVER           0.70
NUMBER OF DAYS FAIR            6
NUMBER OF DAYS PC             11
NUMBER OF DAYS CLOUDY         14

AVERAGE RH (PERCENT)     78

WEATHER CONDITIONS. NUMBER OF DAYS WITH
THUNDERSTORM              0     MIXED PRECIP               0
HEAVY RAIN                0     RAIN                       0
LIGHT RAIN                1     FREEZING RAIN              2
LT FREEZING RAIN          2     HAIL                       0
HEAVY SNOW                7     SNOW                      10
LIGHT SNOW               23     SLEET                      0
FOG                      23     FOG W/VIS <= 1/4 MILE     10
HAZE                     14

-  INDICATES NEGATIVE NUMBERS.
R  INDICATES RECORD WAS SET OR TIED.
MM INDICATES DATA IS MISSING.
T  INDICATES TRACE AMOUNT.
--------------------------------------------------------------------------------------
...DECEMBER 2016 NORTHERN AND EASTERN MAINE CLIMATE NARRATIVE...

DECEMBER 2016 WILL BE REMEMBERED FOR BELOW AVERAGE TEMPERATURES AND
ABOVE AVERAGE PRECIPITATION...AND SNOWFALL.

TEMPERATURES AVERAGED FROM 1 TO 3 DEGREES BELOW AVERAGE ACROSS
NORTHERN AND EASTERN MAINE.  AT CARIBOU, THE AVERAGE TEMPERATURE OF
16.6 DEGREES WAS 1.6 DEGREES BELOW THE 30-YEAR (1981-2010) AVERAGE,
AND IT WAS THE COLDEST DECEMBER SINCE 2013. AT BANGOR, THE AVERAGE
TEMPERATURE OF 22.3 DEGREES WAS 2.3 DEGREES BELOW AVERAGE, AND WAS
ALSO THE COLDEST DECEMBER SINCE 2013.

THERE WERE A TOTAL OF 9 NIGHTS WITH A LOW TEMPERATURE BELOW ZERO AT
CARIBOU, WHICH WAS SLIGHTLY ABOVE THE LONG TERM AVERAGE OF 7.  AT
BANGOR, THERE WERE 5 NIGHTS WITH A LOW TEMPERATURE BELOW ZERO, WHICH
EQUALLED THE LONG TERM AVERAGE OF 5, AND WAS THE MOST SUB-ZERO LOWS
DURING THE MONTH OF DECEMBER SINCE 1993 WHEN THERE WERE ALSO 5
NIGHTS WITH A SUB-ZERO LOW.

SNOWFALL WAS WELL ABOVE AVERAGE.  AT CARIBOU, THERE WAS A TOTAL OF
41.2 INCHES OF SNOW WHICH WAS 18.3 INCHES ABOVE AVERAGE, AND IT
RANKED AS THE 7TH SNOWIEST DECEMBER ON RECORD AT CARIBOU.  IT ALSO
JOINED THE 40+ INCH CLUB.  OVER THE YEARS, THERE HAVE ONLY BEEN 19
MONTHS WITH 40 INCHES OR MORE OF SNOW. THERE WERE A TOTAL OF 20 DAYS
WITH MEASURABLE SNOWFALL AT CARIBOU, WHICH WAS THE 2ND MOST ON
RECORD BEHIND ONLY 2013 WHEN THERE WERE 23 DAYS WITH MEASURABLE
SNOWFALL.  THIS WAS WELL ABOVE THE LONG TERM AVERAGE OF 12 DAYS. THE
SNOW DEPTH OF 27 INCHES AT CARIBOU ON THE 30TH WAS THE 6TH GREATEST
SNOW DEPTH EVER OBSERVED AT CARIBOU DURING THE MONTH OF DECEMBER.

AT BANGOR, THERE WAS A TOTAL OF 18.4 INCHES OF SNOW, WHICH WAS 4
INCHES ABOVE AVERAGE. THERE WERE A TOTAL OF 7 DAYS WITH MEASURABLE
SNOWFALL, WHICH WAS CLOSE TO THE LONG TERM AVERAGE OF 6.

TOTAL PRECIPITATION FOR THE MONTH RANGED FROM 100 TO 150 PERCENT OF
AVERAGE ACROSS THE REGION, WITH THE EXCEPTION OF PORTIONS OF
WASHINGTON COUNTY WHERE PRECIPITATION RANGED FROM 75 TO 100 PERCENT
OF NORMAL.

SNOW DEPTH AT THE END OF DECEMBER RANGED FROM 20 TO 30 INCHES ACROSS
FAR NORTHERN MAINE AND THE NORTH WOODS WITH LOCALLY HIGHER AMOUNTS
LIKELY ACROSS THE HIGHER TERRAIN, 10 TO 20 INCHES ACROSS MOST OF
CENTRAL MAINE, AND GENERALLY FROM 1 TO 5 INCHES ACROSS THE DOWN EAST
REGION.

THE CLIMATE PREDICTION CENTER OUTLOOK FOR JANUARY CALLS FOR SLIGHTLY
GREATER PROBABILITIES FROM CLIMATOLOGY OF ABOVE AVERAGE
TEMPERATURES.  THERE ARE NO STRONG CLIMATE SIGNALS THAT WOULD POINT
TOWARD AN UNUSUALLY WET (SNOWY) OR DRY MONTH.  ON AVERAGE, SNOWFALL
DURING THE MONTH OF JANUARY RANGES FROM AROUND 2 FEET ACROSS THE
CROWN OF MAINE, WITH HIGHER AMOUNTS ACROSS THE HIGHER TERRAIN,
AND AROUND 1 1/2 FEET ACROSS THE DOWNEAST REGION.

TEMPERATURES REACH THEIR ANNUAL AVERAGE LOWS DURING THE MONTH OF
JANUARY WITH HIGHS IN THE TEENS ACROSS THE SAINT JOHN VALLEY TO THE
UPPER 20S IN THE BANGOR REGION.  AVERAGE LOWS BOTTOM OUT JUST BELOW
ZERO IN THE SAINT JOHN VALLEY TO THE SINGLE DIGITS ABOVE ZERO ACROSS
THE DOWN EAST REGION.  THERE IS A GAIN OF ABOUT 1 HOUR OF AVAILABLE
DAYLIGHT DURING THE MONTH OF JANUARY.

$$

CB/VJN
