000
CXUS51 KCAR 121129
CLMCAR

CLIMATE REPORT
NATIONAL WEATHER SERVICE CARIBOU, ME
251 AM EDT THU JUN 2 2016

...................................

...THE CARIBOU ME CLIMATE SUMMARY FOR THE MONTH OF MAY 2016...

CLIMATE NORMAL PERIOD 1981 TO 2010
CLIMATE RECORD PERIOD 1939 TO 2016

WEATHER         OBSERVED          NORMAL  DEPART  LAST YEAR`S
                 VALUE   DATE(S)  VALUE   FROM    VALUE  DATE(S)
                                          NORMAL
................................................................
TEMPERATURE (F)
RECORD
 HIGH              96   05/22/1977
 LOW               18   05/02/1974
HIGHEST            82   05/25        MM      MM       86  05/27
LOWEST             28   05/01        MM      MM       33  05/23
                                                          05/02
AVG. MAXIMUM     64.9              62.5     2.4     67.4
AVG. MINIMUM     42.9              40.5     2.4     44.0
MEAN             53.9              51.5     2.4     55.7
DAYS MAX >= 90      0               0.1    -0.1        0
DAYS MAX <= 32      0               0.0     0.0        0
DAYS MIN <= 32      3               3.5    -0.5        0
DAYS MIN <= 0       0               0.0     0.0        0

PRECIPITATION (INCHES)
RECORD
 MAXIMUM         6.27   1947
 MINIMUM         0.47   1982
TOTALS           2.96                     -0.37
DAILY AVG.       0.10              0.11   -0.01     0.09
DAYS >= .01        14              14.0     0.0       17
DAYS >= .10         9               8.4     0.6        9
DAYS >= .50         2               2.1    -0.1        0
DAYS >= 1.00        0               0.4    -0.4        0
GREATEST
 24 HR. TOTAL    0.89   05/15 TO 05/16           05/30 TO 05/31
                                                          05/31 TO 05/31
                                                          05/31 TO 05/31

SNOWFALL (INCHES)
RECORDS
 TOTAL           10.9   1967
TOTALS            4.8               0.5     4.3      0.3
SINCE 7/1        94.8             108.7   -13.9    142.1
SNOWDEPTH AVG.      0                MM      MM        0
DAYS >= 1.0         1               0.1     0.9        0
GREATEST
 SNOW DEPTH         1   05/16                         -1  05/23
 24 HR TOTAL      4.5   05/16 TO 05/16           05/31 TO 05/31
                                                          05/31 TO 05/31
                                                          05/31 TO 05/31

DEGREE_DAYS
HEATING TOTAL     345               423     -78      302
 SINCE 7/1       8217              9189    -972     9290
COOLING TOTAL       8                 5       3       21
 SINCE 1/1          8                 5       3       21
..................................................

WIND (MPH)
AVERAGE WIND SPEED              7.8
HIGHEST WIND SPEED/DIRECTION    28/250    DATE  05/09
HIGHEST GUST SPEED/DIRECTION    37/250    DATE  05/09

SKY COVER
POSSIBLE SUNSHINE (PERCENT)   MM
AVERAGE SKY COVER           0.60
NUMBER OF DAYS FAIR           11
NUMBER OF DAYS PC              7
NUMBER OF DAYS CLOUDY         13

AVERAGE RH (PERCENT)     65

WEATHER CONDITIONS. NUMBER OF DAYS WITH
THUNDERSTORM              0     MIXED PRECIP               0
HEAVY RAIN                2     RAIN                       6
LIGHT RAIN               17     FREEZING RAIN              0
LT FREEZING RAIN          0     HAIL                       0
HEAVY SNOW                1     SNOW                       1
LIGHT SNOW                4     SLEET                      0
FOG                      11     FOG W/VIS <= 1/4 MILE      2
HAZE                      0

-  INDICATES NEGATIVE NUMBERS.
R  INDICATES RECORD WAS SET OR TIED.
MM INDICATES DATA IS MISSING.
T  INDICATES TRACE AMOUNT.
--------------------------------------------------------------------------------------
...CLIMATE SUMMARY FOR MAY 2016 FOR NORTHERN AND EASTERN MAINE...

OVERALL, MAY 2016 FINISHED WITH ABOVE AVERAGE TEMPERATURES AND
BELOW AVERAGE PRECIPITATION ACROSS NORTHERN AND EASTERN MAINE.
MONTHLY TEMPERATURES AVERAGED FROM 2 TO 5 DEGREES ABOVE THE
30-YEAR AVERAGE. THE GREATEST DEPARTURES FROM AVERAGE WERE ACROSS
THE DOWNEAST REGION. PRECIPITATION WAS MORE VARIABLE, AND RANGED
FROM 50 TO 90 PERCENT OF THE 30-YEAR AVERAGE.

AT CARIBOU, THE AVERAGE TEMPERATURE OF 53.9 DEGREES WAS 2.4 DEGREES
ABOVE AVERAGE. IT RANKED AS THE 14TH WARMEST MAY ON RECORD. AT
BANGOR, THE AVERAGE TEMPERATURE OF 58.2 DEGREES WAS 4.5 DEGREES
ABOVE AVERAGE. IT WAS THE WARMEST MAY AT BANGOR SINCE 1998, AND
RANKED AS THE 9TH WARMEST MAY ON RECORD.

A TOTAL OF 2.96 INCHES OF RAIN (AND MELTED SNOW) WAS OBSERVED AT
CARIBOU, WHICH WAS 37 HUNDREDTHS (0.37") OF AN INCH BELOW
AVERAGE. AT BANGOR, A TOTAL OF 2.09 INCHES OF RAIN WAS OBSERVED,
WHICH WAS 1.55 INCHES BELOW AVERAGE. A TRACE OF SNOW AS OBSERVED.
IT WAS THE DRIEST MAY SINCE 2010.

THE MOST SIGNIFICANT EVENT OF THE MONTH WAS A 4.5 INCH SNOWFALL ON
MAY 16TH AT CARIBOU. IT WAS THE GREATEST SNOWFALL EVER OBSERVED SO
LATE IN THE SEASON. SNOWFALL RANGED FROM 4 TO 7 INCHES ACROSS
NORTHEAST AROOSTOOK COUNTY, AND WAS HEAVY ENOUGH TO STICK ON MANY
ROADS. THE HIGH TEMPERATURE OF 40 DEGREES WAS THE LOWEST HIGH
TEMPERATURE EVER OBSERVED ON MAY 16TH, AND BROKE THE PREVIOUS
RECORD OF 42 DEGREES IN 1957. IT WAS THE 2ND LOWEST HIGH
TEMPERATURE EVER OBSERVED DURING THE SECOND HALF OF MAY BEHIND
ONLY MAY 22, 1990 WHEN THE HIGH WAS 37 DEGREES.

THE OUTLOOK FROM THE CLIMATE PREDICTION CENTER FOR JUNE INDICATES
THAT THERE ARE NO STRONG CLIMATE SIGNALS THAT WOULD POINT TOWARD AN
UNUSUALLY WARM AND COOL MONTH. THERE IS AN INCREASED LIKELIHOOD OF
ABOVE AVERAGE PRECIPITATION.

DURING THE MONTH OF JUNE THE AVERAGE HIGH AT CARIBOU (BANGOR) CLIMBS
FROM 68 (70) DEGREES ON THE 1ST TO 74 (78) DEGREES BY THE END OF THE
MONTH. THE AVERAGE LOW RISES FROM 45 (48) ON THE 1ST TO 53 (56) BY
THE END OF THE MONTH. THE AVERAGE RAINFALL AT CARIBOU IS 3.48
INCHES, AND THE AVERAGE RAINFALL AT BANGOR IS 3.76 INCHES. THE
SUMMER SOLSTICE THIS YEAR IS ON JUNE 20TH AT 6:34 PM EDT.

$$

CB/VJN
