000
CXUS52 KCAE 171400
CF6CAE
PRELIMINARY LOCAL CLIMATOLOGICAL DATA (WS FORM: F-6)
STATION: COLUMBIA METRO AIRPORT SC
MONTH: APRIL
YEAR: 2024
LATITUDE: 33 57 N
LONGITUDE: 81 7 W
TEMPERATURE IN F: :PCPN: SNOW: WIND :SUNSHINE: SKY :PK WND
================================================================================
1 2 3 4 5 6A 6B 7 8 9 10 11 12 13 14 15 16 17 18
12Z AVG MX 2MIN
DY MAX MIN AVG DEP HDD CDD WTR SNW DPTH SPD SPD DIR MIN PSBL S-S WX SPD DR
================================================================================
1 82 62 72 12 0 7 0.00 0.0 0 10.1 22 250 M M 8 28 240
2 84 67 76 16 0 11 0.00 0.0 0 10.8 21 190 M M 7 18 29 190
3 76 51 64 3 1 0 1.36 0.0 0 14.5 36 160 M M 7 13 48 160
4 64 47 56 -5 9 0 0.00 0.0 0 13.3 29 270 M M 3 48 280
5 67 43 55 -6 10 0 0.00 0.0 0 6.5 17 10 M M 3 29 30
6 66 41 54 -8 11 0 0.00 0.0 0 5.3 18 290 M M 2 26 280
7 72 38 55 -7 10 0 0.00 0.0 0 2.5 12 90 M M 2 16 70
8 77 48 63 1 2 0 0.00 0.0 0 5.0 16 190 M M 4 21 190
9 66 58 62 0 3 0 0.01 0.0 0 2.9 8 210 M M 9 1 12 220
10 80 57 69 6 0 4 0.01 0.0 0 7.4 20 140 M M 9 1 27 130
11 82 65 74 11 0 9 0.48 0.0 0 15.8 29 110 M M 8 13 44 230
12 73 55 64 1 1 0 0.00 0.0 0 17.3 38 290 M M 2 51 280
13 76 45 61 -2 4 0 0.00 0.0 0 8.9 21 280 M M 0 28 300
14 86 44 65 1 0 0 0.00 0.0 0 4.7 17 250 M M 1 26 240
15 89 61 75 11 0 10 0.00 0.0 0 9.2 23 270 M M 0 29 240
16 87 61 74 10 0 9 0.00 0.0 0 5.7 14 250 M M 5 8 20 260
================================================================================
SM 1227 843 51 50 1.86 0.0 139.9 M 70
================================================================================
AV 76.7 52.7 8.7 FASTST M M 4 MAX(MPH)
MISC ----> 38 290 51 280
================================================================================
NOTES:
# LAST OF SEVERAL OCCURRENCES
COLUMN 17 PEAK WIND IN M.P.H.
PRELIMINARY LOCAL CLIMATOLOGICAL DATA (WS FORM: F-6) , PAGE 2
STATION: COLUMBIA METRO AIRPORT SC
MONTH: APRIL
YEAR: 2024
LATITUDE: 33 57 N
LONGITUDE: 81 7 W
[TEMPERATURE DATA] [PRECIPITATION DATA] SYMBOLS USED IN COLUMN 16
AVERAGE MONTHLY: 64.7 TOTAL FOR MONTH: 1.86 1 = FOG OR MIST
DPTR FM NORMAL: 2.5 DPTR FM NORMAL: 0.34 2 = FOG REDUCING VISIBILITY
HIGHEST: 89 ON 15 GRTST 24HR 1.36 ON 3- 3 TO 1/4 MILE OR LESS
LOWEST: 38 ON 7 3 = THUNDER
SNOW, ICE PELLETS, HAIL 4 = ICE PELLETS
TOTAL MONTH: 0.0 INCH 5 = HAIL
GRTST 24HR 0.0 6 = FREEZING RAIN OR DRIZZLE
GRTST DEPTH: 0 7 = DUSTSTORM OR SANDSTORM:
VSBY 1/2 MILE OR LESS
8 = SMOKE OR HAZE
[NO. OF DAYS WITH] [WEATHER - DAYS WITH] 9 = BLOWING SNOW
X = TORNADO
MAX 32 OR BELOW: 0 0.01 INCH OR MORE: 4
MAX 90 OR ABOVE: 0 0.10 INCH OR MORE: 2
MIN 32 OR BELOW: 0 0.50 INCH OR MORE: 1
MIN 0 OR BELOW: 0 1.00 INCH OR MORE: 1
[HDD (BASE 65) ]
TOTAL THIS MO. 51 CLEAR (SCALE 0-3) 7
DPTR FM NORMAL -25 PTCLDY (SCALE 4-7) 6
TOTAL FM JUL 1 2074 CLOUDY (SCALE 8-10) 3
DPTR FM NORMAL -348
[CDD (BASE 65) ]
TOTAL THIS MO. 50
DPTR FM NORMAL 18 [PRESSURE DATA]
TOTAL FM JAN 1 65 HIGHEST SLP M ON M
DPTR FM NORMAL 6 LOWEST SLP 29.38 ON 3
[REMARKS]