000
CXUS53 KMPX 180910
CF6EAU
PRELIMINARY LOCAL CLIMATOLOGICAL DATA (WS FORM: F-6)
STATION: EAU CLAIRE WI
MONTH: APRIL
YEAR: 2024
LATITUDE: 44 52 N
LONGITUDE: 91 29 W
TEMPERATURE IN F: :PCPN: SNOW: WIND :SUNSHINE: SKY :PK WND
================================================================================
1 2 3 4 5 6A 6B 7 8 9 10 11 12 13 14 15 16 17 18
12Z AVG MX 2MIN
DY MAX MIN AVG DEP HDD CDD WTR SNW DPTH SPD SPD DIR MIN PSBL S-S WX SPD DR
================================================================================
1 43 28 36 -2 29 0 0.00 0.0 0 6.9 17 100 M M 6 23 100
2 39 33 36 -3 29 0 0.31 1.6 T 10.7 20 360 M M 10 1 30 330
3 40 33 37 -2 28 0 T T 1 17.2 29 360 M M 10 18 45 360
4 48 26 37 -3 28 0 0.00 0.0 0 10.1 23 10 M M 7 31 20
5 57 22 40 0 25 0 0.00 0.0 0 2.9 13 10 M M 0 18 30
6 59 25 42 1 23 0 0.00 0.0 0 10.0 24 140 M M 0 31 150
7 45 40 43 2 22 0 0.57 0.0 0 15.1 28 120 M M 6 18 44 140
8 50 42 46 4 19 0 0.06 0.0 0 9.7 21 210 M M 10 1 30 240
9 62 42 52 10 13 0 T 0.0 0 9.0 21 250 M M 8 1 30 220
10 71 36 54 12 11 0 0.00 0.0 0 6.0 20 200 M M 4 1 27 220
11 67 38 53 10 12 0 0.01 0.0 0 8.7 22 320 M M 4 31 330
12 62 39 51 8 14 0 0.00 0.0 0 11.6 24 330 M M 2 33 320
13 78 30 54 10 11 0 0.00 0.0 0 9.1 24 200 M M 0 32 200
14 74 43 59 15 6 0 0.00 0.0 0 7.7 20 320 M M 0 30 310
15 70 39 55 10 10 0 T 0.0 0 6.3 14 50 M M 1 20 50
16 62 47 55 10 10 0 0.95 0.0 0 17.3 37 100 M M 5 13 53 100
17 53 41 47 1 18 0 0.80 0.0 0 10.5 23 290 M M 9 1 35 280
================================================================================
SM 980 604 308 0 2.70 1.6 168.8 M 82
================================================================================
AV 57.6 35.5 9.9 FASTST M M 5 MAX(MPH)
MISC ----> 37 100 53 100
================================================================================
NOTES:
# LAST OF SEVERAL OCCURRENCES
COLUMN 17 PEAK WIND IN M.P.H.
PRELIMINARY LOCAL CLIMATOLOGICAL DATA (WS FORM: F-6) , PAGE 2
STATION: EAU CLAIRE WI
MONTH: APRIL
YEAR: 2024
LATITUDE: 44 52 N
LONGITUDE: 91 29 W
[TEMPERATURE DATA] [PRECIPITATION DATA] SYMBOLS USED IN COLUMN 16
AVERAGE MONTHLY: 46.6 TOTAL FOR MONTH: 2.70 1 = FOG OR MIST
DPTR FM NORMAL: 4.6 DPTR FM NORMAL: 1.02 2 = FOG REDUCING VISIBILITY
HIGHEST: 78 ON 13 GRTST 24HR 1.74 ON 16-17 TO 1/4 MILE OR LESS
LOWEST: 22 ON 5 3 = THUNDER
SNOW, ICE PELLETS, HAIL 4 = ICE PELLETS
TOTAL MONTH: 1.6 INCHES 5 = HAIL
GRTST 24HR 1.6 ON 2- 2 6 = FREEZING RAIN OR DRIZZLE
GRTST DEPTH: 1 ON 3 7 = DUSTSTORM OR SANDSTORM:
VSBY 1/2 MILE OR LESS
8 = SMOKE OR HAZE
[NO. OF DAYS WITH] [WEATHER - DAYS WITH] 9 = BLOWING SNOW
X = TORNADO
MAX 32 OR BELOW: 0 0.01 INCH OR MORE: 6
MAX 90 OR ABOVE: 0 0.10 INCH OR MORE: 4
MIN 32 OR BELOW: 5 0.50 INCH OR MORE: 3
MIN 0 OR BELOW: 0 1.00 INCH OR MORE: 0
[HDD (BASE 65) ]
TOTAL THIS MO. 308 CLEAR (SCALE 0-3) 6
DPTR FM NORMAL -85 PTCLDY (SCALE 4-7) 7
TOTAL FM JUL 1 5912 CLOUDY (SCALE 8-10) 4
DPTR FM NORMAL -1476
[CDD (BASE 65) ]
TOTAL THIS MO. 0
DPTR FM NORMAL 0 [PRESSURE DATA]
TOTAL FM JAN 1 0 HIGHEST SLP M ON M
DPTR FM NORMAL 0 LOWEST SLP 29.39 ON 17
[REMARKS]