000
CXUS52 KMLB 190625
CF6MLB
PRELIMINARY LOCAL CLIMATOLOGICAL DATA (WS FORM: F-6)
STATION: MELBOURNE
MONTH: APRIL
YEAR: 2024
LATITUDE: 28 6 N
LONGITUDE: 80 39 W
TEMPERATURE IN F: :PCPN: SNOW: WIND :SUNSHINE: SKY :PK WND
================================================================================
1 2 3 4 5 6A 6B 7 8 9 10 11 12 13 14 15 16 17 18
12Z AVG MX 2MIN
DY MAX MIN AVG DEP HDD CDD WTR SNW DPTH SPD SPD DIR MIN PSBL S-S WX SPD DR
================================================================================
1 81 60 71 2 0 6 0.00 0.0 0 9.4 21 130 M M 0 28 140
2 87 65 76 6 0 11 0.00 0.0 0 9.2 18 120 M M 2 23 150
3 88 64 76 6 0 11 0.20 0.0 0 13.9 30 230 M M 5 1 43 220
4 78 56 67 -3 0 2 0.00 0.0 0 11.5 23 270 M M 2 32 290
5 80 51 66 -4 0 1 0.00 0.0 0 10.0 22 280 M M 0 29 280
6 77 55 66 -4 0 1 0.00 0.0 0 9.8 20 50 M M 0 24 50
7 75 53 64 -6 1 0 0.00 0.0 0 9.5 16 60 M M 0 21 100
8 77 66 72 1 0 7 0.00 0.0 0 11.5 17 80 M M 3 24 100
9 78 68 73 2 0 8 0.00 0.0 0 12.2 21 140 M M 2 30 120
10 81 71 76 5 0 11 T 0.0 0 15.3 25 130 M M 3 36 140
11 91 67 79 8 0 14 0.71 0.0 0 15.5 31 240 M M 5 13 48 250
12 81 58 70 -1 0 5 0.00 0.0 0 10.6 20 280 M M 1 26 310
13 76 53 65 -6 0 0 0.00 0.0 0 8.5 21 40 M M 0 26 20
14 80 50 65 -7 0 0 0.00 0.0 0 6.3 15 110 M M 0 19 100
15 78 57 68 -4 0 3 0.00 0.0 0 6.3 14 110 M M 0 21 110
16 80 59 70 -2 0 5 0.00 0.0 0 8.7 16 100 M M 0 23 100
17 80 70 75 3 0 10 0.00 0.0 0 10.6 16 140 M M 2 24 120
18 82 63 73 1 0 8 0.00 0.0 0 6.1 14 130 M M 1 20 100
================================================================================
SM 1450 1086 1 103 0.91 0.0 184.9 M 26
================================================================================
AV 80.6 60.3 10.3 FASTST M M 1 MAX(MPH)
MISC ----> 31 240 48 250
================================================================================
NOTES:
# LAST OF SEVERAL OCCURRENCES
COLUMN 17 PEAK WIND IN M.P.H.
PRELIMINARY LOCAL CLIMATOLOGICAL DATA (WS FORM: F-6) , PAGE 2
STATION: MELBOURNE
MONTH: APRIL
YEAR: 2024
LATITUDE: 28 6 N
LONGITUDE: 80 39 W
[TEMPERATURE DATA] [PRECIPITATION DATA] SYMBOLS USED IN COLUMN 16
AVERAGE MONTHLY: 70.4 TOTAL FOR MONTH: 0.91 1 = FOG OR MIST
DPTR FM NORMAL: -0.4 DPTR FM NORMAL: -0.42 2 = FOG REDUCING VISIBILITY
HIGHEST: 91 ON 11 GRTST 24HR 0.71 ON 11-11 TO 1/4 MILE OR LESS
LOWEST: 50 ON 14 3 = THUNDER
SNOW, ICE PELLETS, HAIL 4 = ICE PELLETS
TOTAL MONTH: 0.0 INCH 5 = HAIL
GRTST 24HR 0.0 6 = FREEZING RAIN OR DRIZZLE
GRTST DEPTH: 0 7 = DUSTSTORM OR SANDSTORM:
VSBY 1/2 MILE OR LESS
8 = SMOKE OR HAZE
[NO. OF DAYS WITH] [WEATHER - DAYS WITH] 9 = BLOWING SNOW
X = TORNADO
MAX 32 OR BELOW: 0 0.01 INCH OR MORE: 2
MAX 90 OR ABOVE: 1 0.10 INCH OR MORE: 2
MIN 32 OR BELOW: 0 0.50 INCH OR MORE: 1
MIN 0 OR BELOW: 0 1.00 INCH OR MORE: 0
[HDD (BASE 65) ]
TOTAL THIS MO. 1 CLEAR (SCALE 0-3) 15
DPTR FM NORMAL -7 PTCLDY (SCALE 4-7) 3
TOTAL FM JUL 1 328 CLOUDY (SCALE 8-10) 0
DPTR FM NORMAL -153
[CDD (BASE 65) ]
TOTAL THIS MO. 103
DPTR FM NORMAL -13 [PRESSURE DATA]
TOTAL FM JAN 1 401 HIGHEST SLP M ON M
DPTR FM NORMAL 17 LOWEST SLP 29.62 ON 3
[REMARKS]