000
CXHW50 PHFO 281250
CF6NGF
PRELIMINARY LOCAL CLIMATOLOGICAL DATA (WS FORM: F-6)
STATION: KANEOHE BAY MCAS HI
MONTH: MARCH
YEAR: 2024
LATITUDE: 21 25 N
LONGITUDE: 157 46 W
TEMPERATURE IN F: :PCPN: SNOW: WIND :SUNSHINE: SKY :PK WND
================================================================================
1 2 3 4 5 6A 6B 7 8 9 10 11 12 13 14 15 16 17 18
12Z AVG MX 2MIN
DY MAX MIN AVG DEP HDD CDD WTR SNW DPTH SPD SPD DIR MIN PSBL S-S WX SPD DR
================================================================================
1 83 75 79 6 0 14 0.00 M M 12.2 16 70 M M 6 30 80
2 83 74 79 6 0 14 T M M 13.3 16 70 M M 4 31 90
3 83 72 78 5 0 13 0.34 M M 11.8 18 30 M M 6 1 30 100
4 82 74 78 5 0 13 0.02 M M 12.7 17 70 M M 7 31 100
5 81 73 77 4 0 12 0.04 M M 16.3 21 50 M M 6 33 60
6 81 71 76 3 0 11 0.34 M M 18.2 23 60 M M 8 39 50
7 82 71 77 4 0 12 0.26 M M 18.7 22 60 M M 6 37 50
8 80 73 77 4 0 12 0.03 M M 18.3 23 60 M M 8 33 60
9 82 75 79 6 0 14 T M M 15.6 22 50 M M 6 31 50
10 81 74 78 5 0 13 0.01 M M 14.6 18 70 M M 6 32 60
11 81 75 78 5 0 13 T M M 12.3 16 80 M M 6 31 70
12 86 74 80 6 0 15 0.02 M M 8.5 14 90 M M 6 31 70
13 83 73 78 4 0 13 0.14 M M 4.4 15 350 M M 6 18 M M
14 78 72 75 1 0 10 0.26 M M 8.2 14 340 M M 10 1 M M
15 80 68 74 0 0 9 0.24 M M 8.2 14 30 M M 10 1 M M
16 81 71 76 2 0 11 0.00 M M 11.4 15 50 M M 6 M M
17 81 73 77 3 0 12 T M M 11.9 18 50 M M 8 30 60
18 82 73 78 4 0 13 0.00 M M 9.7 14 70 M M 5 20 70
19 83 74 79 5 0 14 T M M 11.0 15 60 M M 3 23 60
20 82 74 78 4 0 13 0.00 M M 12.5 17 60 M M 5 22 60
21 82 73 78 4 0 13 0.06 M M 14.4 21 40 M M 4 30 50
22 83 71 77 3 0 12 T M M 14.3 18 60 M M 5 28 60
23 82 73 78 4 0 13 0.04 M M 13.5 18 80 M M 6 36 50
24 84 76 80 6 0 15 T M M 12.0 16 90 M M 5 32 80
25 85 76 81 7 0 16 T M M 11.9 16 90 M M 8 30 M
26 84 76 80 6 0 15 T M M 10.5 14 60 M M 6 23 90
27 84 75 80 6 0 15 0.07 M M 11.9 17 60 M M 5 24 70
================================================================================
SM 2219 1979 0 350 1.87 M 338.4 M 167
================================================================================
AV 82.2 73.3 12.5 FASTST M M 6 MAX(MPH)
MISC ----> # 23 60 39 50
================================================================================
NOTES:
# LAST OF SEVERAL OCCURRENCES
COLUMN 17 PEAK WIND IN M.P.H.
PRELIMINARY LOCAL CLIMATOLOGICAL DATA (WS FORM: F-6) , PAGE 2
STATION: KANEOHE BAY MCAS HI
MONTH: MARCH
YEAR: 2024
LATITUDE: 21 25 N
LONGITUDE: 157 46 W
[TEMPERATURE DATA] [PRECIPITATION DATA] SYMBOLS USED IN COLUMN 16
AVERAGE MONTHLY: 77.7 TOTAL FOR MONTH: 1.87 1 = FOG OR MIST
DPTR FM NORMAL: 4.1 DPTR FM NORMAL: -1.44 2 = FOG REDUCING VISIBILITY
HIGHEST: 86 ON 12 GRTST 24HR 0.34 ON 3- 3 TO 1/4 MILE OR LESS
LOWEST: 68 ON 15 3 = THUNDER
SNOW, ICE PELLETS, HAIL 4 = ICE PELLETS
TOTAL MONTH: M 5 = HAIL
GRTST 24HR M ON M 6 = FREEZING RAIN OR DRIZZLE
GRTST DEPTH: M ON M 7 = DUSTSTORM OR SANDSTORM:
VSBY 1/2 MILE OR LESS
8 = SMOKE OR HAZE
[NO. OF DAYS WITH] [WEATHER - DAYS WITH] 9 = BLOWING SNOW
X = TORNADO
MAX 32 OR BELOW: 0 0.01 INCH OR MORE: 14
MAX 90 OR ABOVE: 0 0.10 INCH OR MORE: 6
MIN 32 OR BELOW: 0 0.50 INCH OR MORE: 0
MIN 0 OR BELOW: 0 1.00 INCH OR MORE: 0
[HDD (BASE 65) ]
TOTAL THIS MO. 0 CLEAR (SCALE 0-3) 1
DPTR FM NORMAL 0 PTCLDY (SCALE 4-7) 24
TOTAL FM JUL 1 0 CLOUDY (SCALE 8-10) 2
DPTR FM NORMAL 0
[CDD (BASE 65) ]
TOTAL THIS MO. 350
DPTR FM NORMAL 121 [PRESSURE DATA]
TOTAL FM JAN 1 1108 HIGHEST SLP M ON M
DPTR FM NORMAL 391 LOWEST SLP 31.99 ON 1
[REMARKS]