000
CXUS52 KTAE 180800
CF6TLH
PRELIMINARY LOCAL CLIMATOLOGICAL DATA (WS FORM: F-6)
STATION: TALLAHASSEE
MONTH: APRIL
YEAR: 2024
LATITUDE: 30 22 N
LONGITUDE: 84 22 W
TEMPERATURE IN F: :PCPN: SNOW: WIND :SUNSHINE: SKY :PK WND
================================================================================
1 2 3 4 5 6A 6B 7 8 9 10 11 12 13 14 15 16 17 18
12Z AVG MX 2MIN
DY MAX MIN AVG DEP HDD CDD WTR SNW DPTH SPD SPD DIR MIN PSBL S-S WX SPD DR
================================================================================
1 78 58 68 4 0 3 0.00 0.0 M 4.4 13 150 M M 5 12 17 160
2 81 64 73 9 0 8 0.00 0.0 M 7.2 17 200 M M 9 1 25 180
3 77 55 66 1 0 1 0.27 0.0 M 11.5 22 210 M M 6 13 31 210
4 74 44 59 -6 6 0 0.00 0.0 0 8.8 22 270 M M 0 30 300
5 79 42 61 -4 4 0 0.00 0.0 0 4.8 21 290 M M 0 29 290
6 75 43 59 -6 6 0 0.00 0.0 M 4.0 14 360 M M 3 19 30
7 80 43 62 -3 3 0 0.00 0.0 M 2.7 12 170 M M 3 1 15 100
8 77 51 64 -2 1 0 0.00 0.0 0 6.1 17 150 M M 1 22 150
9 78 57 68 2 0 3 0.00 0.0 0 7.2 22 150 M M 4 32 180
10 81 60 71 5 0 6 2.22 0.0 M 13.4 25 150 M M 6 3 38 140
11 80 57 69 3 0 4 4.89 0.0 M 16.3 31 230 M M 7 3 41 230
12 79 52 66 0 0 1 0.00 0.0 M 8.1 22 290 M M 0 35 300
13 82 44 63 -4 2 0 0.00 0.0 M 4.2 16 330 M M 1 23 330
14 86 48 67 0 0 2 0.00 0.0 M 3.2 16 190 M M 2 22 190
15 86 50 68 1 0 3 0.00 0.0 0 3.3 13 170 M M 0 22 180
16 84 52 68 1 0 3 0.00 0.0 M 4.2 15 180 M M 1 20 180
17 85 59 72 4 0 7 0.00 0.0 0 5.7 15 190 M M 2 23 170
================================================================================
SM 1362 879 22 41 7.38 0.0 115.1 M 50
================================================================================
AV 80.1 51.7 6.8 FASTST M M 3 MAX(MPH)
MISC ----> 31 230 41 230
================================================================================
NOTES:
# LAST OF SEVERAL OCCURRENCES
COLUMN 17 PEAK WIND IN M.P.H.
PRELIMINARY LOCAL CLIMATOLOGICAL DATA (WS FORM: F-6) , PAGE 2
STATION: TALLAHASSEE
MONTH: APRIL
YEAR: 2024
LATITUDE: 30 22 N
LONGITUDE: 84 22 W
[TEMPERATURE DATA] [PRECIPITATION DATA] SYMBOLS USED IN COLUMN 16
AVERAGE MONTHLY: 65.9 TOTAL FOR MONTH: 7.38 1 = FOG OR MIST
DPTR FM NORMAL: 0.1 DPTR FM NORMAL: 5.21 2 = FOG REDUCING VISIBILITY
HIGHEST: 86 ON 15,14 GRTST 24HR 7.11 ON 10-11 TO 1/4 MILE OR LESS
LOWEST: 42 ON 5 3 = THUNDER
SNOW, ICE PELLETS, HAIL 4 = ICE PELLETS
TOTAL MONTH: 0.0 INCH 5 = HAIL
GRTST 24HR 0.0 6 = FREEZING RAIN OR DRIZZLE
GRTST DEPTH: 0 7 = DUSTSTORM OR SANDSTORM:
VSBY 1/2 MILE OR LESS
8 = SMOKE OR HAZE
[NO. OF DAYS WITH] [WEATHER - DAYS WITH] 9 = BLOWING SNOW
X = TORNADO
MAX 32 OR BELOW: 0 0.01 INCH OR MORE: 3
MAX 90 OR ABOVE: 0 0.10 INCH OR MORE: 3
MIN 32 OR BELOW: 0 0.50 INCH OR MORE: 2
MIN 0 OR BELOW: 0 1.00 INCH OR MORE: 2
[HDD (BASE 65) ]
TOTAL THIS MO. 22 CLEAR (SCALE 0-3) 11
DPTR FM NORMAL -19 PTCLDY (SCALE 4-7) 5
TOTAL FM JUL 1 1157 CLOUDY (SCALE 8-10) 1
DPTR FM NORMAL -301
[CDD (BASE 65) ]
TOTAL THIS MO. 41
DPTR FM NORMAL -13 [PRESSURE DATA]
TOTAL FM JAN 1 143 HIGHEST SLP M ON M
DPTR FM NORMAL 16 LOWEST SLP 29.56 ON 3
[REMARKS]