000
CXUS54 KFWD 260731
CF6TRL
PRELIMINARY LOCAL CLIMATOLOGICAL DATA (WS FORM: F-6)
STATION: TERRELL
MONTH: APRIL
YEAR: 2024
LATITUDE: 32 42 N
LONGITUDE: 96 16 W
TEMPERATURE IN F: :PCPN: SNOW: WIND :SUNSHINE: SKY :PK WND
================================================================================
1 2 3 4 5 6A 6B 7 8 9 10 11 12 13 14 15 16 17 18
12Z AVG MX 2MIN
DY MAX MIN AVG DEP HDD CDD WTR SNW DPTH SPD SPD DIR MIN PSBL S-S WX SPD DR
================================================================================
1 80 67 74 12 0 9 0.31 M M 12.5 22 160 M M 8 138 29 190
2 67 48 58 -4 7 0 0.01 M M 10.2 22 300 M M 4 3 33 300
3 71 44 58 -4 7 0 0.00 M M 7.6 22 310 M M 0 8 29 300
4 80 42 61 -1 4 0 0.00 M M 3.4 13 230 M M 0 8 17 230
5 82 53 68 5 0 3 0.00 M M 6.7 15 170 M M 0 20 160
6 80 58 69 6 0 4 0.00 M M 12.6 24 180 M M 3 33 170
7 76 51 64 1 1 0 T M M 6.9 18 240 M M 2 24 230
8 82 50 66 3 0 1 0.15 M M 6.8 29 140 M M 6 138 40 190
9 69 60 65 1 0 0 0.68 M M 10.6 28 10 M M 8 13 42 10
10 65 55 60 -4 5 0 0.18 M M 10.1 24 300 M M 9 138 40 300
11 72 48 60 -4 5 0 0.00 M M 8.3 21 320 M M 0 31 320
12 79 44 62 -2 3 0 0.00 M M 5.2 16 170 M M 0 21 180
13 81 55 68 4 0 3 0.00 M M 11.0 24 170 M M 0 35 170
14 77 62 70 5 0 5 0.00 M M 11.8 21 210 M M 5 29 210
15 77 66 72 7 0 7 0.00 M M 11.3 22 140 M M 7 1 31 160
16 79 68 74 9 0 9 0.01 M M 10.8 21 180 M M 7 13 28 160
17 83 68 76 11 0 11 0.00 M M 6.6 16 150 M M 5 18 21 170
18 82 66 74 8 0 9 T M M 7.6 16 350 M M 6 18 25 340
19 71 59 65 -1 0 0 T M M 8.5 15 10 M M 10 23 340
20 63 48 56 -10 9 0 3.05 M M 12.3 26 20 M M 10 13 37 20
21 66 47 57 -9 8 0 0.00 M M 7.8 20 20 M M 3 25 30
22 69 41 55 -11 10 0 T M M 5.3 15 180 M M 0 20 180
23 76 53 65 -2 0 0 0.00 M M 10.6 23 170 M M 4 33 170
24 81 64 73 6 0 8 0.00 M M 5.9 15 170 M M 5 19 160
25 79 65 72 5 0 7 0.00 M M 11.8 22 150 M M 7 30 170
================================================================================
SM 1887 1382 59 76 4.39 M 222.2 M 109
================================================================================
AV 75.5 55.3 8.9 FASTST M M 4 MAX(MPH)
MISC ----> 29 140 42 10
================================================================================
NOTES:
# LAST OF SEVERAL OCCURRENCES
COLUMN 17 PEAK WIND IN M.P.H.
PRELIMINARY LOCAL CLIMATOLOGICAL DATA (WS FORM: F-6) , PAGE 2
STATION: TERRELL
MONTH: APRIL
YEAR: 2024
LATITUDE: 32 42 N
LONGITUDE: 96 16 W
[TEMPERATURE DATA] [PRECIPITATION DATA] SYMBOLS USED IN COLUMN 16
AVERAGE MONTHLY: 65.4 TOTAL FOR MONTH: 4.39 1 = FOG OR MIST
DPTR FM NORMAL: 0.9 DPTR FM NORMAL: 1.89 2 = FOG REDUCING VISIBILITY
HIGHEST: 83 ON 17 GRTST 24HR 3.05 ON 20-20 TO 1/4 MILE OR LESS
LOWEST: 41 ON 22 3 = THUNDER
SNOW, ICE PELLETS, HAIL 4 = ICE PELLETS
TOTAL MONTH: M 5 = HAIL
GRTST 24HR M ON M 6 = FREEZING RAIN OR DRIZZLE
GRTST DEPTH: M ON M 7 = DUSTSTORM OR SANDSTORM:
VSBY 1/2 MILE OR LESS
8 = SMOKE OR HAZE
[NO. OF DAYS WITH] [WEATHER - DAYS WITH] 9 = BLOWING SNOW
X = TORNADO
MAX 32 OR BELOW: 0 0.01 INCH OR MORE: 7
MAX 90 OR ABOVE: 0 0.10 INCH OR MORE: 5
MIN 32 OR BELOW: 0 0.50 INCH OR MORE: 2
MIN 0 OR BELOW: 0 1.00 INCH OR MORE: 1
[HDD (BASE 65) ]
TOTAL THIS MO. 59 CLEAR (SCALE 0-3) 8
DPTR FM NORMAL -24 PTCLDY (SCALE 4-7) 13
TOTAL FM JUL 1 2007 CLOUDY (SCALE 8-10) 4
DPTR FM NORMAL -187
[CDD (BASE 65) ]
TOTAL THIS MO. 76
DPTR FM NORMAL 5 [PRESSURE DATA]
TOTAL FM JAN 1 144 HIGHEST SLP M ON M
DPTR FM NORMAL 31 LOWEST SLP 29.52 ON 1
[REMARKS]