000
CXUS52 KMFL 011311
CLMMIA
CLIMATE REPORT
NATIONAL WEATHER SERVICE MIAMI, FL
911 AM EDT MON APR 01 2024
...................................
...THE MIAMI CLIMATE SUMMARY FOR THE MONTH OF MARCH 2024...
CLIMATE NORMAL PERIOD: 1991 TO 2020
CLIMATE RECORD PERIOD: 1895 TO 2024
WEATHER OBSERVED NORMAL DEPART LAST YEAR`S
VALUE DATE(S) VALUE FROM VALUE
NORMAL
..............................................................
TEMPERATURE (F)
RECORD
HIGH 93 03/22/2003
LOW 32 03/03/1980
HIGHEST 91 03/18 91
LOWEST 63 03/20 59
AVG. MAXIMUM 82.4 80.6 1.8 84.5
AVG. MINIMUM 69.1 65.6 3.5 69.1
MEAN 75.8 73.1 2.7 76.8
DAYS MAX >= 90 1 MM
DAYS MAX <= 32 0 MM
DAYS MIN <= 32 0 0
DAYS MIN <= 0 0 0
PRECIPITATION (INCHES)
RECORD
MAXIMUM 10.57 1986
MINIMUM 0.00 1902
TOTALS 4.78 2.46 2.32 4.50
DAILY AVG. 0.15 0.08 0.07
DAYS >= .01 6 8
DAYS >= .10 4 4
DAYS >= .50 3 1
DAYS >= 1.00 2 1
GREATEST
24 HR. TOTAL 3.70 03/22 TO 03/23 3.67
DEGREE DAYS
HEATING TOTAL 0 8 -8 0
SINCE 7/1 25 95 -70 MM
COOLING TOTAL 342 260 82 372
SINCE 1/1 671 598 73 MM
..............................................................
WIND (MPH)
AVERAGE WIND SPEED 8.6
HIGHEST WIND SPEED/DIRECTION 24/120 DATE 03/23
24/090 03/25
24/250 03/28
HIGHEST GUST SPEED/DIRECTION 37/150 DATE 03/09
37/260 03/28
SKY COVER
POSSIBLE SUNSHINE (PERCENT) MM
AVERAGE SKY COVER 0.60
NUMBER OF DAYS FAIR 4
NUMBER OF DAYS PC 21
NUMBER OF DAYS CLOUDY 6
AVERAGE RH (PERCENT) 70
WEATHER CONDITIONS. NUMBER OF DAYS WITH
THUNDERSTORM 5 MIXED PRECIP 0
HEAVY RAIN 2 RAIN 3
LIGHT RAIN 10 FREEZING RAIN 0
LT FREEZING RAIN 0 HAIL 0
HEAVY SNOW 0 SNOW 0
LIGHT SNOW 0 SLEET 0
FOG 6 FOG W/VIS <= 1/4 MILE 0
HAZE 1
- INDICATES NEGATIVE NUMBERS.
R INDICATES RECORD WAS SET OR TIED.
MM INDICATES DATA IS MISSING.
T INDICATES TRACE AMOUNT.
$$