000
CXUS54 KFWD 072153
CF60F2
PRELIMINARY LOCAL CLIMATOLOGICAL DATA (WS FORM: F-6)
STATION: BOWIE
MONTH: AUGUST
YEAR: 2022
LATITUDE: 33 36 N
LONGITUDE: 97 47 W
TEMPERATURE IN F: :PCPN: SNOW: WIND :SUNSHINE: SKY :PK WND
================================================================================
1 2 3 4 5 6A 6B 7 8 9 10 11 12 13 14 15 16 17 18
12Z AVG MX 2MIN
DY MAX MIN AVG DEP HDD CDD WTR SNW DPTH SPD SPD DIR MIN PSBL S-S WX SPD DR
================================================================================
1 100 81 91 8 0 26 0.00 M M 8.6 13 180 M M 0 18 180
2 102 77 90 7 0 25 0.00 M M 8.0 15 170 M M 0 23 170
3 103 81 92 9 0 27 0.00 M M 9.4 16 180 M M 0 23 180
4 103 79 91 8 0 26 0.00 M M 8.2 14 120 M M 0 21 130
5 104 74 89 6 0 24 0.00 M M 7.0 14 170 M M 0 22 140
6 99 76 88 5 0 23 0.00 M M 7.7 12 140 M M 0 21 120
7 99 76 88 5 0 23 0.00 M M 7.4 13 170 M M 1 20 170
8 100 77 89 6 0 24 0.00 M M 5.2 13 190 M M 3 20 240
9 96 75 86 3 0 21 0.00 M M 4.9 14 100 M M 2 18 100
10 97 71 84 1 0 19 0.02 M M 3.6 18 250 M M 3 48 160
11 97 69 83 0 0 18 0.00 M M 2.7 9 90 M M 2 18 70
12 96 73 85 2 0 20 0.00 M M 4.5 10 100 M M 1 M M
13 97 75 86 3 0 21 0.00 M M 4.3 9 100 M M 2 18 140
14 98 69 84 1 0 19 0.00 M M 4.1 8 100 M M 0 16 120
15 98 73 86 3 0 21 0.00 M M 6.2 10 150 M M 0 20 200
16 99 71 85 2 0 20 0.00 M M 3.3 8 230 M M 0 9 250
17 97 72 85 2 0 20 0.00 M M 5.9 16 20 M M 1 25 20
18 87 72 80 -2 0 15 M M M 3.2 8 350 M M 6 M M
19 93 70 82 0 0 17 0.00 M M 2.9 8 120 M M 5 12 M M
20 95 69 82 0 0 17 M M M 4.8 9 340 M M 2 21 170
21 79 68 74 -8 0 9 M M M 6.2 14 10 M M 8 21 10
22 81 72 77 -5 0 12 0.10 M M 4.4 9 70 M M 8 16 50
23 85 71 78 -4 0 13 0.00 M M 4.0 8 20 M M 9 16 20
24 88 71 80 -2 0 15 0.00 M M 3.1 10 90 M M 4 16 90
25 91 70 81 0 0 16 0.00 M M 2.5 7 100 M M 2 8 M M
26 92 69 81 0 0 16 0.00 M M 3.2 9 90 M M 2 16 120
27 95 71 83 2 0 18 0.00 M M 3.4 8 120 M M 1 M M
28 95 76 86 5 0 21 0.00 M M 8.3 12 160 M M 1 20 160
29 92 70 81 1 0 16 0.02 M M 8.0 21 10 M M 2 30 10
30 89 71 80 0 0 15 0.00 M M 3.6 8 100 M M 4 M M
31 88 71 80 0 0 15 0.00 M M 2.7 10 180 M M 3 1 20 140
================================================================================
SM 2935 2260 0 592 0.14 M 161.4 M 72
================================================================================
AV 94.7 72.9 5.2 FASTST M M 2 MAX(MPH)
MISC ----> 21 10 48 160
================================================================================
NOTES:
# LAST OF SEVERAL OCCURRENCES
COLUMN 17 PEAK WIND IN M.P.H.
PRELIMINARY LOCAL CLIMATOLOGICAL DATA (WS FORM: F-6) , PAGE 2
STATION: BOWIE
MONTH: AUGUST
YEAR: 2022
LATITUDE: 33 36 N
LONGITUDE: 97 47 W
[TEMPERATURE DATA] [PRECIPITATION DATA] SYMBOLS USED IN COLUMN 16
AVERAGE MONTHLY: 83.8 TOTAL FOR MONTH: 0.14 1 = FOG OR MIST
DPTR FM NORMAL: 1.5 DPTR FM NORMAL: -1.93 2 = FOG REDUCING VISIBILITY
HIGHEST: 104 ON 5 GRTST 24HR 0.10 ON 22-22 TO 1/4 MILE OR LESS
LOWEST: 68 ON 21 3 = THUNDER
SNOW, ICE PELLETS, HAIL 4 = ICE PELLETS
TOTAL MONTH: M 5 = HAIL
GRTST 24HR M ON M 6 = FREEZING RAIN OR DRIZZLE
GRTST DEPTH: M ON M 7 = DUSTSTORM OR SANDSTORM:
VSBY 1/2 MILE OR LESS
8 = SMOKE OR HAZE
[NO. OF DAYS WITH] [WEATHER - DAYS WITH] 9 = BLOWING SNOW
X = TORNADO
MAX 32 OR BELOW: 0 0.01 INCH OR MORE: 3
MAX 90 OR ABOVE: 24 0.10 INCH OR MORE: 1
MIN 32 OR BELOW: 0 0.50 INCH OR MORE: 0
MIN 0 OR BELOW: 0 1.00 INCH OR MORE: 0
[HDD (BASE 65) ]
TOTAL THIS MO. 0 CLEAR (SCALE 0-3) 23
DPTR FM NORMAL 0 PTCLDY (SCALE 4-7) 7
TOTAL FM JUL 1 0 CLOUDY (SCALE 8-10) 1
DPTR FM NORMAL 0
[CDD (BASE 65) ]
TOTAL THIS MO. 592
DPTR FM NORMAL 56 [PRESSURE DATA]
TOTAL FM JAN 1 2259 HIGHEST SLP M ON M
DPTR FM NORMAL 568 LOWEST SLP M ON M
[REMARKS]
#FINAL-08-22#