000
CXUS54 KHGX 021411
CF611R
PRELIMINARY LOCAL CLIMATOLOGICAL DATA (WS FORM: F-6)
STATION: BRENHAM
MONTH: MARCH
YEAR: 2022
LATITUDE: 30 13 N
LONGITUDE: 96 22 W
TEMPERATURE IN F: :PCPN: SNOW: WIND :SUNSHINE: SKY :PK WND
================================================================================
1 2 3 4 5 6A 6B 7 8 9 10 11 12 13 14 15 16 17 18
12Z AVG MX 2MIN
DY MAX MIN AVG DEP HDD CDD WTR SNW DPTH SPD SPD DIR MIN PSBL S-S WX SPD DR
================================================================================
1 73 35 54 M 11 0 0.00 0.0 0 1.1 6 210 M M 0 M M
2 75 40 58 M 7 0 0.00 0.0 0 1.5 10 140 M M 0 M M
3 78 52 65 M 0 0 M 0.0 0 2.5 8 190 M M 1 M M
4 80 57 69 M 0 4 0.00 0.0 0 6.7 15 150 M M 8 12 18 170
5 82 67 75 M 0 10 0.00 0.0 0 13.0 22 190 M M 9 35 180
6 84 71 78 M 0 13 0.00 0.0 0 11.0 24 190 M M 9 30 190
7 74 46 60 M 5 0 M 0.0 0 14.5 22 350 M M 10 30 350
8 48 41 45 M 20 0 0.00 0.0 0 7.6 12 360 M M 10 3 16 30
9 60 39 50 M 15 0 0.00 0.0 0 4.0 15 350 M M 1 18 350
10 73 35 54 M 11 0 M 0.0 0 2.5 9 140 M M 2 M M
11 60 38 49 M 16 0 M M M 16.4 31 340 M M 8 36 340
12 56 29 43 M 22 0 M 0.0 0 5.2 23 360 M M 0 33 360
13 66 30 48 M 17 0 M 0.0 0 6.9 16 140 M M 4 23 170
14 81 54 68 M 0 3 M 0.0 0 9.7 18 190 M M 6 3 27 190
15 73 51 62 M 3 0 0.00 0.0 0 8.5 17 330 M M 1 28 24 310
16 79 44 62 M 3 0 0.00 0.0 0 3.1 8 180 M M 0 M M
17 76 53 65 M 0 0 0.00 0.0 0 7.4 20 160 M M 6 1 27 150
18 72 49 61 M 4 0 0.00 0.0 0 12.0 22 310 M M 2 1 28 320
19 76 41 59 M 6 0 0.00 0.0 0 1.5 8 340 M M 0 M M
20 78 42 60 M 5 0 M 0.0 0 6.7 17 120 M M 1 23 140
21 76 60 68 M 0 3 M 0.0 0 14.5 22 160 M M 10 1 33 160
22 74 47 61 M 4 0 M 0.0 0 10.1 21 310 M M 5 3 28 200
23 69 45 57 M 8 0 M 0.0 0 7.3 16 340 M M 0 30 290
24 72 44 58 M 7 0 0.00 0.0 0 6.4 20 330 M M 0 25 330
25 82 43 63 M 2 0 0.00 0.0 0 0.5 5 350 M M 0 8 M M
26 86 50 68 M 0 3 0.00 0.0 0 6.0 12 210 M M 0 1 18 180
27 85 58 72 M 0 7 0.00 0.0 0 9.1 15 220 M M 1 18 220
28 83 58 71 M 0 6 0.00 0.0 0 9.5 17 180 M M 2 1 23 160
29 82 70 76 M 0 11 M 0.0 0 15.1 24 180 M M 9 33 180
30 81 55 68 M 0 3 M 0.0 0 13.4 24 320 M M 4 40 320
31 73 45 59 M 6 0 M 0.0 0 1.8 7 10 M M 0 M M
================================================================================
SM 2307 1489 172 63 0.00 0.0 235.5 M 109
================================================================================
AV 74.4 48.0 7.6 FASTST M M 4 MAX(MPH)
MISC ----> 31 340 40 320
================================================================================
NOTES:
# LAST OF SEVERAL OCCURRENCES
COLUMN 17 PEAK WIND IN M.P.H.
PRELIMINARY LOCAL CLIMATOLOGICAL DATA (WS FORM: F-6) , PAGE 2
STATION: BRENHAM
MONTH: MARCH
YEAR: 2022
LATITUDE: 30 13 N
LONGITUDE: 96 22 W
[TEMPERATURE DATA] [PRECIPITATION DATA] SYMBOLS USED IN COLUMN 16
AVERAGE MONTHLY: 61.2 TOTAL FOR MONTH: 0.00 1 = FOG OR MIST
DPTR FM NORMAL: 8.8 DPTR FM NORMAL: -2.87 2 = FOG REDUCING VISIBILITY
HIGHEST: 86 ON 26 GRTST 24HR 0.00 ON 15-15 TO 1/4 MILE OR LESS
LOWEST: 29 ON 12 3 = THUNDER
SNOW, ICE PELLETS, HAIL 4 = ICE PELLETS
TOTAL MONTH: 0.0 INCH 5 = HAIL
GRTST 24HR 0.0 6 = FREEZING RAIN OR DRIZZLE
GRTST DEPTH: 0 7 = DUSTSTORM OR SANDSTORM:
VSBY 1/2 MILE OR LESS
8 = SMOKE OR HAZE
[NO. OF DAYS WITH] [WEATHER - DAYS WITH] 9 = BLOWING SNOW
X = TORNADO
MAX 32 OR BELOW: 0 0.01 INCH OR MORE: 0
MAX 90 OR ABOVE: 0 0.10 INCH OR MORE: 0
MIN 32 OR BELOW: 2 0.50 INCH OR MORE: 0
MIN 0 OR BELOW: 0 1.00 INCH OR MORE: 0
[HDD (BASE 65) ]
TOTAL THIS MO. 172 CLEAR (SCALE 0-3) 18
DPTR FM NORMAL M PTCLDY (SCALE 4-7) 7
TOTAL FM JUL 1 1323 CLOUDY (SCALE 8-10) 6
DPTR FM NORMAL M
[CDD (BASE 65) ]
TOTAL THIS MO. 63
DPTR FM NORMAL M [PRESSURE DATA]
TOTAL FM JAN 1 76 HIGHEST SLP M ON M
DPTR FM NORMAL M LOWEST SLP M ON M
[REMARKS]
#FINAL-03-22#