000
CXUS51 KBTV 010700
CF61V4
PRELIMINARY LOCAL CLIMATOLOGICAL DATA (WS FORM: F-6)
STATION: SAINT JOHNSBURY VT ASOS
MONTH: OCTOBER
YEAR: 2021
LATITUDE: 44 25 N
LONGITUDE: 72 1 W
TEMPERATURE IN F: :PCPN: SNOW: WIND :SUNSHINE: SKY :PK WND
================================================================================
1 2 3 4 5 6A 6B 7 8 9 10 11 12 13 14 15 16 17 18
12Z AVG MX 2MIN
DY MAX MIN AVG DEP HDD CDD WTR SNW DPTH SPD SPD DIR MIN PSBL S-S WX SPD DR
================================================================================
1 60 40 50 -3 15 0 0.00 M M M M M M M 0 M M
2 53 48 51 -1 14 0 0.21 M M M M M M M 0 M M
3 58 52 55 3 10 0 0.34 M M M M M M M 0 M M
4 59 53 56 5 9 0 0.00 M M M M M M M 0 M M
5 62 51 57 6 8 0 0.01 M M M M M M M 0 M M
6 71 48 60 9 5 0 0.00 M M M M M M M 0 M M
7 71 45 58 8 7 0 0.00 M M M M M M M 0 M M
8 73 46 60 10 5 0 0.00 M M M M M M M 0 M M
9 64 52 58 9 7 0 0.00 M M M M M M M 0 M M
10 63 47 55 6 10 0 0.00 M M M M M M M 0 M M
11 68 51 60 12 5 0 0.00 M M M M M M M 0 M M
12 72 50 61 13 4 0 0.00 M M M M M M M 0 M M
13 77 49 63 15 2 0 0.00 M M M M M M M 0 M M
14 73 57 65 18 0 0 0.05 M M M M M M M 0 M M
15 73 58 66 19 0 1 0.00 M M M M M M M 0 M M
16 72 56 64 17 1 0 1.54 M M M M M M M 0 M M
17 59 46 53 7 12 0 0.10 M M M M M M M 0 M M
18 49 44 47 1 18 0 0.01 M M M M M M M 0 M M
19 51 41 46 1 19 0 0.01 M M M M M M M 0 M M
20 66 34 50 5 15 0 0.00 M M M M M M M 0 M M
21 57 41 49 4 16 0 0.13 M M M M M M M 0 M M
22 60 42 51 7 14 0 0.14 M M M M M M M 0 M M
23 50 31 41 -3 24 0 0.00 M M M M M M M 0 M M
24 53 31 42 -2 23 0 0.00 M M M M M M M 0 M M
25 43 34 39 -4 26 0 0.32 M M M M M M M 0 M M
26 55 42 49 6 16 0 0.02 M M M M M M M 0 M M
27 57 35 46 3 19 0 0.00 M M M M M M M 0 M M
28 56 31 44 2 21 0 0.00 M M M M M M M 0 M M
29 58 28 43 1 22 0 0.00 M M M M M M M 0 M M
30 53 30 42 0 23 0 0.08 M M M M M M M 0 M M
31 56 49 53 12 12 0 1.54 M M M M M M M 0 M M
================================================================================
SM 1892 1362 382 1 4.50 M M M 0
================================================================================
AV 61.0 43.9 M FASTST M M 0 MAX(MPH)
MISC ----> M M M M
================================================================================
NOTES:
# LAST OF SEVERAL OCCURRENCES
COLUMN 17 PEAK WIND IN M.P.H.
PRELIMINARY LOCAL CLIMATOLOGICAL DATA (WS FORM: F-6) , PAGE 2
STATION: SAINT JOHNSBURY VT ASOS
MONTH: OCTOBER
YEAR: 2021
LATITUDE: 44 25 N
LONGITUDE: 72 1 W
[TEMPERATURE DATA] [PRECIPITATION DATA] SYMBOLS USED IN COLUMN 16
AVERAGE MONTHLY: 52.5 TOTAL FOR MONTH: 4.50 1 = FOG OR MIST
DPTR FM NORMAL: 5.8 DPTR FM NORMAL: 0.63 2 = FOG REDUCING VISIBILITY
HIGHEST: 77 ON 13 GRTST 24HR 1.54 ON 31-31 TO 1/4 MILE OR LESS
LOWEST: 28 ON 29 3 = THUNDER
SNOW, ICE PELLETS, HAIL 4 = ICE PELLETS
TOTAL MONTH: M 5 = HAIL
GRTST 24HR M ON M 6 = FREEZING RAIN OR DRIZZLE
GRTST DEPTH: M ON M 7 = DUSTSTORM OR SANDSTORM:
VSBY 1/2 MILE OR LESS
8 = SMOKE OR HAZE
[NO. OF DAYS WITH] [WEATHER - DAYS WITH] 9 = BLOWING SNOW
X = TORNADO
MAX 32 OR BELOW: 0 0.01 INCH OR MORE: 14
MAX 90 OR ABOVE: 0 0.10 INCH OR MORE: 8
MIN 32 OR BELOW: 5 0.50 INCH OR MORE: 2
MIN 0 OR BELOW: 0 1.00 INCH OR MORE: 2
[HDD (BASE 65) ]
TOTAL THIS MO. 382 CLEAR (SCALE 0-3) 31
DPTR FM NORMAL -186 PTCLDY (SCALE 4-7) 0
TOTAL FM JUL 1 574 CLOUDY (SCALE 8-10) 0
DPTR FM NORMAL -275
[CDD (BASE 65) ]
TOTAL THIS MO. 1
DPTR FM NORMAL 0 [PRESSURE DATA]
TOTAL FM JAN 1 470 HIGHEST SLP M ON M
DPTR FM NORMAL 140 LOWEST SLP M ON M
[REMARKS]
#FINAL-10-21#