000
CXUS53 KUNR 010930
CF62WX
PRELIMINARY LOCAL CLIMATOLOGICAL DATA (WS FORM: F-6)
STATION: BUFFALO SD
MONTH: OCTOBER
YEAR: 2021
LATITUDE: 45 35 N
LONGITUDE: 103 33 W
TEMPERATURE IN F: :PCPN: SNOW: WIND :SUNSHINE: SKY :PK WND
================================================================================
1 2 3 4 5 6A 6B 7 8 9 10 11 12 13 14 15 16 17 18
12Z AVG MX 2MIN
DY MAX MIN AVG DEP HDD CDD WTR SNW DPTH SPD SPD DIR MIN PSBL S-S WX SPD DR
================================================================================
1 76 41 59 6 6 0 0.00 M M 3.4 12 190 M M M 16 170
2 77 43 60 7 5 0 0.00 M M 8.7 20 330 M M M 27 330
3 85 48 67 15 0 2 0.00 M M 6.1 21 290 M M M 27 260
4 89 48 69 17 0 4 0.00 M M 8.8 21 160 M M M 27 170
5 93 53 73 22 0 8 0.00 M M 8.6 20 250 M M M 26 240
6 89 54 72 21 0 7 0.00 M M 16.5 39 150 M M M 50 150
7 78 52 65 15 0 0 0.00 M M 12.6 24 20 M M M 31 30
8 71 48 60 10 5 0 0.06 M M 10.9 18 50 M M M 26 80
9 57 47 52 3 13 0 0.88 M M 14.5 32 330 M M M 40 330
10 64 43 54 5 11 0 0.00 M M 14.3 29 290 M M M 35 260
11 56 41 49 1 16 0 0.00 M M 16.1 29 10 M M M 35 10
12 44 33 39 -9 26 0 0.68 M M 20.8 37 30 M M M 46 30
13 36 34 35 -12 30 0 1.01 M M 31.3 45 310 M M M 56 300
14 45 28 37 -10 28 0 0.00 M M 17.4 32 280 M M M 40 290
15 50 34 42 -4 23 0 0.00 M M 18.5 33 280 M M M 40 270
16 60 34 47 1 18 0 0.00 M M 12.7 23 270 M M M 27 260
17 75 38 57 12 8 0 0.00 M M 7.9 21 150 M M M 25 130
18 75 44 60 15 5 0 0.00 M M 9.7 20 350 M M M 25 330
19 47 37 42 -2 23 0 0.00 M M 15.8 24 10 M M M 30 10
20 44 30 37 -7 28 0 0.00 M M 8.8 17 20 M M M 22 20
21 61 26 44 1 21 0 0.00 M M 5.5 12 190 M M M 16 190
22 65 36 51 8 14 0 0.00 M M 7.1 22 110 M M M 29 110
23 47 35 41 -1 24 0 0.04 M M 15.9 32 140 M M M 41 130
24 49 38 44 2 21 0 0.08 M M 8.2 28 140 M M M 33 140
25 59 39 49 7 16 0 0.00 M M 22.7 36 140 M M M 45 130
26 48 38 43 2 22 0 0.04 M M 16.5 38 330 M M M 49 320
27 60 35 48 7 17 0 0.00 M M 19.9 40 280 M M M 50 280
28 57 36 47 7 18 0 0.00 M M 18.5 38 300 M M M 47 300
29 72 36 54 14 11 0 0.00 M M 10.0 25 310 M M M 33 300
30 52 30 41 1 24 0 0.00 M M 17.7 32 310 M M M 41 310
31 41 22 32 -7 33 0 0.00 M M 11.2 24 300 M M M 31 310
================================================================================
SM 1922 1201 466 21 2.79 M 416.6 M M
================================================================================
AV 62.0 38.7 13.4 FASTST M M M MAX(MPH)
MISC ----> 45 310 56 300
================================================================================
NOTES:
# LAST OF SEVERAL OCCURRENCES
COLUMN 17 PEAK WIND IN M.P.H.
PRELIMINARY LOCAL CLIMATOLOGICAL DATA (WS FORM: F-6) , PAGE 2
STATION: BUFFALO SD
MONTH: OCTOBER
YEAR: 2021
LATITUDE: 45 35 N
LONGITUDE: 103 33 W
[TEMPERATURE DATA] [PRECIPITATION DATA] SYMBOLS USED IN COLUMN 16
AVERAGE MONTHLY: 50.4 TOTAL FOR MONTH: 2.79 1 = FOG OR MIST
DPTR FM NORMAL: 4.5 DPTR FM NORMAL: 1.70 2 = FOG REDUCING VISIBILITY
HIGHEST: 93 ON 5 GRTST 24HR 1.69 ON 12-13 TO 1/4 MILE OR LESS
LOWEST: 22 ON 31 3 = THUNDER
SNOW, ICE PELLETS, HAIL 4 = ICE PELLETS
TOTAL MONTH: M 5 = HAIL
GRTST 24HR M ON M 6 = FREEZING RAIN OR DRIZZLE
GRTST DEPTH: M ON M 7 = DUSTSTORM OR SANDSTORM:
VSBY 1/2 MILE OR LESS
8 = SMOKE OR HAZE
[NO. OF DAYS WITH] [WEATHER - DAYS WITH] 9 = BLOWING SNOW
X = TORNADO
MAX 32 OR BELOW: 0 0.01 INCH OR MORE: 7
MAX 90 OR ABOVE: 1 0.10 INCH OR MORE: 3
MIN 32 OR BELOW: 5 0.50 INCH OR MORE: 3
MIN 0 OR BELOW: 0 1.00 INCH OR MORE: 1
[HDD (BASE 65) ]
TOTAL THIS MO. 466 CLEAR (SCALE 0-3) 0
DPTR FM NORMAL -129 PTCLDY (SCALE 4-7) 0
TOTAL FM JUL 1 540 CLOUDY (SCALE 8-10) 31
DPTR FM NORMAL -289
[CDD (BASE 65) ]
TOTAL THIS MO. 21
DPTR FM NORMAL 18 [PRESSURE DATA]
TOTAL FM JAN 1 1021 HIGHEST SLP 30.41 ON 31
DPTR FM NORMAL 442 LOWEST SLP 29.43 ON 26
[REMARKS]
#FINAL-10-21#