000
CXUS53 KUNR 011521
CLM2WX
CLIMATE REPORT
NATIONAL WEATHER SERVICE RAPID CITY SD
921 AM MDT THU JUN 01 2023
...................................
...THE BUFFALO SD CLIMATE SUMMARY FOR THE MONTH OF MAY 2023...
CLIMATE NORMAL PERIOD 1991 TO 2020
CLIMATE RECORD PERIOD 9999 TO 9999
WEATHER OBSERVED NORMAL DEPART LAST YEAR`S
VALUE DATE(S) VALUE FROM VALUE DATE(S)
NORMAL
................................................................
TEMPERATURE (F)
HIGHEST 86 05/23 85 05/27
LOWEST 34 05/01 26 05/22
05/02
AVG. MAXIMUM 74.0 66.3 7.7 65.7
AVG. MINIMUM 47.9 41.9 6.0 41.4
MEAN 61.0 54.1 6.9 53.6
DAYS MAX >= 90 0 0
DAYS MAX <= 32 0 0
DAYS MIN <= 32 0 2
DAYS MIN <= 0 0 0
PRECIPITATION (INCHES)
TOTALS 2.50 2.47 0.03 1.57
DAILY AVG. 0.08 0.08 0.00 0.05
DAYS >= .01 7 13
DAYS >= .10 5 5
DAYS >= .50 2 1
DAYS >= 1.00 0 0
GREATEST
24 HR. TOTAL 0.65 05/27 TO 05/27 0.66
DEGREE DAYS
HEATING TOTAL 151 348 -197 347
SINCE 7/1 7365 7570 -205 MM
COOLING TOTAL 33 10 23 2
SINCE 1/1 36 10 26 MM
................................................................
WIND (MPH)
AVERAGE WIND SPEED 10.3
HIGHEST WIND SPEED/DIRECTION 48/220 DATE 05/07
HIGHEST GUST SPEED/DIRECTION 62/240 DATE 05/27
AVERAGE RH (PERCENT) 60
- INDICATES NEGATIVE NUMBERS.
R INDICATES RECORD WAS SET OR TIED.
MM INDICATES DATA IS MISSING.
T INDICATES TRACE AMOUNT.
$$