000
CXUS54 KEWX 011110
CF63T5
PRELIMINARY LOCAL CLIMATOLOGICAL DATA (WS FORM: F-6)
STATION: LA GRANGE
MONTH: DECEMBER
YEAR: 2021
LATITUDE: 29 54 N
LONGITUDE: 96 57 W
TEMPERATURE IN F: :PCPN: SNOW: WIND :SUNSHINE: SKY :PK WND
================================================================================
1 2 3 4 5 6A 6B 7 8 9 10 11 12 13 14 15 16 17 18
12Z AVG MX 2MIN
DY MAX MIN AVG DEP HDD CDD WTR SNW DPTH SPD SPD DIR MIN PSBL S-S WX SPD DR
================================================================================
1 77 50 64 M 1 0 0.00 M M 1.9 7 240 M M 1 12 M M
2 77 55 66 M 0 1 0.00 M M 2.7 8 220 M M 5 12 M M
3 79 66 73 M 0 8 0.00 M M 5.5 10 200 M M 6 1 M M
4 80 67 74 M 0 9 0.00 M M 3.7 8 210 M M 7 1 M M
5 81 69 75 M 0 10 0.00 M M 8.1 13 180 M M 8 1 20 200
6 75 52 64 M 1 0 0.02 M M 8.0 22 350 M M 5 1 33 340
7 70 46 58 M 7 0 0.00 M M 4.3 7 180 M M 5 M M
8 78 57 68 M 0 3 0.00 M M 2.9 12 170 M M 5 1 M M
9 82 66 74 M 0 9 0.00 M M 7.2 14 180 M M 8 1 18 170
10 85 74 80 M 0 15 0.00 M M 10.1 21 190 M M 8 28 190
11 77 47 62 M 3 0 0.36 M M 9.6 18 10 M M 5 1 30 360
12 63 37 50 M 15 0 0.00 M M 1.8 8 80 M M 0 M M
13 64 47 56 M 9 0 0.06 M M 0.6 4 360 M M 9 1 M M
14 77 60 69 M 0 4 0.08 M M 3.4 9 170 M M 9 12 16 160
15 83 71 77 M 0 12 0.00 M M 10.1 20 170 M M 9 24 170
16 84 73 79 M 0 14 0.00 M M 8.5 13 190 M M 8 21 190
17 79 71 75 M 0 10 0.05 M M 8.3 13 150 M M 7 20 160
18 74 51 63 M 2 0 1.31 M M 9.7 16 340 M M 10 3 32 360
19 56 43 50 M 15 0 0.04 M M 8.1 14 330 M M 5 22 330
20 58 44 51 M 14 0 0.00 M M 1.5 9 320 M M 6 M M
21 65 39 52 M 13 0 0.00 M M 1.8 7 160 M M 0 1 M M
22 74 48 61 M 4 0 0.00 M M 5.9 14 180 M M 0 1 21 180
23 77 56 67 M 0 2 0.00 M M 7.3 15 180 M M 5 23 190
24 80 62 71 M 0 6 0.00 M M 10.9 18 200 M M 2 24 200
25 78 64 71 M 0 6 0.00 M M 4.4 10 210 M M 5 1 21 200
26 81 65 73 M 0 8 0.00 M M 8.9 16 200 M M 6 1 22 200
27 82 68 75 M 0 10 0.00 M M 9.9 17 190 M M 7 25 190
28 80 65 73 M 0 8 0.00 M M 7.3 16 180 M M 8 1 27 180
29 82 64 73 M 0 8 0.00 M M 3.5 9 190 M M 6 1 M M
30 78 60 69 M 0 4 0.00 M M 2.0 8 150 M M 3 18 M M
31 83 67 75 M 0 10 0.00 M M 10.2 16 180 M M 9 1 24 170
================================================================================
SM 2359 1804 84 157 1.92 M 188.0 M 177
================================================================================
AV 76.1 58.2 6.1 FASTST M M 6 MAX(MPH)
MISC ----> 22 350 33 340
================================================================================
NOTES:
# LAST OF SEVERAL OCCURRENCES
COLUMN 17 PEAK WIND IN M.P.H.
PRELIMINARY LOCAL CLIMATOLOGICAL DATA (WS FORM: F-6) , PAGE 2
STATION: LA GRANGE
MONTH: DECEMBER
YEAR: 2021
LATITUDE: 29 54 N
LONGITUDE: 96 57 W
[TEMPERATURE DATA] [PRECIPITATION DATA] SYMBOLS USED IN COLUMN 16
AVERAGE MONTHLY: 67.1 TOTAL FOR MONTH: 1.92 1 = FOG OR MIST
DPTR FM NORMAL: 0.0 DPTR FM NORMAL: M 2 = FOG REDUCING VISIBILITY
HIGHEST: 85 ON 10 GRTST 24HR 1.31 ON 18-18 TO 1/4 MILE OR LESS
LOWEST: 37 ON 12 3 = THUNDER
SNOW, ICE PELLETS, HAIL 4 = ICE PELLETS
TOTAL MONTH: M 5 = HAIL
GRTST 24HR M ON M 6 = FREEZING RAIN OR DRIZZLE
GRTST DEPTH: M ON M 7 = DUSTSTORM OR SANDSTORM:
VSBY 1/2 MILE OR LESS
8 = SMOKE OR HAZE
[NO. OF DAYS WITH] [WEATHER - DAYS WITH] 9 = BLOWING SNOW
X = TORNADO
MAX 32 OR BELOW: 0 0.01 INCH OR MORE: 7
MAX 90 OR ABOVE: 0 0.10 INCH OR MORE: 2
MIN 32 OR BELOW: 0 0.50 INCH OR MORE: 1
MIN 0 OR BELOW: 0 1.00 INCH OR MORE: 1
[HDD (BASE 65) ]
TOTAL THIS MO. 84 CLEAR (SCALE 0-3) 6
DPTR FM NORMAL M PTCLDY (SCALE 4-7) 16
TOTAL FM JUL 1 235 CLOUDY (SCALE 8-10) 9
DPTR FM NORMAL M
[CDD (BASE 65) ]
TOTAL THIS MO. 157
DPTR FM NORMAL M [PRESSURE DATA]
TOTAL FM JAN 1 3383 HIGHEST SLP M ON M
DPTR FM NORMAL M LOWEST SLP M ON M
[REMARKS]
#FINAL-12-21#