000
CXUS54 KMAF 011110
CF66R6
PRELIMINARY LOCAL CLIMATOLOGICAL DATA (WS FORM: F-6)
STATION: TERRELL COUNTY AIRPORT
MONTH: JUNE
YEAR: 2021
LATITUDE: 30 2 N
LONGITUDE: 102 13 W
TEMPERATURE IN F: :PCPN: SNOW: WIND :SUNSHINE: SKY :PK WND
================================================================================
1 2 3 4 5 6A 6B 7 8 9 10 11 12 13 14 15 16 17 18
12Z AVG MX 2MIN
DY MAX MIN AVG DEP HDD CDD WTR SNW DPTH SPD SPD DIR MIN PSBL S-S WX SPD DR
================================================================================
1 81 64 73 -8 0 8 0.00 M M 9.1 24 20 M M 0 33 20
2 85 65 75 -6 0 10 0.00 M M 6.7 17 110 M M 0 22 100
3 86 65 76 -6 0 11 0.00 M M 6.1 28 20 M M 0 36 20
4 82 65 74 -8 0 9 0.02 M M 6.2 12 150 M M 0 M M
5 83 63 73 -9 0 8 0.00 M M 6.6 16 110 M M 0 23 110
6 93 67 80 -2 0 15 0.00 M M 8.1 17 120 M M 0 23 100
7 102 73 88 6 0 23 0.00 M M 7.5 21 130 M M 0 27 140
8 93 77 85 3 0 20 0.00 M M 9.5 18 120 M M 0 23 100
9 95 76 86 4 0 21 0.00 M M 9.2 17 110 M M 0 23 140
10 94 73 84 2 0 19 0.00 M M 10.7 21 110 M M 0 26 110
11 99 71 85 3 0 20 0.00 M M 9.8 22 110 M M 0 27 120
12 98 70 84 1 0 19 0.00 M M 9.6 20 100 M M 0 26 100
13 98 71 85 2 0 20 0.00 M M 6.3 16 120 M M 0 23 130
14 96 70 83 0 0 18 0.17 M M 8.5 41 20 M M 0 3 53 20
15 95 69 82 -1 0 17 0.00 M M 4.5 13 100 M M 0 21 90
16 94 70 82 -1 0 17 M M M 6.3 9 20 M M 0 M M
17 95 70 83 0 0 18 0.00 M M 8.4 21 130 M M 0 28 140
18 96 68 82 -1 0 17 0.00 M M 8.8 18 110 M M 0 25 110
19 96 69 83 0 0 18 0.00 M M 9.8 20 110 M M 0 28 100
20 103 70 87 4 0 22 0.00 M M 9.9 21 110 M M 0 28 110
21 95 71 83 0 0 18 0.05 M M 7.8 21 320 M M 0 29 330
22 94 71 83 0 0 18 0.00 M M 10.4 21 110 M M 0 26 20
23 96 71 84 1 0 19 0.00 M M 11.0 21 120 M M 0 28 110
24 95 74 85 2 0 20 0.00 M M 13.6 22 120 M M 0 29 100
25 97 76 87 4 0 22 0.00 M M 13.0 22 130 M M 0 29 130
26 97 76 87 4 0 22 0.00 M M 13.5 26 120 M M 0 36 120
27 84 66 75 -8 0 10 0.32 M M 14.5 28 120 M M 0 35 120
28 90 71 81 -2 0 16 0.06 M M 11.4 21 120 M M 0 28 110
29 91 70 81 -3 0 16 0.00 M M 12.0 25 90 M M 0 34 90
30 88 71 80 -4 0 15 0.02 M M 12.9 22 110 M M 0 27 110
================================================================================
SM 2791 2103 0 506 0.64 M 281.7 M 0
================================================================================
AV 93.0 70.1 9.4 FASTST M M 0 MAX(MPH)
MISC ----> 41 20 53 20
================================================================================
NOTES:
# LAST OF SEVERAL OCCURRENCES
COLUMN 17 PEAK WIND IN M.P.H.
PRELIMINARY LOCAL CLIMATOLOGICAL DATA (WS FORM: F-6) , PAGE 2
STATION: TERRELL COUNTY AIRPORT
MONTH: JUNE
YEAR: 2021
LATITUDE: 30 2 N
LONGITUDE: 102 13 W
[TEMPERATURE DATA] [PRECIPITATION DATA] SYMBOLS USED IN COLUMN 16
AVERAGE MONTHLY: 81.6 TOTAL FOR MONTH: 0.64 1 = FOG OR MIST
DPTR FM NORMAL: -1.1 DPTR FM NORMAL: -0.59 2 = FOG REDUCING VISIBILITY
HIGHEST: 103 ON 20 GRTST 24HR 0.33 ON 27-28 TO 1/4 MILE OR LESS
LOWEST: 63 ON 5 3 = THUNDER
SNOW, ICE PELLETS, HAIL 4 = ICE PELLETS
TOTAL MONTH: M 5 = HAIL
GRTST 24HR M ON M 6 = FREEZING RAIN OR DRIZZLE
GRTST DEPTH: M ON M 7 = DUSTSTORM OR SANDSTORM:
VSBY 1/2 MILE OR LESS
8 = SMOKE OR HAZE
[NO. OF DAYS WITH] [WEATHER - DAYS WITH] 9 = BLOWING SNOW
X = TORNADO
MAX 32 OR BELOW: 0 0.01 INCH OR MORE: 6
MAX 90 OR ABOVE: 23 0.10 INCH OR MORE: 2
MIN 32 OR BELOW: 0 0.50 INCH OR MORE: 0
MIN 0 OR BELOW: 0 1.00 INCH OR MORE: 0
[HDD (BASE 65) ]
TOTAL THIS MO. 0 CLEAR (SCALE 0-3) 30
DPTR FM NORMAL 0 PTCLDY (SCALE 4-7) 0
TOTAL FM JUL 1 1827 CLOUDY (SCALE 8-10) 0
DPTR FM NORMAL 100
[CDD (BASE 65) ]
TOTAL THIS MO. 506
DPTR FM NORMAL -24 [PRESSURE DATA]
TOTAL FM JAN 1 1008 HIGHEST SLP 30.30 ON 13
DPTR FM NORMAL -153 LOWEST SLP 29.42 ON 2
[REMARKS]
#FINAL-06-21#