205
CXUS55 KABR 011100
CF68D3
PRELIMINARY LOCAL CLIMATOLOGICAL DATA (WS FORM: F-6)
STATION: SISSETON SD
MONTH: SEPTEMBER
YEAR: 2020
LATITUDE: 45 40 N
LONGITUDE: 96 59 W
TEMPERATURE IN F: :PCPN: SNOW: WIND :SUNSHINE: SKY :PK WND
================================================================================
1 2 3 4 5 6A 6B 7 8 9 10 11 12 13 14 15 16 17 18
12Z AVG MX 2MIN
DY MAX MIN AVG DEP HDD CDD WTR SNW DPTH SPD SPD DIR MIN PSBL S-S WX SPD DR
================================================================================
1 77 58 68 2 0 3 0.00 0.0 0 13.0 28 220 M M 0 41 220
2 84 56 70 5 0 5 0.00 0.0 0 14.0 35 280 M M 0 49 230
3 71 50 61 -4 4 0 0.00 0.0 0 15.1 31 310 M M 0 45 320
4 82 48 65 1 0 0 0.00 0.0 0 8.4 23 310 M M 0 34 250
5 82 48 65 1 0 0 0.00 0.0 0 5.7 20 170 M M 0 29 180
6 82 54 68 4 0 3 0.00 0.0 0 13.9 30 330 M M 0 39 330
7 56 42 49 -14 16 0 0.28 0.0 0 6.9 13 10 M M 0 18 10
8 51 35 43 -20 22 0 0.00 0.0 0 8.8 17 350 M M 0 24 340
9 58 32 45 -18 20 0 0.00 0.0 0 3.7 12 210 M M 0 15 230
10 65 35 50 -12 15 0 0.00 0.0 0 5.3 12 260 M M 0 17 190
11 58 35 47 -15 18 0 0.72 0.0 0 6.8 16 150 M M 0 22 100
12 63 50 57 -4 8 0 0.02 0.0 0 3.8 13 330 M M 0 17 330
13 69 45 57 -4 8 0 0.00 0.0 0 7.6 17 360 M M 0 23 350
14 82 42 62 1 3 0 0.00 0.0 0 11.3 36 230 M M 0 51 220
15 80 55 68 8 0 3 0.00 0.0 0 12.7 37 230 M M 0 53 220
16 64 42 53 -7 12 0 0.00 0.0 0 9.9 22 350 M M 0 30 340
17 64 38 51 -8 14 0 0.00 0.0 0 5.4 14 170 M M 0 19 160
18 69 37 53 -6 12 0 0.00 0.0 0 8.9 20 170 M M 0 28 140
19 78 43 61 3 4 0 0.00 0.0 0 11.3 22 170 M M 0 30 160
20 77 55 66 8 0 1 0.00 0.0 0 15.4 24 180 M M 0 34 190
21 85 54 70 12 0 5 0.00 0.0 0 8.7 22 230 M M 0 31 220
22 85 47 66 9 0 1 0.00 0.0 0 4.8 16 120 M M 0 24 150
23 79 50 65 8 0 0 0.00 0.0 0 5.6 16 330 M M 0 21 320
24 79 53 66 10 0 1 0.00 0.0 0 7.9 15 130 M M 0 21 160
25 81 55 68 12 0 3 0.00 0.0 0 8.0 22 310 M M 0 29 320
26 75 53 64 9 1 0 T 0.0 0 8.5 28 320 M M 0 36 330
27 62 52 57 2 8 0 0.00 0.0 0 19.1 32 300 M M 0 43 300
28 60 45 53 -1 12 0 0.03 0.0 0 16.3 29 330 M M 0 39 340
29 73 45 59 5 6 0 0.00 0.0 0 16.6 31 310 M M 0 39 330
30 66 47 57 4 8 0 0.00 0.0 0 21.3 36 310 M M 0 48 310
================================================================================
SM 2157 1401 191 25 1.05 0.0 304.7 M 0
================================================================================
AV 71.9 46.7 10.2 FASTST M M 0 MAX(MPH)
MISC ----> 37 230 53 220
================================================================================
NOTES:
# LAST OF SEVERAL OCCURRENCES
COLUMN 17 PEAK WIND IN M.P.H.
PRELIMINARY LOCAL CLIMATOLOGICAL DATA (WS FORM: F-6) , PAGE 2
STATION: SISSETON SD
MONTH: SEPTEMBER
YEAR: 2020
LATITUDE: 45 40 N
LONGITUDE: 96 59 W
[TEMPERATURE DATA] [PRECIPITATION DATA] SYMBOLS USED IN COLUMN 16
AVERAGE MONTHLY: 59.3 TOTAL FOR MONTH: 1.05 1 = FOG OR MIST
DPTR FM NORMAL: -0.4 DPTR FM NORMAL: -1.49 2 = FOG REDUCING VISIBILITY
HIGHEST: 85 ON 22,21 GRTST 24HR 0.73 ON 11-12 TO 1/4 MILE OR LESS
LOWEST: 32 ON 9 3 = THUNDER
SNOW, ICE PELLETS, HAIL 4 = ICE PELLETS
TOTAL MONTH: 0.0 INCH 5 = HAIL
GRTST 24HR 0.0 6 = FREEZING RAIN OR DRIZZLE
GRTST DEPTH: 0 7 = DUSTSTORM OR SANDSTORM:
VSBY 1/2 MILE OR LESS
8 = SMOKE OR HAZE
[NO. OF DAYS WITH] [WEATHER - DAYS WITH] 9 = BLOWING SNOW
X = TORNADO
MAX 32 OR BELOW: 0 0.01 INCH OR MORE: 4
MAX 90 OR ABOVE: 0 0.10 INCH OR MORE: 2
MIN 32 OR BELOW: 1 0.50 INCH OR MORE: 1
MIN 0 OR BELOW: 0 1.00 INCH OR MORE: 0
[HDD (BASE 65) ]
TOTAL THIS MO. 191 CLEAR (SCALE 0-3) 30
DPTR FM NORMAL -11 PTCLDY (SCALE 4-7) 0
TOTAL FM JUL 1 201 CLOUDY (SCALE 8-10) 0
DPTR FM NORMAL -45
[CDD (BASE 65) ]
TOTAL THIS MO. 25
DPTR FM NORMAL -19 [PRESSURE DATA]
TOTAL FM JAN 1 687 HIGHEST SLP 30.49 ON 9
DPTR FM NORMAL 164 LOWEST SLP 29.37 ON 2
[REMARKS]
#FINAL-09-20#