000
CXUS53 KABR 011200
CF68D3
PRELIMINARY LOCAL CLIMATOLOGICAL DATA (WS FORM: F-6)
STATION: SISSETON SD
MONTH: NOVEMBER
YEAR: 2023
LATITUDE: 45 40 N
LONGITUDE: 96 59 W
TEMPERATURE IN F: :PCPN: SNOW: WIND :SUNSHINE: SKY :PK WND
================================================================================
1 2 3 4 5 6A 6B 7 8 9 10 11 12 13 14 15 16 17 18
12Z AVG MX 2MIN
DY MAX MIN AVG DEP HDD CDD WTR SNW DPTH SPD SPD DIR MIN PSBL S-S WX SPD DR
================================================================================
1 44 26 35 -4 30 0 0.00 0.0 0 9.6 16 320 M M 0 23 320
2 49 30 40 2 25 0 0.00 0.0 0 4.9 12 300 M M 0 16 300
3 44 23 34 -4 31 0 0.00 0.0 0 9.4 18 10 M M 0 24 10
4 61 22 42 4 23 0 0.00 0.0 0 7.6 18 260 M M 0 24 240
5 59 25 42 5 23 0 0.14 0.0 0 7.1 22 330 M M 0 29 320
6 50 37 44 8 21 0 0.00 0.0 0 12.7 23 300 M M 0 33 310
7 45 35 40 4 25 0 0.01 0.0 0 10.8 24 140 M M 0 34 160
8 52 29 41 5 24 0 0.00 0.0 0 13.7 35 310 M M 0 47 290
9 45 33 39 4 26 0 T T 0 19.0 29 310 M M 0 39 290
10 37 33 35 0 30 0 0.00 0.0 0 6.9 16 310 M M 0 19 310
11 44 22 33 -1 32 0 0.00 0.0 0 4.2 16 140 M M 0 22 130
12 61 20 41 7 24 0 0.00 0.0 0 12.2 30 250 M M 0 42 240
13 59 28 44 11 21 0 0.00 0.0 0 12.6 29 190 M M 0 45 210
14 63 32 48 15 17 0 0.00 0.0 0 16.6 33 220 M M 0 49 220
15 61 29 45 13 20 0 0.00 0.0 0 9.6 21 200 M M 0 29 210
16 57 24 41 9 24 0 0.00 0.0 0 15.6 38 350 M M 0 49 360
17 50 24 37 6 28 0 0.00 0.0 0 11.6 28 240 M M 0 36 250
18 62 29 46 15 19 0 0.00 0.0 0 6.1 16 280 M M 0 22 250
19 56 23 40 10 25 0 0.00 0.0 0 6.3 16 170 M M 0 20 130
20 47 38 43 13 22 0 0.10 0.0 0 8.5 31 320 M M 0 39 330
21 38 22 30 1 35 0 0.00 0.0 0 14.5 25 330 M M 0 33 320
22 54 23 39 10 26 0 0.00 0.0 0 17.1 37 220 M M 0 53 230
23 24 9 17 -11 48 0 0.00 0.0 0 14.3 23 350 M M 0 30 330
24 28 6 17 -11 48 0 0.00 0.0 0 4.6 10 320 M M 0 13 320
25 30 19 25 -2 40 0 0.00 0.0 0 9.4 20 220 M M 0 27 230
26 32 12 22 -5 43 0 0.02 T T 19.1 33 320 M M 0 43 320
27 22 3 13 -13 52 0 T T T 7.7 23 330 M M 0 27 330
28 42 4 23 -3 42 0 0.00 0.0 T 12.4 28 250 M M 0 40 230
29 51 21 36 10 29 0 0.00 0.0 0 8.1 22 230 M M 0 27 230
30 39 11 25 0 40 0 0.00 0.0 0 10.5 22 320 M M 0 27 320
================================================================================
SM 1406 692 893 0 0.27 T 322.7 M 0
================================================================================
AV 46.9 23.1 10.8 FASTST M M 0 MAX(MPH)
MISC ----> 38 350 53 230
================================================================================
NOTES:
# LAST OF SEVERAL OCCURRENCES
COLUMN 17 PEAK WIND IN M.P.H.
PRELIMINARY LOCAL CLIMATOLOGICAL DATA (WS FORM: F-6) , PAGE 2
STATION: SISSETON SD
MONTH: NOVEMBER
YEAR: 2023
LATITUDE: 45 40 N
LONGITUDE: 96 59 W
[TEMPERATURE DATA] [PRECIPITATION DATA] SYMBOLS USED IN COLUMN 16
AVERAGE MONTHLY: 35.0 TOTAL FOR MONTH: 0.27 1 = FOG OR MIST
DPTR FM NORMAL: 3.1 DPTR FM NORMAL: -0.37 2 = FOG REDUCING VISIBILITY
HIGHEST: 63 ON 14 GRTST 24HR 0.14 ON 5- 5 TO 1/4 MILE OR LESS
LOWEST: 3 ON 27 3 = THUNDER
SNOW, ICE PELLETS, HAIL 4 = ICE PELLETS
TOTAL MONTH: T 5 = HAIL
GRTST 24HR T ON 9- 9 6 = FREEZING RAIN OR DRIZZLE
GRTST DEPTH: T 7 = DUSTSTORM OR SANDSTORM:
VSBY 1/2 MILE OR LESS
8 = SMOKE OR HAZE
[NO. OF DAYS WITH] [WEATHER - DAYS WITH] 9 = BLOWING SNOW
X = TORNADO
MAX 32 OR BELOW: 5 0.01 INCH OR MORE: 4
MAX 90 OR ABOVE: 0 0.10 INCH OR MORE: 2
MIN 32 OR BELOW: 25 0.50 INCH OR MORE: 0
MIN 0 OR BELOW: 0 1.00 INCH OR MORE: 0
[HDD (BASE 65) ]
TOTAL THIS MO. 893 CLEAR (SCALE 0-3) 30
DPTR FM NORMAL -99 PTCLDY (SCALE 4-7) 0
TOTAL FM JUL 1 1566 CLOUDY (SCALE 8-10) 0
DPTR FM NORMAL -215
[CDD (BASE 65) ]
TOTAL THIS MO. 0
DPTR FM NORMAL 0 [PRESSURE DATA]
TOTAL FM JAN 1 810 HIGHEST SLP 30.79 ON 24
DPTR FM NORMAL 243 LOWEST SLP 29.45 ON 16
[REMARKS]
#FINAL-11-23#