000
CXUS52 KTAE 010800
CF6AAF
PRELIMINARY LOCAL CLIMATOLOGICAL DATA (WS FORM: F-6)
STATION: APALACHICOLA
MONTH: MAY
YEAR: 2023
LATITUDE: 29 43 N
LONGITUDE: 85 2 W
TEMPERATURE IN F: :PCPN: SNOW: WIND :SUNSHINE: SKY :PK WND
================================================================================
1 2 3 4 5 6A 6B 7 8 9 10 11 12 13 14 15 16 17 18
12Z AVG MX 2MIN
DY MAX MIN AVG DEP HDD CDD WTR SNW DPTH SPD SPD DIR MIN PSBL S-S WX SPD DR
================================================================================
1 79 63 71 0 0 6 0.00 0.0 0 14.3 25 250 M M 0 34 260
2 80 61 71 0 0 6 0.00 0.0 M 8.8 21 250 M M 0 25 240
3 83 56 70 -1 0 5 0.00 0.0 M 7.5 21 250 M M 0 25 260
4 78 54 66 -6 0 1 0.00 0.0 M 4.9 14 180 M M 0 1 19 180
5 78 58 68 -4 0 3 T 0.0 M 3.7 13 100 M M 1 12 19 120
6 81 62 72 0 0 7 0.00 0.0 M 5.5 15 130 M M 0 19 140
7 80 66 73 1 0 8 0.00 0.0 0 8.3 15 150 M M 0 20 140
8 81 63 72 -1 0 7 0.00 0.0 0 5.6 14 230 M M 0 18 210
9 83 69 76 3 0 11 0.00 0.0 0 6.2 15 220 M M 0 1 19 210
10 87 68 78 5 0 13 0.00 0.0 0 5.9 15 230 M M 1 12 19 200
11 82 70 76 2 0 11 0.00 0.0 0 6.2 14 120 M M 0 20 120
12 84 70 77 3 0 12 0.00 0.0 0 8.1 20 150 M M 0 13 26 140
13 83 70 77 3 0 12 0.00 0.0 0 5.5 13 140 M M 0 3 18 130
14 88 69 79 5 0 14 0.12 0.0 0 4.8 14 360 M M 1 138 17 360
15 86 70 78 3 0 13 0.00 0.0 0 4.1 16 200 M M 0 13 20 190
16 85 71 78 3 0 13 0.00 0.0 0 6.9 17 220 M M 0 1 21 220
17 87 72 80 5 0 15 0.62 0.0 M 8.9 20 90 M M 1 138 25 90
18 84 68 76 1 0 11 0.39 M M 4.1 13 220 M M 0 13 20 220
19 83 70 77 1 0 12 0.00 M M 6.3 13 160 M M 2 12 15 50
20 85 69 77 1 0 12 0.00 M M 6.3 14 160 M M 0 18 170
21 88 72 80 4 0 15 0.00 0.0 0 5.6 16 250 M M 0 3 20 220
22 88 73 81 5 0 16 T 0.0 0 6.8 16 130 M M 0 3 24 130
23 80 70 75 -2 0 10 0.62 0.0 M 6.8 16 90 M M 1 13 26 80
24 79 70 75 -2 0 10 0.27 0.0 M 7.9 15 100 M M 0 13 20 50
25 86 67 77 0 0 12 0.00 0.0 M 7.1 15 20 M M 0 3 18 20
26 81 63 72 -5 0 7 0.02 0.0 M 8.2 15 60 M M 0 20 70
27 83 62 73 -5 0 8 0.00 0.0 M 7.5 17 30 M M 0 22 30
28 80 58 69 -9 0 4 0.00 0.0 M 8.0 18 250 M M 0 22 250
29 86 62 74 -4 0 9 0.00 0.0 M 7.5 20 250 M M 0 1 24 250
30 84 64 74 -4 0 9 0.00 0.0 0 4.9 15 190 M M 0 19 200
31 80 68 74 -4 0 9 0.30 0.0 0 6.0 17 140 M M 1 1 24 150
================================================================================
SM 2572 2048 0 301 2.34 0.0 208.2 M 8
================================================================================
AV 83.0 66.1 6.7 FASTST M M 0 MAX(MPH)
MISC ----> 25 250 34 260
================================================================================
NOTES:
# LAST OF SEVERAL OCCURRENCES
COLUMN 17 PEAK WIND IN M.P.H.
PRELIMINARY LOCAL CLIMATOLOGICAL DATA (WS FORM: F-6) , PAGE 2
STATION: APALACHICOLA
MONTH: MAY
YEAR: 2023
LATITUDE: 29 43 N
LONGITUDE: 85 2 W
[TEMPERATURE DATA] [PRECIPITATION DATA] SYMBOLS USED IN COLUMN 16
AVERAGE MONTHLY: 74.5 TOTAL FOR MONTH: 2.34 1 = FOG OR MIST
DPTR FM NORMAL: -0.3 DPTR FM NORMAL: 0.47 2 = FOG REDUCING VISIBILITY
HIGHEST: 88 ON 22,21 GRTST 24HR 0.89 ON 23-24 TO 1/4 MILE OR LESS
LOWEST: 54 ON 4 3 = THUNDER
SNOW, ICE PELLETS, HAIL 4 = ICE PELLETS
TOTAL MONTH: 0.0 INCH 5 = HAIL
GRTST 24HR 0.0 6 = FREEZING RAIN OR DRIZZLE
GRTST DEPTH: 0 7 = DUSTSTORM OR SANDSTORM:
VSBY 1/2 MILE OR LESS
8 = SMOKE OR HAZE
[NO. OF DAYS WITH] [WEATHER - DAYS WITH] 9 = BLOWING SNOW
X = TORNADO
MAX 32 OR BELOW: 0 0.01 INCH OR MORE: 7
MAX 90 OR ABOVE: 0 0.10 INCH OR MORE: 6
MIN 32 OR BELOW: 0 0.50 INCH OR MORE: 2
MIN 0 OR BELOW: 0 1.00 INCH OR MORE: 0
[HDD (BASE 65) ]
TOTAL THIS MO. 0 CLEAR (SCALE 0-3) 31
DPTR FM NORMAL -2 PTCLDY (SCALE 4-7) 0
TOTAL FM JUL 1 854 CLOUDY (SCALE 8-10) 0
DPTR FM NORMAL -368
[CDD (BASE 65) ]
TOTAL THIS MO. 301
DPTR FM NORMAL -5 [PRESSURE DATA]
TOTAL FM JAN 1 674 HIGHEST SLP 30.18 ON 7
DPTR FM NORMAL 195 LOWEST SLP 29.78 ON 17
[REMARKS]
#FINAL-05-23#