000
CXUS51 KPHI 010815
CF6ABE
PRELIMINARY LOCAL CLIMATOLOGICAL DATA (WS FORM: F-6)
STATION: ALLENTOWN PA
MONTH: AUGUST
YEAR: 2022
LATITUDE: 40 39 N
LONGITUDE: 75 26 W
TEMPERATURE IN F: :PCPN: SNOW: WIND :SUNSHINE: SKY :PK WND
================================================================================
1 2 3 4 5 6A 6B 7 8 9 10 11 12 13 14 15 16 17 18
12Z AVG MX 2MIN
DY MAX MIN AVG DEP HDD CDD WTR SNW DPTH SPD SPD DIR MIN PSBL S-S WX SPD DR
================================================================================
1 79 65 72 -3 0 7 0.14 0.0 0 5.1 13 230 M M 7 1 21 80
2 91 65 78 3 0 13 0.00 0.0 0 6.4 17 250 M M 2 23 230
3 88 62 75 0 0 10 0.00 0.0 0 4.7 14 230 M M 0 20 160
4 94 65 80 5 0 15 T 0.0 0 5.4 21 310 M M 1 29 330
5 91 71 81 6 0 16 0.00 0.0 0 4.4 17 360 M M 2 3 23 350
6 90 68 79 4 0 14 0.00 0.0 0 7.0 14 200 M M 2 1 24 170
7 92 74 83 8 0 18 T 0.0 0 9.7 21 220 M M 2 3 28 220
8 94 72 83 8 0 18 T 0.0 0 9.8 20 220 M M 3 27 220
9 95 73 84 10 0 19 0.04 0.0 0 6.9 21 290 M M 3 3 29 290
10 87 69 78 4 0 13 0.00 0.0 0 3.7 12 250 M M 4 17 310
11 89 69 79 5 0 14 0.00 0.0 0 6.2 14 290 M M 3 20 320
12 84 62 73 -1 0 8 0.00 0.0 0 7.8 16 350 M M 1 22 360
13 82 53 68 -6 0 3 0.00 0.0 0 5.3 17 340 M M 0 23 340
14 87 56 72 -2 0 7 0.00 0.0 0 5.6 16 210 M M 1 21 220
15 86 59 73 -1 0 8 0.00 0.0 0 4.9 13 80 M M 3 20 130
16 87 56 72 -2 0 7 0.00 0.0 0 5.8 17 80 M M 1 26 70
17 82 59 71 -3 0 6 T 0.0 0 5.1 13 40 M M 5 17 360
18 87 55 71 -3 0 6 0.00 0.0 0 5.2 22 330 M M 1 28 330
19 91 57 74 1 0 9 0.00 0.0 0 4.5 15 220 M M 1 19 220
20 92 67 80 7 0 15 T 0.0 0 5.1 16 220 M M 2 23 220
21 89 63 76 3 0 11 0.01 0.0 0 6.3 16 160 M M 4 23 150
22 83 65 74 1 0 9 2.56 0.0 0 5.9 23 340 M M 8 1238 32 330
23 85 65 75 2 0 10 T 0.0 0 5.3 20 330 M M 7 12 25 330
24 87 63 75 2 0 10 0.00 0.0 0 4.4 13 270 M M 1 17 250
25 89 61 75 3 0 10 0.00 0.0 0 3.2 10 220 M M 1 16 160
26 88 66 77 5 0 12 T 0.0 0 6.0 17 250 M M 4 22 230
27 87 66 77 5 0 12 0.00 0.0 0 3.9 9 50 M M 3 13 360
28 85 67 76 4 0 11 0.00 0.0 0 7.0 16 80 M M 6 21 90
29 89 72 81 9 0 16 0.00 0.0 0 6.3 15 230 M M 5 27 160
30 91 70 81 10 0 16 0.09 0.0 0 7.6 21 280 M M 6 1 32 270
31 81 63 72 1 0 7 0.00 0.0 0 7.2 18 320 M M 2 1 25 310
================================================================================
SM 2722 1998 0 350 2.84 0.0 181.7 M 91
================================================================================
AV 87.8 64.5 5.9 FASTST M M 3 MAX(MPH)
MISC ----> 23 340 # 32 330
================================================================================
NOTES:
# LAST OF SEVERAL OCCURRENCES
COLUMN 17 PEAK WIND IN M.P.H.
PRELIMINARY LOCAL CLIMATOLOGICAL DATA (WS FORM: F-6) , PAGE 2
STATION: ALLENTOWN PA
MONTH: AUGUST
YEAR: 2022
LATITUDE: 40 39 N
LONGITUDE: 75 26 W
[TEMPERATURE DATA] [PRECIPITATION DATA] SYMBOLS USED IN COLUMN 16
AVERAGE MONTHLY: 76.1 TOTAL FOR MONTH: 2.84 1 = FOG OR MIST
DPTR FM NORMAL: 2.5 DPTR FM NORMAL: -1.72 2 = FOG REDUCING VISIBILITY
HIGHEST: 95 ON 9 GRTST 24HR 2.57 ON 21-22 TO 1/4 MILE OR LESS
LOWEST: 53 ON 13 3 = THUNDER
SNOW, ICE PELLETS, HAIL 4 = ICE PELLETS
TOTAL MONTH: 0.0 INCH 5 = HAIL
GRTST 24HR 0.0 6 = FREEZING RAIN OR DRIZZLE
GRTST DEPTH: 0 7 = DUSTSTORM OR SANDSTORM:
VSBY 1/2 MILE OR LESS
8 = SMOKE OR HAZE
[NO. OF DAYS WITH] [WEATHER - DAYS WITH] 9 = BLOWING SNOW
X = TORNADO
MAX 32 OR BELOW: 0 0.01 INCH OR MORE: 5
MAX 90 OR ABOVE: 10 0.10 INCH OR MORE: 2
MIN 32 OR BELOW: 0 0.50 INCH OR MORE: 1
MIN 0 OR BELOW: 0 1.00 INCH OR MORE: 1
[HDD (BASE 65) ]
TOTAL THIS MO. 0 CLEAR (SCALE 0-3) 20
DPTR FM NORMAL -3 PTCLDY (SCALE 4-7) 11
TOTAL FM JUL 1 0 CLOUDY (SCALE 8-10) 0
DPTR FM NORMAL -1
[CDD (BASE 65) ]
TOTAL THIS MO. 350
DPTR FM NORMAL 82 [PRESSURE DATA]
TOTAL FM JAN 1 892 HIGHEST SLP 30.24 ON 6
DPTR FM NORMAL 32 LOWEST SLP 29.72 ON 30
[REMARKS]
#FINAL-08-22#