000
CXUS55 KABQ 011010
CF6ABQ
PRELIMINARY LOCAL CLIMATOLOGICAL DATA (WS FORM: F-6)
STATION: ALBUQUERQUE NM
MONTH: JULY
YEAR: 2023
LATITUDE: 35 2 N
LONGITUDE: 106 37 W
TEMPERATURE IN F: :PCPN: SNOW: WIND :SUNSHINE: SKY :PK WND
================================================================================
1 2 3 4 5 6A 6B 7 8 9 10 11 12 13 14 15 16 17 18
12Z AVG MX 2MIN
DY MAX MIN AVG DEP HDD CDD WTR SNW DPTH SPD SPD DIR MIN PSBL S-S WX SPD DR
================================================================================
1 92 67 80 1 0 15 0.00 0.0 0 15.1 31 80 M M 2 40 90
2 95 69 82 3 0 17 0.00 0.0 0 9.7 29 150 M M 3 36 110
3 96 67 82 3 0 17 0.00 0.0 0 6.3 17 110 M M 3 24 120
4 98 70 84 5 0 19 0.00 0.0 0 8.9 23 220 M M 3 30 220
5 99 68 84 5 0 19 0.00 0.0 0 4.6 18 240 M M 3 28 280
6 99 69 84 5 0 19 T 0.0 0 5.7 22 260 M M 3 31 270
7 97 72 85 6 0 20 T 0.0 0 9.7 36 260 M M 4 8 50 260
8 96 71 84 5 0 19 T 0.0 0 9.9 29 210 M M 5 41 200
9 100 68 84 5 0 19 0.00 0.0 0 6.7 26 310 M M 4 36 300
10 99 78 89 10 0 24 T 0.0 0 7.7 20 310 M M 6 26 210
11 101 78 90 11 0 25 T 0.0 0 10.4 28 260 M M 5 39 270
12 100 75 88 9 0 23 0.00 0.0 0 8.3 30 220 M M 6 41 220
13 99 74 87 8 0 22 0.00 0.0 0 6.2 24 190 M M 7 34 180
14 103 74 89 10 0 24 0.00 0.0 0 9.3 36 80 M M 4 46 80
15 100 74 87 8 0 22 0.00 0.0 0 13.8 36 90 M M 3 8 50 90
16 100 71 86 7 0 21 0.00 0.0 0 6.5 26 90 M M 2 8 32 90
17 104 70 87 8 0 22 0.00 0.0 0 6.2 22 220 M M 2 27 210
18 103 75 89 10 0 24 T 0.0 0 7.8 28 190 M M 4 3 39 30
19 101 75 88 9 0 23 T 0.0 0 8.2 23 310 M M 4 38 33 310
20 101 79 90 11 0 25 0.00 0.0 0 12.2 31 320 M M 5 41 260
21 98 73 86 7 0 21 T 0.0 0 15.8 35 90 M M 4 3 45 110
22 97 69 83 4 0 18 0.00 0.0 0 11.4 26 10 M M 3 35 360
23 95 68 82 3 0 17 0.00 0.0 0 7.2 18 200 M M 3 26 220
24 100 73 87 8 0 22 0.00 0.0 0 7.8 17 360 M M 3 23 350
25 103 76 90 11 0 25 0.00 0.0 0 8.8 23 280 M M 4 3 31 260
26 102 72 87 8 0 22 T 0.0 0 5.6 24 70 M M 4 3 30 80
27 101 75 88 10 0 23 T 0.0 0 8.4 28 80 M M 6 3 36 320
28 100 73 87 9 0 22 T 0.0 0 6.7 25 120 M M 5 3 33 130
29 98 71 85 7 0 20 T 0.0 0 7.2 22 160 M M 5 3 26 170
30 97 75 86 8 0 21 0.00 0.0 0 10.1 22 120 M M 7 29 120
31 96 71 84 6 0 19 T 0.0 0 9.2 43 180 M M 5 3 54 170
================================================================================
SM 3070 2240 0 649 T 0.0 271.4 M 127
================================================================================
AV 99.0 72.3 8.8 FASTST M M 4 MAX(MPH)
MISC ----> 43 180 54 170
================================================================================
NOTES:
# LAST OF SEVERAL OCCURRENCES
COLUMN 17 PEAK WIND IN M.P.H.
PRELIMINARY LOCAL CLIMATOLOGICAL DATA (WS FORM: F-6) , PAGE 2
STATION: ALBUQUERQUE NM
MONTH: JULY
YEAR: 2023
LATITUDE: 35 2 N
LONGITUDE: 106 37 W
[TEMPERATURE DATA] [PRECIPITATION DATA] SYMBOLS USED IN COLUMN 16
AVERAGE MONTHLY: 85.6 TOTAL FOR MONTH: T 1 = FOG OR MIST
DPTR FM NORMAL: 6.7 DPTR FM NORMAL: -1.64 2 = FOG REDUCING VISIBILITY
HIGHEST: 104 ON 17 GRTST 24HR T ON 6- 6 TO 1/4 MILE OR LESS
LOWEST: 67 ON 3, 1 3 = THUNDER
SNOW, ICE PELLETS, HAIL 4 = ICE PELLETS
TOTAL MONTH: 0.0 INCH 5 = HAIL
GRTST 24HR 0.0 6 = FREEZING RAIN OR DRIZZLE
GRTST DEPTH: 0 7 = DUSTSTORM OR SANDSTORM:
VSBY 1/2 MILE OR LESS
8 = SMOKE OR HAZE
[NO. OF DAYS WITH] [WEATHER - DAYS WITH] 9 = BLOWING SNOW
X = TORNADO
MAX 32 OR BELOW: 0 0.01 INCH OR MORE: 0
MAX 90 OR ABOVE: 31 0.10 INCH OR MORE: 0
MIN 32 OR BELOW: 0 0.50 INCH OR MORE: 0
MIN 0 OR BELOW: 0 1.00 INCH OR MORE: 0
[HDD (BASE 65) ]
TOTAL THIS MO. 0 CLEAR (SCALE 0-3) 8
DPTR FM NORMAL 0 PTCLDY (SCALE 4-7) 23
TOTAL FM JUL 1 0 CLOUDY (SCALE 8-10) 0
DPTR FM NORMAL 0
[CDD (BASE 65) ]
TOTAL THIS MO. 649
DPTR FM NORMAL 220 [PRESSURE DATA]
TOTAL FM JAN 1 1036 HIGHEST SLP M ON M
DPTR FM NORMAL 159 LOWEST SLP 29.65 ON 7
[REMARKS]
#FINAL-07-23#