000
CXUS54 KLZK 011230
CF6ADF
PRELIMINARY LOCAL CLIMATOLOGICAL DATA (WS FORM: F-6)
STATION: ARKADELPHIA AIRPORT
MONTH: AUGUST
YEAR: 2023
LATITUDE: 34 9 N
LONGITUDE: 93 4 W
TEMPERATURE IN F: :PCPN: SNOW: WIND :SUNSHINE: SKY :PK WND
================================================================================
1 2 3 4 5 6A 6B 7 8 9 10 11 12 13 14 15 16 17 18
12Z AVG MX 2MIN
DY MAX MIN AVG DEP HDD CDD WTR SNW DPTH SPD SPD DIR MIN PSBL S-S WX SPD DR
================================================================================
1 96 72 84 3 0 19 0.00 M M 1.1 6 99 M M 0 1 M M
2 99 75 87 6 0 22 0.00 M M 1.9 8 180 M M 0 1 M M
3 100 77 89 8 0 24 0.00 M M 3.7 9 250 M M 0 18 M M
4 100 75 88 7 0 23 0.00 M M 4.0 10 180 M M 0 1 M M
5 M M M M M M 0.00 M M M M M M M M M M
6 M M M M M M 0.00 M M M M M M M M M M
7 85 71 78 -3 0 13 0.48 M M 3.0 8 170 M M 1 13 M M
8 78 69 74 -7 0 9 1.99 M M 2.7 23 340 M M 5 13 31 340
9 91 70 81 0 0 16 0.00 M M 3.5 13 210 M M 2 1 20 210
10 94 75 85 4 0 20 0.00 M M 1.9 13 240 M M 5 18 20 240
11 93 77 85 4 0 20 0.17 M M 3.4 13 170 M M 2 13 18 170
12 96 74 85 4 0 20 0.00 M M 2.5 8 190 M M 1 12 M M
13 98 76 87 6 0 22 0.00 M M 2.8 9 220 M M 0 1 M M
14 96 72 84 3 0 19 0.00 M M 4.2 14 320 M M 1 1 20 320
15 87 65 76 -5 0 11 0.00 M M 3.3 8 300 M M 1 M M
16 85 61 73 -8 0 8 0.00 M M 0.6 5 200 M M 1 M M
17 92 59 76 -5 0 11 0.00 M M 2.2 9 200 M M 0 1 M M
18 96 67 82 1 0 17 0.00 M M 1.8 6 99 M M 0 1 M M
19 99 73 86 6 0 21 0.00 M M 2.5 6 99 M M 0 M M
20 99 73 86 6 0 21 0.00 M M 0.7 6 20 M M 0 1 M M
21 99 72 86 6 0 21 0.00 M M 1.3 5 190 M M 0 1 M M
22 100 73 87 7 0 22 0.00 M M 1.3 6 20 M M 0 1 M M
23 98 75 87 7 0 22 0.00 M M 1.4 6 180 M M 1 18 M M
24 100 73 87 7 0 22 0.00 M M 1.1 5 190 M M 0 1 M M
25 102 72 87 7 0 22 0.00 M M 1.0 7 200 M M 0 18 M M
26 103 73 88 8 0 23 0.02 M M 1.2 7 240 M M 0 13 M M
27 92 76 84 5 0 19 0.00 M M 4.3 7 99 M M 3 M M
28 89 72 81 2 0 16 0.00 M M 3.3 9 20 M M 6 16 99
29 91 65 78 -1 0 13 0.00 M M 3.5 8 20 M M 0 M M
30 92 62 77 -2 0 12 0.00 M M 1.0 5 210 M M 2 M M
31 91 66 79 1 0 14 0.00 M M 4.2 7 99 M M 0 M M
================================================================================
SM 2741 2060 0 522 2.66 M 69.3 M 31
================================================================================
AV 94.5 71.0 2.4 FASTST M M 1 MAX(MPH)
MISC ----> 23 340 31 340
================================================================================
NOTES:
# LAST OF SEVERAL OCCURRENCES
COLUMN 17 PEAK WIND IN M.P.H.
PRELIMINARY LOCAL CLIMATOLOGICAL DATA (WS FORM: F-6) , PAGE 2
STATION: ARKADELPHIA AIRPORT
MONTH: AUGUST
YEAR: 2023
LATITUDE: 34 9 N
LONGITUDE: 93 4 W
[TEMPERATURE DATA] [PRECIPITATION DATA] SYMBOLS USED IN COLUMN 16
AVERAGE MONTHLY: 82.8 TOTAL FOR MONTH: 2.66 1 = FOG OR MIST
DPTR FM NORMAL: 2.3 DPTR FM NORMAL: -0.19 2 = FOG REDUCING VISIBILITY
HIGHEST: 103 ON 26 GRTST 24HR 1.99 ON 8- 8 TO 1/4 MILE OR LESS
LOWEST: 59 ON 17 3 = THUNDER
SNOW, ICE PELLETS, HAIL 4 = ICE PELLETS
TOTAL MONTH: M 5 = HAIL
GRTST 24HR M ON M 6 = FREEZING RAIN OR DRIZZLE
GRTST DEPTH: M ON M 7 = DUSTSTORM OR SANDSTORM:
VSBY 1/2 MILE OR LESS
8 = SMOKE OR HAZE
[NO. OF DAYS WITH] [WEATHER - DAYS WITH] 9 = BLOWING SNOW
X = TORNADO
MAX 32 OR BELOW: 0 0.01 INCH OR MORE: 4
MAX 90 OR ABOVE: 24 0.10 INCH OR MORE: 3
MIN 32 OR BELOW: 0 0.50 INCH OR MORE: 1
MIN 0 OR BELOW: 0 1.00 INCH OR MORE: 1
[HDD (BASE 65) ]
TOTAL THIS MO. 0 CLEAR (SCALE 0-3) 26
DPTR FM NORMAL 0 PTCLDY (SCALE 4-7) 3
TOTAL FM JUL 1 0 CLOUDY (SCALE 8-10) 2
DPTR FM NORMAL 0
[CDD (BASE 65) ]
TOTAL THIS MO. 522
DPTR FM NORMAL 42 [PRESSURE DATA]
TOTAL FM JAN 1 1725 HIGHEST SLP M ON M
DPTR FM NORMAL 146 LOWEST SLP M ON M
[REMARKS]
#FINAL-08-23#