000
CXUS54 KLCH 010841
CF6AEX
PRELIMINARY LOCAL CLIMATOLOGICAL DATA (WS FORM: F-6)
STATION: ALEXANDRIA
MONTH: MAY
YEAR: 2023
LATITUDE: 31 19 N
LONGITUDE: 92 33 W
TEMPERATURE IN F: :PCPN: SNOW: WIND :SUNSHINE: SKY :PK WND
================================================================================
1 2 3 4 5 6A 6B 7 8 9 10 11 12 13 14 15 16 17 18
12Z AVG MX 2MIN
DY MAX MIN AVG DEP HDD CDD WTR SNW DPTH SPD SPD DIR MIN PSBL S-S WX SPD DR
================================================================================
1 79 51 65 -5 0 0 0.00 0.0 M 4.1 15 290 M M 0 20 330
2 82 49 66 -5 0 1 0.00 0.0 M 2.5 10 310 M M 0 17 300
3 82 55 69 -2 0 4 0.00 0.0 M 2.8 10 300 M M 0 16 60
4 84 55 70 -1 0 5 0.00 0.0 M 5.6 15 170 M M 1 19 200
5 86 63 75 3 0 10 0.33 0.0 M 6.8 25 280 M M 5 13 39 280
6 80 67 74 2 0 9 0.74 0.0 M 9.7 35 250 M M 6 13 46 240
7 81 66 74 2 0 9 T 0.0 M 7.2 16 170 M M 5 13 21 180
8 80 71 76 4 0 11 0.81 0.0 M 8.2 25 180 M M 7 13 34 170
9 85 68 77 4 0 12 0.09 0.0 M 4.6 31 190 M M 7 1238 44 180
10 78 69 74 1 0 9 0.27 0.0 M 8.1 17 150 M M 7 1 23 130
11 83 72 78 5 0 13 0.03 0.0 M 9.2 18 170 M M 6 13 27 150
12 88 73 81 7 0 16 0.06 0.0 M 8.1 17 180 M M 5 138 23 170
13 89 73 81 7 0 16 T 0.0 M 6.6 20 150 M M 3 13 27 150
14 89 71 80 6 0 15 0.00 0.0 M 6.9 15 150 M M 4 18 22 140
15 92 66 79 5 0 14 1.11 0.0 0 3.6 33 130 M M 1 13 43 140
16 89 68 79 4 0 14 0.00 0.0 M 4.6 14 280 M M 1 1 18 280
17 82 65 74 -1 0 9 0.00 0.0 M 6.2 18 330 M M 2 24 350
18 88 64 76 1 0 11 0.00 0.0 M 2.4 10 320 M M 2 1 15 360
19 93 68 81 5 0 16 0.00 0.0 M 2.0 8 340 M M 1 1 13 260
20 89 71 80 4 0 15 0.00 0.0 M 7.1 17 360 M M 2 3 23 350
21 77 66 72 -4 0 7 0.00 0.0 M 6.2 13 40 M M 1 18 21 40
22 86 64 75 -1 0 10 0.00 0.0 M 3.3 10 330 M M 1 1 15 360
23 88 62 75 -1 0 10 0.00 0.0 M 3.5 10 20 M M 2 18 16 10
24 84 66 75 -2 0 10 0.00 0.0 M 6.3 15 20 M M 4 1 20 50
25 89 64 77 0 0 12 T 0.0 M 6.0 17 90 M M 0 8 26 100
26 89 61 75 -2 0 10 0.00 0.0 0 4.9 13 20 M M 1 18 19 60
27 90 63 77 0 0 12 0.00 0.0 0 3.6 14 60 M M 2 18 18 80
28 90 65 78 0 0 13 0.00 0.0 0 3.5 9 150 M M 1 18 14 20
29 91 66 79 1 0 14 0.00 0.0 0 2.2 13 20 M M 2 18 17 10
30 92 68 80 2 0 15 0.00 0.0 M 2.4 13 230 M M 4 18 17 220
31 92 65 79 1 0 14 0.00 0.0 M 3.9 10 10 M M 1 18 14 10
================================================================================
SM 2667 2015 0 336 3.44 0.0 162.1 M 84
================================================================================
AV 86.0 65.0 5.2 FASTST M M 3 MAX(MPH)
MISC ----> 35 250 46 240
================================================================================
NOTES:
# LAST OF SEVERAL OCCURRENCES
COLUMN 17 PEAK WIND IN M.P.H.
PRELIMINARY LOCAL CLIMATOLOGICAL DATA (WS FORM: F-6) , PAGE 2
STATION: ALEXANDRIA
MONTH: MAY
YEAR: 2023
LATITUDE: 31 19 N
LONGITUDE: 92 33 W
[TEMPERATURE DATA] [PRECIPITATION DATA] SYMBOLS USED IN COLUMN 16
AVERAGE MONTHLY: 75.5 TOTAL FOR MONTH: 3.44 1 = FOG OR MIST
DPTR FM NORMAL: 0.9 DPTR FM NORMAL: -0.50 2 = FOG REDUCING VISIBILITY
HIGHEST: 93 ON 19 GRTST 24HR 1.11 ON 15-15 TO 1/4 MILE OR LESS
LOWEST: 49 ON 2 3 = THUNDER
SNOW, ICE PELLETS, HAIL 4 = ICE PELLETS
TOTAL MONTH: 0.0 INCH 5 = HAIL
GRTST 24HR 0.0 6 = FREEZING RAIN OR DRIZZLE
GRTST DEPTH: 0 7 = DUSTSTORM OR SANDSTORM:
VSBY 1/2 MILE OR LESS
8 = SMOKE OR HAZE
[NO. OF DAYS WITH] [WEATHER - DAYS WITH] 9 = BLOWING SNOW
X = TORNADO
MAX 32 OR BELOW: 0 0.01 INCH OR MORE: 8
MAX 90 OR ABOVE: 7 0.10 INCH OR MORE: 5
MIN 32 OR BELOW: 0 0.50 INCH OR MORE: 3
MIN 0 OR BELOW: 0 1.00 INCH OR MORE: 1
[HDD (BASE 65) ]
TOTAL THIS MO. 0 CLEAR (SCALE 0-3) 19
DPTR FM NORMAL -6 PTCLDY (SCALE 4-7) 12
TOTAL FM JUL 1 1368 CLOUDY (SCALE 8-10) 0
DPTR FM NORMAL -521
[CDD (BASE 65) ]
TOTAL THIS MO. 336
DPTR FM NORMAL 34 [PRESSURE DATA]
TOTAL FM JAN 1 615 HIGHEST SLP 30.21 ON 15
DPTR FM NORMAL 138 LOWEST SLP 29.81 ON 17
[REMARKS]
#FINAL-05-23#