000
CXUS54 KLCH 011407
CF6AEX
PRELIMINARY LOCAL CLIMATOLOGICAL DATA (WS FORM: F-6)
STATION: ALEXANDRIA
MONTH: OCTOBER
YEAR: 2021
LATITUDE: 31 19 N
LONGITUDE: 92 33 W
TEMPERATURE IN F: :PCPN: SNOW: WIND :SUNSHINE: SKY :PK WND
================================================================================
1 2 3 4 5 6A 6B 7 8 9 10 11 12 13 14 15 16 17 18
12Z AVG MX 2MIN
DY MAX MIN AVG DEP HDD CDD WTR SNW DPTH SPD SPD DIR MIN PSBL S-S WX SPD DR
================================================================================
1 83 71 77 4 0 12 T 0.0 M 5.2 17 120 M M 5 18 25 120
2 82 70 76 3 0 11 0.16 0.0 M 5.1 20 160 M M 6 138 25 160
3 86 70 78 6 0 13 0.85 0.0 M 2.0 25 300 M M 6 123 33 300
4 87 65 76 4 0 11 0.00 0.0 M 3.7 13 310 M M 2 12 16 320
5 85 62 74 2 0 9 0.00 0.0 0 3.9 14 10 M M 1 18 18 360
6 85 60 73 1 0 8 0.00 0.0 0 2.6 10 350 M M 0 1 14 350
7 88 60 74 3 0 9 T 0.0 M 1.0 8 60 M M 0 18 12 60
8 89 62 76 5 0 11 0.00 0.0 0 1.6 8 60 M M 0 18 11 80
9 88 63 76 6 0 11 0.00 0.0 0 3.2 12 200 M M 0 18 15 160
10 88 65 77 7 0 12 0.00 0.0 M 8.1 17 160 M M 0 128 24 150
11 90 71 81 11 0 16 T 0.0 0 6.3 15 220 M M 4 18 21 210
12 89 69 79 10 0 14 0.13 0.0 M 4.7 13 170 M M 5 12 18 160
13 90 70 80 11 0 15 T 0.0 M 7.9 17 160 M M 1 1 23 180
14 88 70 79 11 0 14 0.00 0.0 M 7.4 21 170 M M 3 128 27 160
15 92 70 81 13 0 16 T 0.0 M 8.3 23 350 M M 5 1 34 360
16 75 49 62 -6 3 0 T M M 10.0 25 350 M M 0 37 350
17 76 44 60 -7 5 0 0.00 0.0 M 3.9 13 10 M M 0 19 10
18 76 45 61 -6 4 0 0.00 0.0 M 2.2 10 130 M M 0 8 16 130
19 81 48 65 -2 0 0 0.00 0.0 M 2.4 10 90 M M 0 1 15 130
20 85 57 71 5 0 6 0.00 0.0 M 2.3 8 90 M M 1 18 12 140
21 89 62 76 10 0 11 0.00 0.0 M 1.9 10 30 M M 5 128 13 360
22 86 64 75 9 0 10 0.00 0.0 M 3.0 9 50 M M 2 14 50
23 87 63 75 10 0 10 0.00 0.0 M 6.2 16 150 M M 2 18 23 160
24 88 67 78 13 0 13 T 0.0 M 8.1 21 160 M M 3 1 29 140
25 91 67 79 15 0 14 0.00 0.0 M 3.3 13 330 M M 3 18 18 360
26 83 58 71 7 0 6 0.00 0.0 M 6.0 14 130 M M 1 17 120
27 75 60 68 4 0 3 1.12 0.0 M 10.8 30 100 M M 6 138 47 110
28 67 57 62 -1 3 0 0.00 0.0 M 11.8 30 280 M M 6 41 270
29 64 52 58 -5 7 0 0.00 0.0 0 13.8 26 320 M M 9 35 320
30 73 47 60 -3 5 0 0.00 0.0 0 4.7 15 300 M M 0 20 310
31 78 44 61 -1 4 0 0.00 0.0 M 0.5 8 320 M M 0 1 12 310
================================================================================
SM 2584 1882 31 255 2.26 0.0 161.9 M 76
================================================================================
AV 83.4 60.7 5.2 FASTST M M 2 MAX(MPH)
MISC ----> # 30 100 47 110
================================================================================
NOTES:
# LAST OF SEVERAL OCCURRENCES
COLUMN 17 PEAK WIND IN M.P.H.
PRELIMINARY LOCAL CLIMATOLOGICAL DATA (WS FORM: F-6) , PAGE 2
STATION: ALEXANDRIA
MONTH: OCTOBER
YEAR: 2021
LATITUDE: 31 19 N
LONGITUDE: 92 33 W
[TEMPERATURE DATA] [PRECIPITATION DATA] SYMBOLS USED IN COLUMN 16
AVERAGE MONTHLY: 72.0 TOTAL FOR MONTH: 2.26 1 = FOG OR MIST
DPTR FM NORMAL: 4.2 DPTR FM NORMAL: -2.47 2 = FOG REDUCING VISIBILITY
HIGHEST: 92 ON 15 GRTST 24HR 1.12 ON 27-27 TO 1/4 MILE OR LESS
LOWEST: 44 ON 31,17 3 = THUNDER
SNOW, ICE PELLETS, HAIL 4 = ICE PELLETS
TOTAL MONTH: 0.0 INCH 5 = HAIL
GRTST 24HR 0.0 6 = FREEZING RAIN OR DRIZZLE
GRTST DEPTH: 0 7 = DUSTSTORM OR SANDSTORM:
VSBY 1/2 MILE OR LESS
8 = SMOKE OR HAZE
[NO. OF DAYS WITH] [WEATHER - DAYS WITH] 9 = BLOWING SNOW
X = TORNADO
MAX 32 OR BELOW: 0 0.01 INCH OR MORE: 4
MAX 90 OR ABOVE: 4 0.10 INCH OR MORE: 4
MIN 32 OR BELOW: 0 0.50 INCH OR MORE: 2
MIN 0 OR BELOW: 0 1.00 INCH OR MORE: 1
[HDD (BASE 65) ]
TOTAL THIS MO. 31 CLEAR (SCALE 0-3) 20
DPTR FM NORMAL -34 PTCLDY (SCALE 4-7) 10
TOTAL FM JUL 1 31 CLOUDY (SCALE 8-10) 1
DPTR FM NORMAL -35
[CDD (BASE 65) ]
TOTAL THIS MO. 255
DPTR FM NORMAL 105 [PRESSURE DATA]
TOTAL FM JAN 1 2797 HIGHEST SLP 30.32 ON 17
DPTR FM NORMAL 217 LOWEST SLP 29.49 ON 27
[REMARKS]
#FINAL-10-21#