533
CXUS54 KFWD 010730
CF6AFW
PRELIMINARY LOCAL CLIMATOLOGICAL DATA (WS FORM: F-6)
STATION: FORT WORTH ALLIANCE
MONTH: SEPTEMBER
YEAR: 2020
LATITUDE: 32 58 N
LONGITUDE: 97 19 W
TEMPERATURE IN F: :PCPN: SNOW: WIND :SUNSHINE: SKY :PK WND
================================================================================
1 2 3 4 5 6A 6B 7 8 9 10 11 12 13 14 15 16 17 18
12Z AVG MX 2MIN
DY MAX MIN AVG DEP HDD CDD WTR SNW DPTH SPD SPD DIR MIN PSBL S-S WX SPD DR
================================================================================
1 89 72 81 -1 0 16 4.01 0.0 0 13.7 24 180 M M 9 123 41 320
2 83 72 78 -3 0 13 0.43 0.0 0 7.7 17 180 M M 8 13 23 200
3 85 73 79 -2 0 14 0.02 0.0 0 6.1 15 160 M M 7 1 22 130
4 87 73 80 -1 0 15 0.00 0.0 0 5.8 13 180 M M 7 16 140
5 91 72 82 2 0 17 T 0.0 0 3.7 28 150 M M 6 3 40 160
6 92 71 82 2 0 17 0.00 0.0 0 6.3 15 170 M M 3 1 22 160
7 95 74 85 5 0 20 0.00 0.0 0 11.8 20 150 M M 4 27 140
8 91 76 84 5 0 19 T 0.0 0 12.9 22 150 M M 6 3 29 170
9 80 55 68 -11 0 3 0.81 0.0 0 9.4 21 240 M M 9 13 35 260
10 70 55 63 -16 2 0 T 0.0 0 10.6 20 330 M M 10 1 33 270
11 79 62 71 -7 0 6 0.00 0.0 0 6.2 15 330 M M 8 23 360
12 86 65 76 -2 0 11 0.00 0.0 0 4.2 9 330 M M 6 13 350
13 87 69 78 0 0 13 0.00 0.0 0 8.4 17 40 M M 6 26 30
14 87 66 77 0 0 12 0.00 0.0 0 8.2 16 360 M M 5 22 10
15 87 72 80 3 0 15 0.00 0.0 0 7.5 13 20 M M 7 20 50
16 88 71 80 3 0 15 0.00 0.0 0 5.2 14 10 M M 8 3 18 50
17 88 69 79 3 0 14 0.00 0.0 0 8.1 15 10 M M 7 18 10
18 86 66 76 0 0 11 0.00 0.0 0 8.1 15 40 M M 2 21 30
19 80 62 71 -5 0 6 0.00 0.0 0 6.7 14 30 M M 0 1 20 80
20 81 57 69 -6 0 4 0.00 0.0 0 7.7 16 60 M M 1 21 60
21 79 64 72 -3 0 7 0.01 0.0 0 10.8 17 60 M M 8 18 31 70
22 73 66 70 -4 0 5 0.07 0.0 0 7.5 14 50 M M 10 1 23 40
23 73 65 69 -5 0 4 0.01 0.0 0 8.4 14 10 M M 9 1 24 330
24 80 63 72 -2 0 7 T 0.0 0 6.8 15 10 M M 5 19 30
25 85 59 72 -1 0 7 0.00 0.0 0 8.1 15 150 M M 0 21 160
26 89 65 77 4 0 12 0.00 0.0 0 12.8 22 160 M M 0 30 190
27 92 64 78 5 0 13 0.00 0.0 0 17.8 28 350 M M 5 53 360
28 78 55 67 -5 0 2 T 0.0 0 15.1 37 10 M M 4 46 20
29 83 50 67 -5 0 2 0.00 0.0 0 9.2 18 330 M M 1 8 29 270
30 92 55 74 2 0 9 0.00 0.0 0 7.6 14 220 M M 0 19 220
================================================================================
SM 2536 1958 2 309 5.36 0.0 262.4 M 161
================================================================================
AV 84.5 65.3 8.7 FASTST M M 5 MAX(MPH)
MISC ----> # 37 10 # 53 360
================================================================================
NOTES:
# LAST OF SEVERAL OCCURRENCES
COLUMN 17 PEAK WIND IN M.P.H.
PRELIMINARY LOCAL CLIMATOLOGICAL DATA (WS FORM: F-6) , PAGE 2
STATION: FORT WORTH ALLIANCE
MONTH: SEPTEMBER
YEAR: 2020
LATITUDE: 32 58 N
LONGITUDE: 97 19 W
[TEMPERATURE DATA] [PRECIPITATION DATA] SYMBOLS USED IN COLUMN 16
AVERAGE MONTHLY: 74.9 TOTAL FOR MONTH: 5.36 1 = FOG OR MIST
DPTR FM NORMAL: -1.8 DPTR FM NORMAL: 2.40 2 = FOG REDUCING VISIBILITY
HIGHEST: 95 ON 7 GRTST 24HR 4.01 ON 1- 1 TO 1/4 MILE OR LESS
LOWEST: 50 ON 29 3 = THUNDER
SNOW, ICE PELLETS, HAIL 4 = ICE PELLETS
TOTAL MONTH: 0.0 INCH 5 = HAIL
GRTST 24HR 0.0 6 = FREEZING RAIN OR DRIZZLE
GRTST DEPTH: 0 7 = DUSTSTORM OR SANDSTORM:
VSBY 1/2 MILE OR LESS
8 = SMOKE OR HAZE
[NO. OF DAYS WITH] [WEATHER - DAYS WITH] 9 = BLOWING SNOW
X = TORNADO
MAX 32 OR BELOW: 0 0.01 INCH OR MORE: 7
MAX 90 OR ABOVE: 6 0.10 INCH OR MORE: 3
MIN 32 OR BELOW: 0 0.50 INCH OR MORE: 2
MIN 0 OR BELOW: 0 1.00 INCH OR MORE: 1
[HDD (BASE 65) ]
TOTAL THIS MO. 2 CLEAR (SCALE 0-3) 8
DPTR FM NORMAL -5 PTCLDY (SCALE 4-7) 16
TOTAL FM JUL 1 2 CLOUDY (SCALE 8-10) 6
DPTR FM NORMAL -5
[CDD (BASE 65) ]
TOTAL THIS MO. 309
DPTR FM NORMAL -49 [PRESSURE DATA]
TOTAL FM JAN 1 2664 HIGHEST SLP M ON M
DPTR FM NORMAL 234 LOWEST SLP 29.69 ON 1
[REMARKS]
#FINAL-09-20#