000
CXUS52 KFFC 011010
CF6AHN
PRELIMINARY LOCAL CLIMATOLOGICAL DATA (WS FORM: F-6)
STATION: ATHENS
MONTH: OCTOBER
YEAR: 2022
LATITUDE: 33 57 N
LONGITUDE: 83 19 W
TEMPERATURE IN F: :PCPN: SNOW: WIND :SUNSHINE: SKY :PK WND
================================================================================
1 2 3 4 5 6A 6B 7 8 9 10 11 12 13 14 15 16 17 18
12Z AVG MX 2MIN
DY MAX MIN AVG DEP HDD CDD WTR SNW DPTH SPD SPD DIR MIN PSBL S-S WX SPD DR
================================================================================
1 79 55 67 -2 0 2 T 0.0 M 5.1 15 310 M M 5 25 280
2 78 49 64 -5 1 0 0.00 0.0 M 5.0 15 60 M M 2 22 40
3 75 52 64 -4 1 0 0.00 0.0 M 4.1 15 30 M M 3 22 30
4 77 50 64 -4 1 0 0.00 0.0 M 3.7 13 300 M M 3 22 280
5 80 45 63 -5 2 0 0.00 0.0 M 1.6 10 300 M M 0 15 310
6 83 48 66 -1 0 1 0.00 0.0 M 2.0 8 300 M M 0 14 290
7 86 50 68 1 0 3 0.00 0.0 M 3.5 13 300 M M 0 20 310
8 79 51 65 -1 0 0 0.00 0.0 M 4.7 9 310 M M 0 18 300
9 70 48 59 -7 6 0 0.00 0.0 M 4.5 13 60 M M 5 19 40
10 77 45 61 -5 4 0 0.00 0.0 M 3.7 10 30 M M 0 1 18 40
11 80 53 67 2 0 2 0.00 0.0 M 6.9 13 80 M M 5 20 80
12 76 62 69 4 0 4 0.20 0.0 M 4.4 9 80 M M 8 1 14 190
13 77 56 67 2 0 2 0.56 0.0 M 5.3 14 300 M M 6 123 23 270
14 75 44 60 -4 5 0 0.00 0.0 M 2.9 12 310 M M 0 18 290
15 83 43 63 -1 2 0 0.00 0.0 M 2.5 9 260 M M 0 17 220
16 85 48 67 3 0 2 0.00 0.0 M 2.1 13 300 M M 0 20 320
17 79 53 66 3 0 1 0.00 0.0 M 6.7 16 290 M M 1 28 240
18 56 38 47 -16 18 0 0.00 0.0 M 8.1 17 310 M M 0 29 290
19 61 34 48 -14 17 0 0.00 0.0 M 5.5 13 310 M M 0 23 310
20 65 32 49 -13 16 0 0.00 0.0 M 2.8 12 240 M M 0 19 240
21 70 34 52 -10 13 0 0.00 0.0 M 1.9 10 90 M M 0 14 80
22 74 36 55 -6 10 0 0.00 0.0 M 1.3 9 80 M M 0 12 110
23 76 39 58 -3 7 0 0.00 0.0 M 1.4 10 80 M M 0 15 80
24 78 42 60 0 5 0 0.00 0.0 M 1.3 8 80 M M 0 18 12 70
25 78 44 61 1 4 0 0.00 0.0 M 3.5 9 120 M M 2 16 130
26 75 50 63 3 2 0 0.21 M M 5.5 14 300 M M 3 1 21 300
27 72 46 59 0 6 0 0.00 0.0 M 6.4 16 90 M M 1 22 90
28 70 53 62 3 3 0 0.00 0.0 M 9.3 16 80 M M 3 24 80
29 62 50 56 -3 9 0 0.00 0.0 M 8.2 14 90 M M 8 1 19 90
30 58 56 57 -1 8 0 0.11 0.0 M 9.9 17 80 M M 10 1 22 80
31 68 57 63 5 2 0 0.22 0.0 M 3.7 10 80 M M 10 12 14 80
================================================================================
SM 2302 1463 142 17 1.30 0.0 137.5 M 75
================================================================================
AV 74.3 47.2 4.4 FASTST M M 2 MAX(MPH)
MISC ----> # 17 310 29 290
================================================================================
NOTES:
# LAST OF SEVERAL OCCURRENCES
COLUMN 17 PEAK WIND IN M.P.H.
PRELIMINARY LOCAL CLIMATOLOGICAL DATA (WS FORM: F-6) , PAGE 2
STATION: ATHENS
MONTH: OCTOBER
YEAR: 2022
LATITUDE: 33 57 N
LONGITUDE: 83 19 W
[TEMPERATURE DATA] [PRECIPITATION DATA] SYMBOLS USED IN COLUMN 16
AVERAGE MONTHLY: 60.7 TOTAL FOR MONTH: 1.30 1 = FOG OR MIST
DPTR FM NORMAL: -2.8 DPTR FM NORMAL: -2.04 2 = FOG REDUCING VISIBILITY
HIGHEST: 86 ON 7 GRTST 24HR 0.73 ON 12-13 TO 1/4 MILE OR LESS
LOWEST: 32 ON 20 3 = THUNDER
SNOW, ICE PELLETS, HAIL 4 = ICE PELLETS
TOTAL MONTH: 0.0 INCH 5 = HAIL
GRTST 24HR 0.0 6 = FREEZING RAIN OR DRIZZLE
GRTST DEPTH: M ON M 7 = DUSTSTORM OR SANDSTORM:
VSBY 1/2 MILE OR LESS
8 = SMOKE OR HAZE
[NO. OF DAYS WITH] [WEATHER - DAYS WITH] 9 = BLOWING SNOW
X = TORNADO
MAX 32 OR BELOW: 0 0.01 INCH OR MORE: 5
MAX 90 OR ABOVE: 0 0.10 INCH OR MORE: 5
MIN 32 OR BELOW: 1 0.50 INCH OR MORE: 1
MIN 0 OR BELOW: 0 1.00 INCH OR MORE: 0
[HDD (BASE 65) ]
TOTAL THIS MO. 142 CLEAR (SCALE 0-3) 21
DPTR FM NORMAL 26 PTCLDY (SCALE 4-7) 7
TOTAL FM JUL 1 151 CLOUDY (SCALE 8-10) 3
DPTR FM NORMAL 28
[CDD (BASE 65) ]
TOTAL THIS MO. 17
DPTR FM NORMAL -52 [PRESSURE DATA]
TOTAL FM JAN 1 1996 HIGHEST SLP 30.35 ON 29
DPTR FM NORMAL 52 LOWEST SLP 29.72 ON 17
[REMARKS]
#FINAL-10-22#