000
CXUS55 KCYS 021815
CLMAIA
CLIMATE REPORT
NATIONAL WEATHER SERVICE CHEYENNE WY
1115 AM MST FRI FEB 02 2024
...................................
...THE ALLIANCE NEBRASKA AIRPORT CLIMATE SUMMARY FOR THE MONTH OF JANUARY 2024...
CLIMATE NORMAL PERIOD 1991 TO 2020
CLIMATE RECORD PERIOD 1896 TO 2024
WEATHER OBSERVED NORMAL DEPART LAST YEAR`S
VALUE DATE(S) VALUE FROM VALUE DATE(S)
NORMAL
................................................................
TEMPERATURE (F)
RECORD
HIGH 71 01/27/2015
LOW -31 01/19/1963
01/13/1905
HIGHEST 65 01/31 MM MM 48
LOWEST -23 01/14 MM MM -23
AVG. MAXIMUM 34.8 38.2 -3.4 31.9
AVG. MINIMUM 6.6 10.0 -3.4 8.0
MEAN 20.7 24.1 -3.4 19.9
DAYS MAX >= 90 0 0.0 0.0 0
DAYS MAX <= 32 11 8.5 2.5 16
DAYS MIN <= 32 29 30.8 -1.8 31
DAYS MIN <= 0 10 5.4 4.6 9
PRECIPITATION (INCHES)
RECORD
MAXIMUM 2.76 1949
TOTALS 0.15 0.20 -0.05 0.19
DAYS >= .01 5 2.8 2.2 5
DAYS >= .10 0 0.5 -0.5 1
DAYS >= .50 0 0.0 0.0 0
DAYS >= 1.00 0 0.0 0.0 0
GREATEST
24 HR. TOTAL 0.07 01/11 TO 01/11 0.14 01/15 TO 01/16
DEGREE DAYS
HEATING TOTAL 1274 1268 6 1389
SINCE 7/1 3849 4328 -479 MM
COOLING TOTAL 0 0 0 0
SINCE 1/1 0 0 0 MM
................................................................
WIND (MPH)
AVERAGE WIND SPEED 8.7
HIGHEST WIND SPEED/DIRECTION 39/340 DATE 01/18
HIGHEST GUST SPEED/DIRECTION 50/340 DATE 01/18
SKY COVER
POSSIBLE SUNSHINE (PERCENT) MM
AVERAGE SKY COVER 0.26
NUMBER OF DAYS FAIR 19
NUMBER OF DAYS PC 10
NUMBER OF DAYS CLOUDY 2
AVERAGE RH (PERCENT) 75
WEATHER CONDITIONS. NUMBER OF DAYS WITH
THUNDERSTORM 0 MIXED PRECIP 0
HEAVY RAIN 0 RAIN 0
LIGHT RAIN 0 FREEZING RAIN 0
LT FREEZING RAIN 0 HAIL 0
HEAVY SNOW 0 SNOW 1
LIGHT SNOW 9 SLEET 0
FOG 14 FOG W/VIS <= 1/4 MILE 3
HAZE 6
- INDICATES NEGATIVE NUMBERS.
R INDICATES RECORD WAS SET OR TIED.
MM INDICATES DATA IS MISSING.
T INDICATES TRACE AMOUNT.
$$