000
CXUS53 KDMX 010910
CF6ALO
PRELIMINARY LOCAL CLIMATOLOGICAL DATA (WS FORM: F-6)
STATION: WATERLOO IA
MONTH: DECEMBER
YEAR: 2022
LATITUDE: 42 32 N
LONGITUDE: 92 24 W
TEMPERATURE IN F: :PCPN: SNOW: WIND :SUNSHINE: SKY :PK WND
================================================================================
1 2 3 4 5 6A 6B 7 8 9 10 11 12 13 14 15 16 17 18
12Z AVG MX 2MIN
DY MAX MIN AVG DEP HDD CDD WTR SNW DPTH SPD SPD DIR MIN PSBL S-S WX SPD DR
================================================================================
1 39 12 26 -4 39 0 0.00 0.0 0 13.0 28 150 M M 0 41 160
2 51 19 35 5 30 0 T T 0 17.3 38 300 M M 4 50 300
3 25 9 17 -13 48 0 T T 0 12.2 33 300 M M 1 47 290
4 41 11 26 -3 39 0 0.00 0.0 0 7.2 15 210 M M 0 21 210
5 40 27 34 5 31 0 0.00 0.0 0 8.3 17 360 M M 8 23 340
6 39 18 29 0 36 0 0.00 0.0 0 4.1 15 90 M M 5 20 80
7 39 14 27 -1 38 0 0.00 0.0 0 4.2 14 350 M M 3 12 19 340
8 39 14 27 -1 38 0 0.14 0.0 0 7.3 16 90 M M 6 168 22 90
9 36 33 35 8 30 0 0.31 0.5 T 10.2 17 110 M M 10 16 25 90
10 38 33 36 9 29 0 0.00 0.0 0 6.5 14 270 M M 10 1 17 270
11 38 29 34 7 31 0 0.00 0.0 0 6.0 15 110 M M 9 19 110
12 37 31 34 8 31 0 0.00 0.0 0 14.3 22 130 M M 10 29 140
13 37 33 35 9 30 0 0.41 0.0 0 21.9 36 100 M M 10 18 46 110
14 51 32 42 16 23 0 0.01 0.0 0 11.3 23 120 M M 7 1 32 130
15 33 23 28 3 37 0 0.06 1.2 T 15.2 28 240 M M 10 18 38 240
16 25 21 23 -2 42 0 0.04 0.8 1 18.8 28 240 M M 10 18 37 260
17 22 9 16 -9 49 0 0.03 0.6 2 13.4 20 270 M M 10 8 29 310
18 13 -1 6 -18 59 0 0.00 0.0 2 7.4 18 300 M M 0 24 320
19 28 -2 13 -11 52 0 0.08 0.8 2 8.0 16 150 M M 8 18 21 130
20 28 -4 12 -12 53 0 0.00 0.0 2 11.0 22 320 M M 3 18 25 320
21 18 -4 7 -17 58 0 0.21 2.2 2 7.3 15 300 M M 7 18 19 120
22 16 -10 3 -20 62 0 0.02 1.0 5 23.3 31 310 M M 10 18 45 310
23 1 -9 -4 -27 69 0 0.00 0.0 5 26.5 36 300 M M 10 8 54 320
24 9 0 5 -18 60 0 0.00 0.0 4 24.0 35 300 M M 4 8 48 300
25 13 0 7 -15 58 0 0.09 1.2 3 11.0 22 300 M M 4 8 30 310
26 13 -11 1 -21 64 0 0.15 2.0 6 9.7 20 340 M M 5 18 24 330
27 25 -11 7 -15 58 0 0.00 0.0 6 12.1 23 170 M M 0 33 180
28 40 24 32 10 33 0 0.00 0.0 6 12.0 22 180 M M 0 30 180
29 46 31 39 17 26 0 0.00 0.0 4 6.2 22 280 M M 4 128 31 300
30 31 21 26 5 39 0 0.00 0.0 3 6.3 20 280 M M 8 1 27 270
31 36 24 30 9 35 0 0.04 0.0 3 9.0 18 130 M M 7 126 23 130
================================================================================
SM 947 416 1327 0 1.59 10.3 365.0 M 183
================================================================================
AV 30.5 13.4 11.8 FASTST M M 6 MAX(MPH)
MISC ----> 38 300 54 320
================================================================================
NOTES:
# LAST OF SEVERAL OCCURRENCES
COLUMN 17 PEAK WIND IN M.P.H.
PRELIMINARY LOCAL CLIMATOLOGICAL DATA (WS FORM: F-6) , PAGE 2
STATION: WATERLOO IA
MONTH: DECEMBER
YEAR: 2022
LATITUDE: 42 32 N
LONGITUDE: 92 24 W
[TEMPERATURE DATA] [PRECIPITATION DATA] SYMBOLS USED IN COLUMN 16
AVERAGE MONTHLY: 22.0 TOTAL FOR MONTH: 1.59 1 = FOG OR MIST
DPTR FM NORMAL: -3.3 DPTR FM NORMAL: 0.15 2 = FOG REDUCING VISIBILITY
HIGHEST: 51 ON 14, 2 GRTST 24HR 0.45 ON 8- 9 TO 1/4 MILE OR LESS
LOWEST: -11 ON 27,26 3 = THUNDER
SNOW, ICE PELLETS, HAIL 4 = ICE PELLETS
TOTAL MONTH: 10.3 INCHES 5 = HAIL
GRTST 24HR 2.2 ON 21-21 6 = FREEZING RAIN OR DRIZZLE
GRTST DEPTH: 6 ON 28,27 7 = DUSTSTORM OR SANDSTORM:
VSBY 1/2 MILE OR LESS
8 = SMOKE OR HAZE
[NO. OF DAYS WITH] [WEATHER - DAYS WITH] 9 = BLOWING SNOW
X = TORNADO
MAX 32 OR BELOW: 14 0.01 INCH OR MORE: 13
MAX 90 OR ABOVE: 0 0.10 INCH OR MORE: 5
MIN 32 OR BELOW: 28 0.50 INCH OR MORE: 0
MIN 0 OR BELOW: 10 1.00 INCH OR MORE: 0
[HDD (BASE 65) ]
TOTAL THIS MO. 1327 CLEAR (SCALE 0-3) 7
DPTR FM NORMAL 98 PTCLDY (SCALE 4-7) 14
TOTAL FM JUL 1 2698 CLOUDY (SCALE 8-10) 10
DPTR FM NORMAL 92
[CDD (BASE 65) ]
TOTAL THIS MO. 0
DPTR FM NORMAL 0 [PRESSURE DATA]
TOTAL FM JAN 1 1023 HIGHEST SLP 30.65 ON 20
DPTR FM NORMAL 107 LOWEST SLP 29.42 ON 15
[REMARKS]
#FINAL-12-22#