000
CXUS56 KPDT 020532
CF6ALW
PRELIMINARY LOCAL CLIMATOLOGICAL DATA (WS FORM: F-6)
STATION: WALLA WALLA WA
MONTH: AUGUST
YEAR: 2020
LATITUDE: 46 5 N
LONGITUDE: 118 17 W
TEMPERATURE IN F: :PCPN: SNOW: WIND :SUNSHINE: SKY :PK WND
================================================================================
1 2 3 4 5 6A 6B 7 8 9 10 11 12 13 14 15 16 17 18
12Z AVG MX 2MIN
DY MAX MIN AVG DEP HDD CDD WTR SNW DPTH SPD SPD DIR MIN PSBL S-S WX SPD DR
================================================================================
1 88 69 79 2 0 14 0.00 M M 9.4 17 170 M M 0 22 170
2 92 64 78 1 0 13 0.00 M M 9.8 15 180 M M 0 21 200
3 88 64 76 -1 0 11 0.00 M M 9.5 15 210 M M 0 19 200
4 92 63 78 1 0 13 0.00 M M 6.6 13 250 M M 0 16 230
5 98 63 81 4 0 16 T M M 8.2 24 180 M M 0 31 200
6 83 58 71 -5 0 6 0.04 M M 15.7 26 220 M M 5 33 210
7 79 54 67 -9 0 2 0.00 M M 7.8 20 180 M M 2 22 180
8 84 59 72 -4 0 7 0.00 M M 9.3 18 200 M M 0 24 200
9 83 58 71 -5 0 6 0.00 M M 7.7 13 210 M M 0 17 200
10 91 58 75 -1 0 10 0.00 M M 6.6 16 180 M M 0 20 260
11 91 66 79 3 0 14 0.00 M M 13.7 22 190 M M 0 29 230
12 77 60 69 -7 0 4 T M M 10.4 21 190 M M 4 26 210
13 79 56 68 -7 0 3 0.00 M M 9.1 18 210 M M 0 23 220
14 88 53 71 -4 0 6 0.00 M M 5.6 14 240 M M 0 19 240
15 100 59 80 5 0 15 0.00 M M 4.9 10 20 M M 0 14 340
16 102 66 84 10 0 19 0.00 M M 6.4 23 190 M M 1 27 180
17 103 72 88 14 0 23 0.00 M M 6.6 22 250 M M 0 27 250
18 101 79 90 16 0 25 0.00 M M 8.1 20 180 M M 0 23 190
19 93 68 81 7 0 16 0.00 M M 7.0 14 170 M M 0 16 170
20 90 67 79 5 0 14 0.00 M M 8.5 16 230 M M 1 23 200
21 90 65 78 5 0 13 0.00 M M 9.3 20 220 M M 2 8 25 220
22 84 62 73 0 0 8 0.00 M M 5.2 15 170 M M 3 18 170
23 90 57 74 1 0 9 0.00 M M 4.9 10 200 M M 0 13 240
24 88 64 76 4 0 11 0.00 M M 6.1 12 190 M M 0 15 210
25 84 64 74 2 0 9 0.00 M M 5.9 13 160 M M 0 17 240
26 85 60 73 1 0 8 0.00 M M 6.3 12 180 M M 0 16 130
27 86 56 71 -1 0 6 0.00 M M 6.8 15 200 M M 0 18 200
28 89 56 73 2 0 8 0.00 M M 4.3 10 90 M M 0 15 220
29 86 58 72 1 0 7 0.00 M M 9.4 22 230 M M 0 27 240
30 77 54 66 -5 0 1 T M M 8.0 14 180 M M 1 17 190
31 77 61 69 -1 0 4 T M M 9.8 18 180 M M 5 22 180
================================================================================
SM 2738 1913 0 321 0.04 M 246.9 M 24
================================================================================
AV 88.3 61.7 8.0 FASTST M M 1 MAX(MPH)
MISC ----> # 26 220 # 33 210
================================================================================
NOTES:
# LAST OF SEVERAL OCCURRENCES
COLUMN 17 PEAK WIND IN M.P.H.
PRELIMINARY LOCAL CLIMATOLOGICAL DATA (WS FORM: F-6) , PAGE 2
STATION: WALLA WALLA WA
MONTH: AUGUST
YEAR: 2020
LATITUDE: 46 5 N
LONGITUDE: 118 17 W
[TEMPERATURE DATA] [PRECIPITATION DATA] SYMBOLS USED IN COLUMN 16
AVERAGE MONTHLY: 75.0 TOTAL FOR MONTH: 0.04 1 = FOG OR MIST
DPTR FM NORMAL: 0.8 DPTR FM NORMAL: -0.53 2 = FOG REDUCING VISIBILITY
HIGHEST: 103 ON 17 GRTST 24HR 0.04 ON 6- 6 TO 1/4 MILE OR LESS
LOWEST: 53 ON 14 3 = THUNDER
SNOW, ICE PELLETS, HAIL 4 = ICE PELLETS
TOTAL MONTH: M 5 = HAIL
GRTST 24HR M ON M 6 = FREEZING RAIN OR DRIZZLE
GRTST DEPTH: M ON M 7 = DUSTSTORM OR SANDSTORM:
VSBY 1/2 MILE OR LESS
8 = SMOKE OR HAZE
[NO. OF DAYS WITH] [WEATHER - DAYS WITH] 9 = BLOWING SNOW
X = TORNADO
MAX 32 OR BELOW: 0 0.01 INCH OR MORE: 1
MAX 90 OR ABOVE: 13 0.10 INCH OR MORE: 0
MIN 32 OR BELOW: 0 0.50 INCH OR MORE: 0
MIN 0 OR BELOW: 0 1.00 INCH OR MORE: 0
[HDD (BASE 65) ]
TOTAL THIS MO. 0 CLEAR (SCALE 0-3) 28
DPTR FM NORMAL -7 PTCLDY (SCALE 4-7) 3
TOTAL FM JUL 1 2 CLOUDY (SCALE 8-10) 0
DPTR FM NORMAL -11
[CDD (BASE 65) ]
TOTAL THIS MO. 321
DPTR FM NORMAL 28 [PRESSURE DATA]
TOTAL FM JAN 1 757 HIGHEST SLP 30.18 ON 9
DPTR FM NORMAL 5 LOWEST SLP 29.62 ON 5
[REMARKS]
#FINAL-08-20#