000
CXUS54 KAMA 010710
CF6AMA
PRELIMINARY LOCAL CLIMATOLOGICAL DATA (WS FORM: F-6)
STATION: AMARILLO
MONTH: SEPTEMBER
YEAR: 2021
LATITUDE: 35 13 N
LONGITUDE: 101 42 W
TEMPERATURE IN F: :PCPN: SNOW: WIND :SUNSHINE: SKY :PK WND
================================================================================
1 2 3 4 5 6A 6B 7 8 9 10 11 12 13 14 15 16 17 18
12Z AVG MX 2MIN
DY MAX MIN AVG DEP HDD CDD WTR SNW DPTH SPD SPD DIR MIN PSBL S-S WX SPD DR
================================================================================
1 96 70 83 8 0 18 0.00 0.0 0 14.2 25 130 M M 1 37 150
2 91 69 80 5 0 15 0.21 0.0 0 12.4 23 190 M M 2 1 30 200
3 94 69 82 7 0 17 0.45 0.0 0 10.5 28 350 M M 3 138 37 240
4 81 68 75 0 0 10 0.00 0.0 0 11.0 21 20 M M 4 1 29 40
5 88 65 77 3 0 12 0.00 0.0 0 7.1 16 130 M M 2 20 140
6 92 64 78 4 0 13 0.00 0.0 0 11.0 21 210 M M 0 1 26 200
7 99 63 81 7 0 16 0.00 0.0 0 9.5 20 40 M M 0 26 40
8 86 60 73 -1 0 8 0.00 0.0 0 10.6 18 100 M M 1 23 80
9 96 61 79 6 0 14 0.00 0.0 0 14.4 24 200 M M 0 34 220
10 102 63 83 10 0 18 0.00 0.0 0 14.1 23 200 M M 0 30 210
11 99 63 81 8 0 16 0.00 0.0 0 16.3 28 200 M M 0 39 200
12 96 64 80 8 0 15 0.00 0.0 0 14.5 23 200 M M 0 34 180
13 92 56 74 2 0 9 0.00 0.0 0 15.1 24 190 M M 0 36 210
14 92 63 78 6 0 13 0.00 0.0 0 14.6 24 320 M M 0 39 290
15 86 58 72 1 0 7 0.05 0.0 0 9.8 23 360 M M 2 13 33 320
16 91 63 77 6 0 12 0.00 0.0 0 17.8 25 190 M M 1 34 170
17 82 61 72 1 0 7 0.00 0.0 0 14.8 25 170 M M 0 36 340
18 90 56 73 3 0 8 0.00 0.0 0 9.6 18 140 M M 1 24 160
19 97 63 80 10 0 15 0.00 0.0 0 17.9 28 200 M M 0 39 180
20 86 61 74 4 0 9 0.00 0.0 0 16.4 28 350 M M 0 38 330
21 75 51 63 -6 2 0 0.00 0.0 0 12.9 26 30 M M 2 35 20
22 80 46 63 -6 2 0 0.00 0.0 0 11.0 21 200 M M 0 28 190
23 86 50 68 0 0 3 0.00 0.0 0 17.5 26 190 M M 0 34 200
24 89 55 72 4 0 7 0.00 0.0 0 12.4 22 170 M M 0 32 200
25 90 51 71 3 0 6 0.00 0.0 0 12.5 24 200 M M 0 34 200
26 89 55 72 5 0 7 0.00 0.0 0 14.7 24 200 M M 0 33 210
27 84 57 71 4 0 6 0.00 0.0 0 12.3 29 170 M M 2 39 180
28 88 58 73 7 0 8 0.00 0.0 0 14.6 28 200 M M 1 3 41 220
29 89 58 74 8 0 9 0.00 0.0 0 11.9 24 130 M M 2 31 130
30 67 53 60 -6 5 0 0.05 0.0 0 15.1 30 360 M M 7 18 42 360
================================================================================
SM 2673 1794 9 298 0.76 0.0 396.5 M 31
================================================================================
AV 89.1 59.8 13.2 FASTST M M 1 MAX(MPH)
MISC ----> 30 360 42 360
================================================================================
NOTES:
# LAST OF SEVERAL OCCURRENCES
COLUMN 17 PEAK WIND IN M.P.H.
PRELIMINARY LOCAL CLIMATOLOGICAL DATA (WS FORM: F-6) , PAGE 2
STATION: AMARILLO
MONTH: SEPTEMBER
YEAR: 2021
LATITUDE: 35 13 N
LONGITUDE: 101 42 W
[TEMPERATURE DATA] [PRECIPITATION DATA] SYMBOLS USED IN COLUMN 16
AVERAGE MONTHLY: 74.5 TOTAL FOR MONTH: 0.76 1 = FOG OR MIST
DPTR FM NORMAL: 3.5 DPTR FM NORMAL: -0.93 2 = FOG REDUCING VISIBILITY
HIGHEST: 102 ON 10 GRTST 24HR 0.45 ON 3- 3 TO 1/4 MILE OR LESS
LOWEST: 46 ON 22 3 = THUNDER
SNOW, ICE PELLETS, HAIL 4 = ICE PELLETS
TOTAL MONTH: 0.0 INCH 5 = HAIL
GRTST 24HR 0.0 6 = FREEZING RAIN OR DRIZZLE
GRTST DEPTH: 0 7 = DUSTSTORM OR SANDSTORM:
VSBY 1/2 MILE OR LESS
8 = SMOKE OR HAZE
[NO. OF DAYS WITH] [WEATHER - DAYS WITH] 9 = BLOWING SNOW
X = TORNADO
MAX 32 OR BELOW: 0 0.01 INCH OR MORE: 4
MAX 90 OR ABOVE: 15 0.10 INCH OR MORE: 2
MIN 32 OR BELOW: 0 0.50 INCH OR MORE: 0
MIN 0 OR BELOW: 0 1.00 INCH OR MORE: 0
[HDD (BASE 65) ]
TOTAL THIS MO. 9 CLEAR (SCALE 0-3) 28
DPTR FM NORMAL -22 PTCLDY (SCALE 4-7) 2
TOTAL FM JUL 1 9 CLOUDY (SCALE 8-10) 0
DPTR FM NORMAL -21
[CDD (BASE 65) ]
TOTAL THIS MO. 298
DPTR FM NORMAL 90 [PRESSURE DATA]
TOTAL FM JAN 1 1601 HIGHEST SLP M ON M
DPTR FM NORMAL 35 LOWEST SLP 29.61 ON 29
[REMARKS]
#FINAL-09-21#