000
CXUS52 KJAX 021431
CF6AMG
PRELIMINARY LOCAL CLIMATOLOGICAL DATA (WS FORM: F-6)
STATION: ALMA
MONTH: SEPTEMBER
YEAR: 2021
LATITUDE: 31 32 N
LONGITUDE: 82 30 W
TEMPERATURE IN F: :PCPN: SNOW: WIND :SUNSHINE: SKY :PK WND
================================================================================
1 2 3 4 5 6A 6B 7 8 9 10 11 12 13 14 15 16 17 18
12Z AVG MX 2MIN
DY MAX MIN AVG DEP HDD CDD WTR SNW DPTH SPD SPD DIR MIN PSBL S-S WX SPD DR
================================================================================
1 89 73 81 1 0 16 T 0.0 0 7.5 16 250 M M 6 24 240
2 88 72 80 0 0 15 0.05 0.0 0 1.8 8 200 M M 5 123 12 170
3 88 64 76 -4 0 11 0.00 0.0 0 1.9 9 100 M M 1 1 14 80
4 87 60 74 -6 0 9 0.00 0.0 0 2.0 8 20 M M 0 14 50
5 89 65 77 -3 0 12 0.00 0.0 0 1.7 9 240 M M 3 12 14 280
6 91 64 78 -1 0 13 0.00 0.0 0 2.3 9 140 M M 2 1 12 160
7 92 70 81 2 0 16 0.21 0.0 0 3.2 16 160 M M 1 13 24 140
8 85 72 79 0 0 14 0.04 0.0 0 2.8 12 240 M M 4 1 17 240
9 87 71 79 0 0 14 0.99 0.0 0 5.8 14 260 M M 8 1 21 320
10 86 65 76 -3 0 11 0.00 0.0 0 3.3 12 90 M M 3 18 120
11 87 64 76 -3 0 11 0.00 0.0 0 2.9 12 110 M M 2 19 140
12 87 64 76 -2 0 11 0.00 0.0 0 1.8 9 140 M M 0 16 30
13 88 61 75 -3 0 10 0.00 0.0 0 1.2 8 360 M M 0 1 14 100
14 88 64 76 -2 0 11 0.00 0.0 0 1.4 8 100 M M 1 1 12 140
15 87 69 78 0 0 13 0.67 0.0 0 2.6 16 140 M M 5 1 23 140
16 82 70 76 -2 0 11 0.76 0.0 0 3.5 15 330 M M 9 1 22 50
17 88 70 79 2 0 14 0.38 0.0 0 1.3 9 160 M M 8 12 13 110
18 87 71 79 2 0 14 T 0.0 0 1.4 9 120 M M 7 12 15 90
19 83 73 78 1 0 13 0.02 0.0 0 2.9 13 110 M M 1 1 21 100
20 88 74 81 4 0 16 0.32 0.0 0 3.2 10 110 M M 10 1 20 60
21 86 73 80 3 0 15 T 0.0 0 2.3 12 140 M M M 1 16 150
22 89 68 79 3 0 14 0.02 0.0 0 5.9 20 330 M M M 123 27 340
23 79 57 68 -8 0 3 0.00 0.0 0 5.8 13 310 M M M 20 340
24 81 54 68 -8 0 3 0.00 0.0 0 2.2 10 100 M M 0 19 110
25 82 55 69 -7 0 4 0.00 0.0 0 1.9 13 330 M M M 1 17 360
26 85 55 70 -5 0 5 0.00 0.0 0 0.8 8 360 M M M 1 13 350
27 86 56 71 -4 0 6 0.00 0.0 0 1.0 7 280 M M M 1 10 350
28 88 60 74 -1 0 9 0.00 0.0 0 1.9 9 230 M M 0 1 13 230
29 88 64 76 2 0 11 0.00 0.0 0 1.2 9 300 M M 1 1 13 340
30 86 60 73 -1 0 8 0.00 0.0 0 0.7 8 170 M M 0 1 11 170
================================================================================
SM 2597 1958 0 333 3.46 0.0 78.2 M 77
================================================================================
AV 86.6 65.3 2.6 FASTST M M 3 MAX(MPH)
MISC ----> 20 330 27 340
================================================================================
NOTES:
# LAST OF SEVERAL OCCURRENCES
COLUMN 17 PEAK WIND IN M.P.H.
PRELIMINARY LOCAL CLIMATOLOGICAL DATA (WS FORM: F-6) , PAGE 2
STATION: ALMA
MONTH: SEPTEMBER
YEAR: 2021
LATITUDE: 31 32 N
LONGITUDE: 82 30 W
[TEMPERATURE DATA] [PRECIPITATION DATA] SYMBOLS USED IN COLUMN 16
AVERAGE MONTHLY: 75.9 TOTAL FOR MONTH: 3.46 1 = FOG OR MIST
DPTR FM NORMAL: -1.6 DPTR FM NORMAL: -0.34 2 = FOG REDUCING VISIBILITY
HIGHEST: 92 ON 7 GRTST 24HR 0.99 ON 9- 9 TO 1/4 MILE OR LESS
LOWEST: 54 ON 24 3 = THUNDER
SNOW, ICE PELLETS, HAIL 4 = ICE PELLETS
TOTAL MONTH: 0.0 INCH 5 = HAIL
GRTST 24HR 0.0 6 = FREEZING RAIN OR DRIZZLE
GRTST DEPTH: 0 7 = DUSTSTORM OR SANDSTORM:
VSBY 1/2 MILE OR LESS
8 = SMOKE OR HAZE
[NO. OF DAYS WITH] [WEATHER - DAYS WITH] 9 = BLOWING SNOW
X = TORNADO
MAX 32 OR BELOW: 0 0.01 INCH OR MORE: 10
MAX 90 OR ABOVE: 2 0.10 INCH OR MORE: 6
MIN 32 OR BELOW: 0 0.50 INCH OR MORE: 3
MIN 0 OR BELOW: 0 1.00 INCH OR MORE: 0
[HDD (BASE 65) ]
TOTAL THIS MO. 0 CLEAR (SCALE 0-3) 15
DPTR FM NORMAL -1 PTCLDY (SCALE 4-7) 6
TOTAL FM JUL 1 0 CLOUDY (SCALE 8-10) 9
DPTR FM NORMAL 0
[CDD (BASE 65) ]
TOTAL THIS MO. 333
DPTR FM NORMAL -43 [PRESSURE DATA]
TOTAL FM JAN 1 2153 HIGHEST SLP 30.30 ON 12
DPTR FM NORMAL -185 LOWEST SLP 29.73 ON 1
[REMARKS]
#FINAL-09-21#