000
CXUS52 KJAX 050821
CF6AMG
PRELIMINARY LOCAL CLIMATOLOGICAL DATA (WS FORM: F-6)
STATION: ALMA
MONTH: AUGUST
YEAR: 2021
LATITUDE: 31 32 N
LONGITUDE: 82 30 W
TEMPERATURE IN F: :PCPN: SNOW: WIND :SUNSHINE: SKY :PK WND
================================================================================
1 2 3 4 5 6A 6B 7 8 9 10 11 12 13 14 15 16 17 18
12Z AVG MX 2MIN
DY MAX MIN AVG DEP HDD CDD WTR SNW DPTH SPD SPD DIR MIN PSBL S-S WX SPD DR
================================================================================
1 93 72 83 0 0 18 0.64 0.0 0 6.2 30 320 M M 2 13 41 310
2 93 73 83 0 0 18 0.61 0.0 0 4.2 17 350 M M 5 13 29 360
3 85 72 79 -4 0 14 0.57 0.0 0 2.8 15 350 M M 9 1 29 340
4 85 72 79 -4 0 14 0.00 0.0 0 3.0 9 350 M M 6 1 14 70
5 78 70 74 -9 0 9 1.20 0.0 0 3.2 9 100 M M 9 1 18 100
6 87 70 79 -4 0 14 0.19 0.0 0 3.6 14 170 M M 8 13 17 180
7 86 73 80 -2 0 15 0.01 0.0 0 2.9 10 190 M M 4 1 13 200
8 92 72 82 0 0 17 0.00 0.0 0 1.2 16 350 M M 4 12 24 360
9 91 71 81 -1 0 16 T 0.0 0 1.7 15 340 M M 1 13 22 140
10 94 70 82 0 0 17 0.00 0.0 0 2.3 14 150 M M 3 12 18 160
11 93 73 83 1 0 18 0.00 0.0 0 2.3 8 120 M M 2 13 12 260
12 94 72 83 1 0 18 0.00 0.0 0 4.0 14 210 M M 1 3 21 210
13 94 73 84 2 0 19 0.00 0.0 0 2.3 14 120 M M 1 20 110
14 86 73 80 -2 0 15 0.00 0.0 0 1.9 12 150 M M 0 1 18 130
15 86 72 79 -3 0 14 0.12 0.0 0 1.4 13 190 M M 2 13 17 190
16 81 74 78 -4 0 13 0.42 0.0 0 4.2 17 110 M M 5 1 29 140
17 90 77 84 2 0 19 0.27 0.0 0 9.1 21 190 M M 6 1 28 190
18 92 76 84 2 0 19 0.22 0.0 0 3.0 10 160 M M 4 1 15 40
19 95 74 85 3 0 20 0.00 0.0 0 2.3 12 290 M M 1 1 16 250
20 92 75 84 2 0 19 T 0.0 0 4.0 10 340 M M 0 15 280
21 90 73 82 0 0 17 0.06 0.0 0 3.8 10 220 M M 2 13 17 240
22 90 74 82 1 0 17 0.49 0.0 0 5.3 16 200 M M 4 13 26 200
23 92 73 83 2 0 18 1.15 0.0 0 4.6 17 160 M M 4 13 21 170
24 90 73 82 1 0 17 0.68 0.0 0 3.3 18 180 M M 4 123 23 190
25 89 72 81 0 0 16 0.00 0.0 0 3.7 14 170 M M 2 1 23 120
26 91 71 81 0 0 16 T 0.0 0 2.8 13 160 M M 3 123 22 140
27 91 75 83 2 0 18 T 0.0 0 4.3 15 140 M M 2 13 23 120
28 87 75 81 0 0 16 0.16 0.0 0 4.3 15 90 M M 4 13 29 100
29 91 74 83 2 0 18 0.00 0.0 0 4.0 10 150 M M 5 1 16 130
30 92 73 83 2 0 18 0.00 0.0 0 2.9 12 150 M M 3 12 20 140
31 90 73 82 2 0 17 0.36 0.0 0 8.8 24 230 M M 2 13 43 210
================================================================================
SM 2780 2260 0 514 7.15 0.0 113.4 M 108
================================================================================
AV 89.7 72.9 3.7 FASTST M M 3 MAX(MPH)
MISC ----> 30 320 43 210
================================================================================
NOTES:
# LAST OF SEVERAL OCCURRENCES
COLUMN 17 PEAK WIND IN M.P.H.
PRELIMINARY LOCAL CLIMATOLOGICAL DATA (WS FORM: F-6) , PAGE 2
STATION: ALMA
MONTH: AUGUST
YEAR: 2021
LATITUDE: 31 32 N
LONGITUDE: 82 30 W
[TEMPERATURE DATA] [PRECIPITATION DATA] SYMBOLS USED IN COLUMN 16
AVERAGE MONTHLY: 81.3 TOTAL FOR MONTH: 7.15 1 = FOG OR MIST
DPTR FM NORMAL: -0.4 DPTR FM NORMAL: 1.78 2 = FOG REDUCING VISIBILITY
HIGHEST: 95 ON 19 GRTST 24HR 1.20 ON 5- 5 TO 1/4 MILE OR LESS
LOWEST: 70 ON 10, 6 3 = THUNDER
SNOW, ICE PELLETS, HAIL 4 = ICE PELLETS
TOTAL MONTH: 0.0 INCH 5 = HAIL
GRTST 24HR 0.0 6 = FREEZING RAIN OR DRIZZLE
GRTST DEPTH: 0 7 = DUSTSTORM OR SANDSTORM:
VSBY 1/2 MILE OR LESS
8 = SMOKE OR HAZE
[NO. OF DAYS WITH] [WEATHER - DAYS WITH] 9 = BLOWING SNOW
X = TORNADO
MAX 32 OR BELOW: 0 0.01 INCH OR MORE: 16
MAX 90 OR ABOVE: 21 0.10 INCH OR MORE: 14
MIN 32 OR BELOW: 0 0.50 INCH OR MORE: 6
MIN 0 OR BELOW: 0 1.00 INCH OR MORE: 2
[HDD (BASE 65) ]
TOTAL THIS MO. 0 CLEAR (SCALE 0-3) 16
DPTR FM NORMAL 0 PTCLDY (SCALE 4-7) 13
TOTAL FM JUL 1 0 CLOUDY (SCALE 8-10) 2
DPTR FM NORMAL 0
[CDD (BASE 65) ]
TOTAL THIS MO. 514
DPTR FM NORMAL -5 [PRESSURE DATA]
TOTAL FM JAN 1 1820 HIGHEST SLP 30.22 ON 10
DPTR FM NORMAL -142 LOWEST SLP 29.78 ON 31
[REMARKS]
#FINAL-08-21#