000
CXUS52 KJAX 011330
CLMAMG
CLIMATE REPORT
NATIONAL WEATHER SERVICE JACKSONVILLE FL
930 AM EDT THU JUN 01 2023
...................................
...THE ALMA CLIMATE SUMMARY FOR THE MONTH OF MAY 2023...
CLIMATE NORMAL PERIOD: 1991 TO 2020
CLIMATE RECORD PERIOD: 1938 TO 2023
WEATHER OBSERVED NORMAL DEPART LAST YEAR`S
VALUE DATE(S) VALUE FROM VALUE DATE(S)
NORMAL
................................................................
TEMPERATURE (F)
RECORD
HIGH 101 05/26/2019
LOW 40 05/04/1971
HIGHEST 92 05/14 94 -2 93 05/19
LOWEST 47 05/04 49 -2 48 05/10
AVG. MAXIMUM 83.2 86.6 -3.4 86.9
AVG. MINIMUM 61.8 61.7 0.1 62.5
MEAN 72.5 74.2 -1.7 74.7
DAYS MAX >= 90 3 9.0 -6.0 7
DAYS MIN <= 32 0 0.0 0.0 0
PRECIPITATION (INCHES)
RECORD
MAXIMUM 11.90 1976
MINIMUM 0.05 1965
TOTALS 5.26 2.78 2.48 2.43
DAILY AVG. 0.17 0.09 0.08 0.08
DAYS >= .01 6 7.0 -1.0 9
DAYS >= .10 5 4.5 0.5 7
DAYS >= .50 4 1.7 2.3 1
DAYS >= 1.00 3 0.8 2.2 0
GREATEST
24 HR. TOTAL 2.46 05/18 TO 05/18
SNOWFALL (INCHES)
RECORDS
TOTAL T 1942
TOTALS 0.0 0.0 0.0 0.0
DEGREE DAYS
HEATING TOTAL 3 6 -3 3
SINCE 7/1 1159 1640 -481 MM
COOLING TOTAL 243 290 -47 312
SINCE 1/1 582 454 128 MM
................................................................
WIND (MPH)
AVERAGE WIND SPEED 4.2
HIGHEST WIND SPEED/DIRECTION 24/340 DATE 05/27
HIGHEST GUST SPEED/DIRECTION 38/270 DATE 05/01
38/360 05/27
SKY COVER
AVERAGE SKY COVER 0.41
AVERAGE RH (PERCENT) 71
WEATHER CONDITIONS. NUMBER OF DAYS WITH
THUNDERSTORM 6 MIXED PRECIP 0
HEAVY RAIN 5 RAIN 6
LIGHT RAIN 11 FREEZING RAIN 0
LT FREEZING RAIN 0 HAIL 0
HEAVY SNOW 0 SNOW 0
LIGHT SNOW 0 SLEET 0
FOG 21 FOG W/VIS <= 1/4 MILE 3
HAZE 0
- INDICATES NEGATIVE NUMBERS.
R INDICATES RECORD WAS SET OR TIED.
MM INDICATES DATA IS MISSING.
T INDICATES TRACE AMOUNT.
$$