000
CXAK56 PAFC 050206
CF6ANC
PRELIMINARY LOCAL CLIMATOLOGICAL DATA (WS FORM: F-6)
STATION: ANCHORAGE AK
MONTH: SEPTEMBER
YEAR: 2020
LATITUDE: 61 10 N
LONGITUDE: 150 2 W
TEMPERATURE IN F: :PCPN: SNOW: WIND :SUNSHINE: SKY :PK WND
================================================================================
1 2 3 4 5 6A 6B 7 8 9 10 11 12 13 14 15 16 17 18
12Z AVG MX 2MIN
DY MAX MIN AVG DEP HDD CDD WTR SNW DPTH SPD SPD DIR MIN PSBL S-S WX SPD DR
================================================================================
1 62 52 57 4 8 0 0.08 0.0 M 10.5 18 150 M M 9 1 30 190
2 57 51 54 1 11 0 0.52 0.0 M 7.0 17 160 M M 9 1 33 160
3 59 49 54 1 11 0 0.04 M M 8.0 23 160 M M 9 3 35 170
4 58 46 52 0 13 0 0.01 M M 6.7 15 160 M M 8 30 170
5 62 39 51 -1 14 0 0.00 0.0 M 4.8 13 30 M M 3 1 15 50
6 57 40 49 -3 16 0 0.19 M M 4.7 22 310 M M 6 28 330
7 59 49 54 2 11 0 0.02 M M 16.8 29 140 M M 8 40 140
8 59 49 54 3 11 0 0.00 0.0 M 8.7 22 140 M M 6 29 140
9 59 46 53 2 12 0 T M M 7.2 17 180 M M 4 27 170
10 59 43 51 0 14 0 T M M 7.0 15 30 M M 4 21 20
11 57 35 46 -4 19 0 0.00 0.0 M 3.9 13 350 M M 1 8 20 330
12 57 35 46 -4 19 0 0.00 0.0 M 3.5 7 240 M M 0 9 330
13 61 36 49 -1 16 0 0.00 0.0 M 3.7 8 170 M M 3 1 11 160
14 59 41 50 1 15 0 0.00 0.0 M 3.1 9 160 M M 7 11 170
15 54 45 50 1 15 0 0.03 M M 5.7 17 150 M M 9 29 200
16 55 48 52 3 13 0 0.04 M M 3.2 12 360 M M 9 14 360
17 58 49 54 6 11 0 0.24 M M 15.2 28 140 M M 9 1 45 150
18 59 50 55 7 10 0 T M M 14.1 25 150 M M 8 40 140
19 57 47 52 4 13 0 0.14 M M 10.2 18 160 M M 7 31 170
20 54 41 48 1 17 0 0.03 M M 4.2 12 150 M M 8 20 150
21 54 39 47 0 18 0 T M M 5.5 14 60 M M 7 1 15 70
22 53 45 49 3 16 0 0.02 M M 6.2 18 360 M M 8 22 10
23 57 44 51 5 14 0 0.01 M M 1.0 8 330 M M 9 10 360
24 52 46 49 3 16 0 0.15 M M 3.5 7 360 M M 10 11 170
25 57 45 51 6 14 0 0.04 M M 5.4 9 50 M M 9 1 12 10
26 55 42 49 4 16 0 0.01 M M 2.6 12 160 M M 7 1 16 160
27 54 44 49 5 16 0 T M M 8.0 20 30 M M 8 27 30
28 51 44 48 4 17 0 0.15 M M 6.5 20 150 M M 8 27 150
29 52 45 49 6 16 0 T M M 7.8 23 150 M M 7 31 150
30 60 46 53 10 12 0 0.16 M M 9.4 25 150 M M 8 1 38 150
================================================================================
SM 1707 1331 424 0 1.88 0.0 204.1 M 208
================================================================================
AV 56.9 44.4 6.8 FASTST M M 7 MAX(MPH)
MISC ----> 29 140 45 150
================================================================================
NOTES:
# LAST OF SEVERAL OCCURRENCES
COLUMN 17 PEAK WIND IN M.P.H.
PRELIMINARY LOCAL CLIMATOLOGICAL DATA (WS FORM: F-6) , PAGE 2
STATION: ANCHORAGE AK
MONTH: SEPTEMBER
YEAR: 2020
LATITUDE: 61 10 N
LONGITUDE: 150 2 W
[TEMPERATURE DATA] [PRECIPITATION DATA] SYMBOLS USED IN COLUMN 16
AVERAGE MONTHLY: 50.6 TOTAL FOR MONTH: 1.88 1 = FOG OR MIST
DPTR FM NORMAL: 2.0 DPTR FM NORMAL: -1.11 2 = FOG REDUCING VISIBILITY
HIGHEST: 62 ON 5, 1 GRTST 24HR 0.52 ON 2- 2 TO 1/4 MILE OR LESS
LOWEST: 35 ON 12,11 3 = THUNDER
SNOW, ICE PELLETS, HAIL 4 = ICE PELLETS
TOTAL MONTH: 0.0 INCH 5 = HAIL
GRTST 24HR 0.0 6 = FREEZING RAIN OR DRIZZLE
GRTST DEPTH: M ON M 7 = DUSTSTORM OR SANDSTORM:
VSBY 1/2 MILE OR LESS
8 = SMOKE OR HAZE
[NO. OF DAYS WITH] [WEATHER - DAYS WITH] 9 = BLOWING SNOW
X = TORNADO
MAX 32 OR BELOW: 0 0.01 INCH OR MORE: 18
MAX 90 OR ABOVE: 0 0.10 INCH OR MORE: 7
MIN 32 OR BELOW: 0 0.50 INCH OR MORE: 1
MIN 0 OR BELOW: 0 1.00 INCH OR MORE: 0
[HDD (BASE 65) ]
TOTAL THIS MO. 424 CLEAR (SCALE 0-3) 3
DPTR FM NORMAL -70 PTCLDY (SCALE 4-7) 13
TOTAL FM JUL 1 726 CLOUDY (SCALE 8-10) 14
DPTR FM NORMAL -217
[CDD (BASE 65) ]
TOTAL THIS MO. 0
DPTR FM NORMAL 0 [PRESSURE DATA]
TOTAL FM JAN 1 3 HIGHEST SLP 30.40 ON 10
DPTR FM NORMAL 1 LOWEST SLP 28.93 ON 27
[REMARKS]
#FINAL-09-20#