000
CXUS53 KAPX 010527
CLMANJ
CLIMATE REPORT
NATIONAL WEATHER SERVICE
127 AM EDT MON MAY 01 2023
...................................
...THE SAULT STE MARIE MI CLIMATE SUMMARY FOR THE MONTH OF APRIL 2023...
CLIMATE NORMAL PERIOD: 1991 TO 2020
CLIMATE RECORD PERIOD: 1888 TO 2023
WEATHER OBSERVED NORMAL DEPART LAST YEAR`S
VALUE DATE(S) VALUE FROM VALUE
NORMAL
..............................................................
TEMPERATURE (F)
RECORD
HIGH 85 04/25/1990
LOW -13 04/01/1923
HIGHEST 79 04/15 MM MM
LOWEST 15 04/02 MM MM
AVG. MAXIMUM 48.6 48.5 0.1
AVG. MINIMUM 32.7 30.2 2.5
MEAN 40.6 39.4 1.2
DAYS MAX <= 32 1 2.0 -1.0
DAYS MIN <= 0 0 0.0 0.0
DAYS MIN <= -20 0
PRECIPITATION (INCHES)
TOTALS 4.75 2.63 2.12
DAYS >= .01 17 11.7 5.3
DAYS >= .10 9 6.5 2.5
DAYS >= .50 3 1.6 1.4
DAYS >= 1.00 1 0.3 0.7
GREATEST
24 HR. TOTAL 1.91 03/31 TO 04/01
SNOWFALL (INCHES)
RECORDS
TOTAL 27.4 2018
TOTALS 22.2 7.6 14.6 2.2
DAYS >= TRACE 10 6.0 14
GREATEST
SNOW DEPTH 26 04/02 12
DEGREE DAYS
HEATING TOTAL 724 770 -46
SINCE 7/1 7169 7900 -731
COOLING TOTAL 0 0 0
SINCE 1/1 0 0 0
..............................................................
WIND (MPH)
AVERAGE WIND SPEED 8.0
HIGHEST WIND SPEED/DIRECTION 24/280 DATE 04/06
24/310 04/18
HIGHEST GUST SPEED/DIRECTION 40/300 DATE 04/06
SKY COVER
AVERAGE SKY COVER 0.61
AVERAGE RH (PERCENT) 73
- INDICATES NEGATIVE NUMBERS.
R INDICATES RECORD WAS SET OR TIED.
MM INDICATES DATA IS MISSING.
T INDICATES TRACE AMOUNT.
$$