000
CXUS53 KIWX 010910
CF6AOH
PRELIMINARY LOCAL CLIMATOLOGICAL DATA (WS FORM: F-6)
STATION: LIMA
MONTH: FEBRUARY
YEAR: 2021
LATITUDE: 40 42 N
LONGITUDE: 84 1 W
TEMPERATURE IN F: :PCPN: SNOW: WIND :SUNSHINE: SKY :PK WND
================================================================================
1 2 3 4 5 6A 6B 7 8 9 10 11 12 13 14 15 16 17 18
12Z AVG MX 2MIN
DY MAX MIN AVG DEP HDD CDD WTR SNW DPTH SPD SPD DIR MIN PSBL S-S WX SPD DR
================================================================================
1 27 24 26 -1 39 0 0.02 M M 13.9 21 20 M M 10 18 29 20
2 30 12 21 -6 44 0 T M M 11.9 20 320 M M 2 1 25 320
3 29 10 20 -8 45 0 0.00 0.0 M 9.2 15 280 M M 0 1 20 290
4 36 12 24 -4 41 0 0.14 M M 15.6 39 250 M M 4 128 52 250
5 33 17 25 -3 40 0 T M M 21.1 39 250 M M 9 18 50 250
6 19 7 13 -15 52 0 T M M 9.7 22 260 M M 1 29 270
7 17 2 10 -18 55 0 T M M 10.0 16 270 M M 5 18 21 290
8 20 7 14 -14 51 0 T M M 4.1 9 90 M M 10 8 13 140
9 20 5 13 -15 52 0 0.01 M M 5.4 12 30 M M 8 18 14 330
10 20 6 13 -16 52 0 0.01 M M 7.7 16 40 M M 8 18 20 50
11 20 14 17 -12 48 0 T M M 10.6 16 60 M M 5 8 23 60
12 25 17 21 -8 44 0 0.00 M M 10.2 18 60 M M 6 24 30
13 24 18 21 -8 44 0 0.00 M M 9.1 15 20 M M 9 18 20 30
14 21 14 18 -11 47 0 T M M 6.8 14 10 M M 6 18 18 20
15 17 14 16 -14 49 0 0.15 M M 13.4 26 40 M M 10 128 38 30
16 17 2 10 -20 55 0 0.01 M M 10.9 22 10 M M 8 18 35 10
17 20 -7 7 -23 58 0 0.00 M M 5.0 13 60 M M 5 18 16 50
18 24 17 21 -9 44 0 0.02 M M 8.8 14 20 M M 10 18 18 360
19 22 9 16 -15 49 0 T M M 10.4 21 250 M M 6 18 26 250
20 23 9 16 -15 49 0 0.00 M M 8.6 14 240 M M 2 18 18 260
21 37 10 24 -7 41 0 T M M 13.3 25 140 M M 2 37 130
22 41 29 35 3 30 0 0.03 M M 20.0 33 260 M M 8 18 43 260
23 41 34 38 6 27 0 0.00 M M 15.5 26 260 M M 4 37 250
24 49 33 41 9 24 0 0.00 M M 15.8 25 270 M M 3 34 230
25 41 24 33 1 32 0 0.00 M M 8.0 18 260 M M 1 24 300
26 41 23 32 -1 33 0 T M M 9.0 21 170 M M 3 18 26 170
27 49 37 43 10 22 0 0.12 M M 10.4 21 170 M M 6 1 26 160
28 61 37 49 16 16 0 0.43 M M 14.2 23 300 M M 8 18 33 290
================================================================================
SM 824 436 1183 0 0.94 0.0 308.6 M 159
================================================================================
AV 29.4 15.6 11.0 FASTST M M 6 MAX(MPH)
MISC ----> # 39 250 52 250
================================================================================
NOTES:
# LAST OF SEVERAL OCCURRENCES
COLUMN 17 PEAK WIND IN M.P.H.
PRELIMINARY LOCAL CLIMATOLOGICAL DATA (WS FORM: F-6) , PAGE 2
STATION: LIMA
MONTH: FEBRUARY
YEAR: 2021
LATITUDE: 40 42 N
LONGITUDE: 84 1 W
[TEMPERATURE DATA] [PRECIPITATION DATA] SYMBOLS USED IN COLUMN 16
AVERAGE MONTHLY: 22.5 TOTAL FOR MONTH: 0.94 1 = FOG OR MIST
DPTR FM NORMAL: -7.3 DPTR FM NORMAL: -1.02 2 = FOG REDUCING VISIBILITY
HIGHEST: 61 ON 28 GRTST 24HR 0.43 ON 28-28 TO 1/4 MILE OR LESS
LOWEST: -7 ON 17 3 = THUNDER
SNOW, ICE PELLETS, HAIL 4 = ICE PELLETS
TOTAL MONTH: 0.0 INCH 5 = HAIL
GRTST 24HR 0.0 6 = FREEZING RAIN OR DRIZZLE
GRTST DEPTH: M ON M 7 = DUSTSTORM OR SANDSTORM:
VSBY 1/2 MILE OR LESS
8 = SMOKE OR HAZE
[NO. OF DAYS WITH] [WEATHER - DAYS WITH] 9 = BLOWING SNOW
X = TORNADO
MAX 32 OR BELOW: 18 0.01 INCH OR MORE: 10
MAX 90 OR ABOVE: 0 0.10 INCH OR MORE: 4
MIN 32 OR BELOW: 24 0.50 INCH OR MORE: 0
MIN 0 OR BELOW: 1 1.00 INCH OR MORE: 0
[HDD (BASE 65) ]
TOTAL THIS MO. 1183 CLEAR (SCALE 0-3) 7
DPTR FM NORMAL 198 PTCLDY (SCALE 4-7) 14
TOTAL FM JUL 1 4108 CLOUDY (SCALE 8-10) 7
DPTR FM NORMAL -300
[CDD (BASE 65) ]
TOTAL THIS MO. 0
DPTR FM NORMAL 0 [PRESSURE DATA]
TOTAL FM JAN 1 0 HIGHEST SLP 30.48 ON 21
DPTR FM NORMAL 0 LOWEST SLP 29.41 ON 4
[REMARKS]
#FINAL-02-21#