000
CXUS51 KCTP 010900
CF6AOO
PRELIMINARY LOCAL CLIMATOLOGICAL DATA (WS FORM: F-6)
STATION: ALTOONA
MONTH: DECEMBER
YEAR: 2020
LATITUDE: 40 17 N
LONGITUDE: 78 19 W
TEMPERATURE IN F: :PCPN: SNOW: WIND :SUNSHINE: SKY :PK WND
================================================================================
1 2 3 4 5 6A 6B 7 8 9 10 11 12 13 14 15 16 17 18
12Z AVG MX 2MIN
DY MAX MIN AVG DEP HDD CDD WTR SNW DPTH SPD SPD DIR MIN PSBL S-S WX SPD DR
================================================================================
1 38 29 34 -2 31 0 0.03 M M 15.9 25 270 M M 10 1 33 260
2 35 28 32 -3 33 0 T M M 15.1 28 290 M M 5 8 36 260
3 46 28 37 2 28 0 0.00 M M 10.0 17 260 M M 2 23 260
4 47 35 41 7 24 0 0.07 M M 5.7 17 240 M M 8 1 22 250
5 41 32 37 3 28 0 T M M 11.0 22 320 M M 10 1 29 320
6 33 28 31 -3 34 0 T M M 10.8 18 310 M M 10 25 320
7 32 25 29 -4 36 0 0.00 M M 8.1 20 320 M M 8 26 310
8 37 26 32 -1 33 0 0.00 M M 12.8 22 300 M M 6 30 290
9 40 29 35 3 30 0 0.00 M M 11.3 18 280 M M 8 8 25 230
10 47 30 39 7 26 0 0.00 M M 4.4 13 310 M M 5 8 18 320
11 60 27 44 12 21 0 0.00 M M 4.3 15 210 M M 0 18 18 210
12 58 33 46 15 19 0 0.02 M M 3.2 12 210 M M 4 18 14 200
13 54 39 47 16 18 0 T M M 10.3 24 260 M M 9 31 250
14 39 29 34 3 31 0 0.28 M M 9.4 25 300 M M 10 128 37 290
15 33 24 29 -2 36 0 0.00 M M 7.1 18 310 M M 4 8 28 300
16 27 22 25 -5 40 0 0.88 M M 7.8 17 20 M M 7 128 21 20
17 32 22 27 -3 38 0 0.07 M M 2.6 10 60 M M 9 1 12 30
18 33 23 28 -2 37 0 0.01 M M 6.0 18 310 M M 9 18 22 300
19 31 16 24 -5 41 0 0.00 M M 3.5 13 170 M M 5 18 17 170
20 38 27 33 4 32 0 0.05 M M 3.2 10 180 M M 10 18 13 190
21 39 31 35 6 30 0 0.03 M M 6.7 14 230 M M 8 18 17 230
22 39 35 37 8 28 0 0.05 M M 13.6 26 300 M M 10 18 35 310
23 42 23 33 4 32 0 0.00 M M 8.1 21 170 M M 1 1 26 170
24 52 37 45 17 20 0 1.25 M M 6.2 31 260 M M 9 12 37 250
25 37 16 27 -1 38 0 0.14 M M 15.0 24 250 M M 10 16 30 260
26 24 16 20 -8 45 0 T M M 11.7 24 260 M M 10 31 250
27 36 17 27 -1 38 0 0.00 M M 6.0 14 160 M M 2 17 170
28 47 30 39 11 26 0 0.00 M M 9.7 21 290 M M 8 29 280
29 33 18 26 -2 39 0 T M M 8.6 21 310 M M 5 33 300
30 43 24 34 7 31 0 T M M 8.0 18 170 M M 6 26 190
31 43 31 37 10 28 0 0.07 M M 6.2 15 330 M M 10 1 21 320
================================================================================
SM 1236 830 971 0 2.95 M 262.3 M 218
================================================================================
AV 39.9 26.8 8.5 FASTST M M 7 MAX(MPH)
MISC ----> 31 260 # 37 290
================================================================================
NOTES:
# LAST OF SEVERAL OCCURRENCES
COLUMN 17 PEAK WIND IN M.P.H.
PRELIMINARY LOCAL CLIMATOLOGICAL DATA (WS FORM: F-6) , PAGE 2
STATION: ALTOONA
MONTH: DECEMBER
YEAR: 2020
LATITUDE: 40 17 N
LONGITUDE: 78 19 W
[TEMPERATURE DATA] [PRECIPITATION DATA] SYMBOLS USED IN COLUMN 16
AVERAGE MONTHLY: 33.3 TOTAL FOR MONTH: 2.95 1 = FOG OR MIST
DPTR FM NORMAL: 2.6 DPTR FM NORMAL: 0.53 2 = FOG REDUCING VISIBILITY
HIGHEST: 60 ON 11 GRTST 24HR 1.39 ON 24-25 TO 1/4 MILE OR LESS
LOWEST: 16 ON 26,25 3 = THUNDER
SNOW, ICE PELLETS, HAIL 4 = ICE PELLETS
TOTAL MONTH: M 5 = HAIL
GRTST 24HR M ON M 6 = FREEZING RAIN OR DRIZZLE
GRTST DEPTH: M ON M 7 = DUSTSTORM OR SANDSTORM:
VSBY 1/2 MILE OR LESS
8 = SMOKE OR HAZE
[NO. OF DAYS WITH] [WEATHER - DAYS WITH] 9 = BLOWING SNOW
X = TORNADO
MAX 32 OR BELOW: 5 0.01 INCH OR MORE: 13
MAX 90 OR ABOVE: 0 0.10 INCH OR MORE: 4
MIN 32 OR BELOW: 26 0.50 INCH OR MORE: 2
MIN 0 OR BELOW: 0 1.00 INCH OR MORE: 1
[HDD (BASE 65) ]
TOTAL THIS MO. 971 CLEAR (SCALE 0-3) 4
DPTR FM NORMAL -94 PTCLDY (SCALE 4-7) 12
TOTAL FM JUL 1 1990 CLOUDY (SCALE 8-10) 15
DPTR FM NORMAL -394
[CDD (BASE 65) ]
TOTAL THIS MO. 0
DPTR FM NORMAL 0 [PRESSURE DATA]
TOTAL FM JAN 1 847 HIGHEST SLP 30.56 ON 29
DPTR FM NORMAL 316 LOWEST SLP 29.39 ON 24
[REMARKS]
#FINAL-12-20#