000
CXUS54 KEWX 011010
CF6AQO
PRELIMINARY LOCAL CLIMATOLOGICAL DATA (WS FORM: F-6)
STATION: LLANO MUNICIPAL AIRPORT
MONTH: SEPTEMBER
YEAR: 2023
LATITUDE: 30 47 N
LONGITUDE: 98 40 W
TEMPERATURE IN F: :PCPN: SNOW: WIND :SUNSHINE: SKY :PK WND
================================================================================
1 2 3 4 5 6A 6B 7 8 9 10 11 12 13 14 15 16 17 18
12Z AVG MX 2MIN
DY MAX MIN AVG DEP HDD CDD WTR SNW DPTH SPD SPD DIR MIN PSBL S-S WX SPD DR
================================================================================
1 102 66 84 M 0 19 0.00 M M 3.2 9 99 M M 3 15 80
2 102 70 86 M 0 21 0.00 M M 2.3 9 90 M M 3 13 99
3 102 73 88 M 0 23 0.00 M M 5.4 13 180 M M 1 20 180
4 102 75 89 M 0 24 0.00 M M 7.3 12 210 M M 0 23 210
5 104 79 92 M 0 27 0.00 M M 7.9 12 170 M M 1 23 170
6 104 77 91 M 0 26 0.00 M M 5.6 14 200 M M 2 16 99
7 108 75 92 M 0 27 0.00 M M 3.5 8 240 M M 1 17 99
8 108 73 91 M 0 26 0.00 M M 4.9 10 190 M M 1 20 250
9 104 72 88 M 0 23 0.00 M M 5.2 14 330 M M 1 3 35 330
10 99 75 87 M 0 22 0.00 M M 5.6 12 120 M M 1 16 120
11 97 72 85 M 0 20 0.00 M M 6.8 12 200 M M 3 26 60
12 84 68 76 M 0 11 0.00 M M 7.2 13 270 M M 8 16 270
13 82 70 76 M 0 11 0.00 M M 4.4 8 50 M M 9 128 24 330
14 91 70 81 M 0 16 0.00 M M 5.4 13 80 M M 8 138 20 80
15 86 70 78 M 0 13 0.00 M M 3.5 8 50 M M 6 1 M M
16 81 66 74 M 0 9 0.00 M M 3.6 9 360 M M 6 2 37 120
17 90 66 78 M 0 13 0.00 M M 3.6 10 10 M M 3 14 99
18 93 64 79 M 0 14 0.00 M M 2.8 8 90 M M 3 14 90
19 97 72 85 M 0 20 0.00 M M 6.7 15 200 M M 3 22 170
20 102 70 86 M 0 21 0.00 M M 7.6 13 190 M M 1 21 180
21 99 72 86 M 0 21 0.00 M M 5.6 13 120 M M 2 20 110
22 99 72 86 M 0 21 0.00 M M 5.3 13 210 M M 3 20 210
23 100 75 88 M 0 23 0.00 M M 6.1 10 190 M M 1 20 210
24 104 72 88 M 0 23 0.00 M M 7.0 12 190 M M 3 38 23 220
25 91 72 82 M 0 17 0.00 M M 4.7 10 20 M M 3 15 240
26 93 72 83 M 0 18 0.00 M M 2.0 5 60 M M 3 M M
27 91 68 80 M 0 15 0.00 M M 1.9 8 40 M M 2 13 170
28 95 66 81 M 0 16 0.00 M M 3.5 9 130 M M 4 16 99
29 95 68 82 M 0 17 0.00 M M 4.2 9 130 M M 3 17 130
30 95 68 82 M 0 17 0.00 M M 6.0 12 110 M M 5 21 100
================================================================================
SM 2900 2128 0 574 0.00 M 148.7 M 93
================================================================================
AV 96.7 70.9 5.0 FASTST M M 3 MAX(MPH)
MISC ----> 15 200 37 120
================================================================================
NOTES:
# LAST OF SEVERAL OCCURRENCES
COLUMN 17 PEAK WIND IN M.P.H.
PRELIMINARY LOCAL CLIMATOLOGICAL DATA (WS FORM: F-6) , PAGE 2
STATION: LLANO MUNICIPAL AIRPORT
MONTH: SEPTEMBER
YEAR: 2023
LATITUDE: 30 47 N
LONGITUDE: 98 40 W
[TEMPERATURE DATA] [PRECIPITATION DATA] SYMBOLS USED IN COLUMN 16
AVERAGE MONTHLY: 83.8 TOTAL FOR MONTH: 0.00 1 = FOG OR MIST
DPTR FM NORMAL: 0.0 DPTR FM NORMAL: M 2 = FOG REDUCING VISIBILITY
HIGHEST: 108 ON 8, 7 GRTST 24HR 0.00 ON 1- 1 TO 1/4 MILE OR LESS
LOWEST: 64 ON 18 3 = THUNDER
SNOW, ICE PELLETS, HAIL 4 = ICE PELLETS
TOTAL MONTH: M 5 = HAIL
GRTST 24HR M ON M 6 = FREEZING RAIN OR DRIZZLE
GRTST DEPTH: M ON M 7 = DUSTSTORM OR SANDSTORM:
VSBY 1/2 MILE OR LESS
8 = SMOKE OR HAZE
[NO. OF DAYS WITH] [WEATHER - DAYS WITH] 9 = BLOWING SNOW
X = TORNADO
MAX 32 OR BELOW: 0 0.01 INCH OR MORE: 0
MAX 90 OR ABOVE: 26 0.10 INCH OR MORE: 0
MIN 32 OR BELOW: 0 0.50 INCH OR MORE: 0
MIN 0 OR BELOW: 0 1.00 INCH OR MORE: 0
[HDD (BASE 65) ]
TOTAL THIS MO. 0 CLEAR (SCALE 0-3) 20
DPTR FM NORMAL M PTCLDY (SCALE 4-7) 9
TOTAL FM JUL 1 0 CLOUDY (SCALE 8-10) 1
DPTR FM NORMAL M
[CDD (BASE 65) ]
TOTAL THIS MO. 574
DPTR FM NORMAL M [PRESSURE DATA]
TOTAL FM JAN 1 3219 HIGHEST SLP M ON M
DPTR FM NORMAL M LOWEST SLP M ON M
[REMARKS]
#FINAL-09-23#