000
CXUS51 KBUF 010805
CF6ART
PRELIMINARY LOCAL CLIMATOLOGICAL DATA (WS FORM: F-6)
STATION: WATERTOWN NY
MONTH: APRIL
YEAR: 2023
LATITUDE: 43 59 N
LONGITUDE: 76 2 W
TEMPERATURE IN F: :PCPN: SNOW: WIND :SUNSHINE: SKY :PK WND
================================================================================
1 2 3 4 5 6A 6B 7 8 9 10 11 12 13 14 15 16 17 18
12Z AVG MX 2MIN
DY MAX MIN AVG DEP HDD CDD WTR SNW DPTH SPD SPD DIR MIN PSBL S-S WX SPD DR
================================================================================
1 61 33 47 10 18 0 0.68 M M 11.9 26 220 M M 7 1 43 220
2 35 21 28 -9 37 0 0.00 M M 9.7 21 330 M M 1 28 320
3 61 24 43 5 22 0 T M M 7.5 23 260 M M 7 39 170
4 52 40 46 8 19 0 T M M 8.9 22 50 M M 10 30 50
5 62 36 49 11 16 0 1.20 M M 11.3 30 290 M M 8 13 50 280
6 62 41 52 13 13 0 0.01 M M 13.0 21 230 M M 5 33 220
7 42 25 34 -5 31 0 0.00 M M 12.8 29 280 M M 1 40 280
8 44 18 31 -9 34 0 0.00 M M 4.3 15 260 M M 1 19 260
9 49 18 34 -6 31 0 0.00 M M 4.6 14 260 M M 0 20 250
10 59 25 42 1 23 0 0.00 M M 6.1 17 250 M M 0 26 260
11 62 37 50 9 15 0 0.00 M M 12.8 24 250 M M 3 46 230
12 67 46 57 15 8 0 T M M 6.3 18 240 M M 3 30 230
13 74 53 64 22 1 0 0.00 M M 10.0 22 230 M M 0 33 250
14 78 47 63 21 2 0 0.00 M M 5.5 14 270 M M 0 17 270
15 82 45 64 21 1 0 0.00 M M 5.4 12 290 M M 0 8 15 300
16 80 46 63 20 2 0 T M M 4.2 14 150 M M 2 23 150
17 68 39 54 10 11 0 0.19 M M 9.5 26 230 M M 10 1 38 250
18 45 35 40 -4 25 0 0.01 M M 14.9 24 220 M M 10 37 270
19 43 36 40 -5 25 0 0.01 M M 13.5 22 260 M M 7 34 260
20 57 26 42 -3 23 0 0.00 M M 6.2 15 40 M M 3 19 60
21 79 44 62 16 3 0 T M M 8.0 17 80 M M 2 23 90
22 75 47 61 15 4 0 0.63 M M 9.8 25 260 M M 6 1 40 190
23 53 42 48 2 17 0 0.00 M M 7.8 17 260 M M 6 23 260
24 51 37 44 -3 21 0 T M M 8.1 20 260 M M 6 24 270
25 51 37 44 -3 21 0 0.00 M M 7.3 20 260 M M 6 26 260
26 49 28 39 -9 26 0 0.13 M M 4.1 13 260 M M 6 1 18 260
27 58 26 42 -6 23 0 0.00 M M 4.6 13 280 M M 1 1 17 270
28 68 31 50 1 15 0 T M M 6.2 14 100 M M 1 22 140
29 56 47 52 3 13 0 0.29 M M 9.7 20 150 M M 10 34 140
30 61 44 53 4 12 0 1.20 M M 8.4 16 20 M M 9 1 25 140
================================================================================
SM 1784 1074 512 0 4.35 M 252.4 M 131
================================================================================
AV 59.5 35.8 8.4 FASTST M M 4 MAX(MPH)
MISC ----> 30 290 50 280
================================================================================
NOTES:
# LAST OF SEVERAL OCCURRENCES
COLUMN 17 PEAK WIND IN M.P.H.
PRELIMINARY LOCAL CLIMATOLOGICAL DATA (WS FORM: F-6) , PAGE 2
STATION: WATERTOWN NY
MONTH: APRIL
YEAR: 2023
LATITUDE: 43 59 N
LONGITUDE: 76 2 W
[TEMPERATURE DATA] [PRECIPITATION DATA] SYMBOLS USED IN COLUMN 16
AVERAGE MONTHLY: 47.6 TOTAL FOR MONTH: 4.35 1 = FOG OR MIST
DPTR FM NORMAL: 4.5 DPTR FM NORMAL: 1.28 2 = FOG REDUCING VISIBILITY
HIGHEST: 82 ON 15 GRTST 24HR 1.21 ON 5- 6 TO 1/4 MILE OR LESS
LOWEST: 18 ON 9, 8 3 = THUNDER
SNOW, ICE PELLETS, HAIL 4 = ICE PELLETS
TOTAL MONTH: M 5 = HAIL
GRTST 24HR M ON M 6 = FREEZING RAIN OR DRIZZLE
GRTST DEPTH: M ON M 7 = DUSTSTORM OR SANDSTORM:
VSBY 1/2 MILE OR LESS
8 = SMOKE OR HAZE
[NO. OF DAYS WITH] [WEATHER - DAYS WITH] 9 = BLOWING SNOW
X = TORNADO
MAX 32 OR BELOW: 0 0.01 INCH OR MORE: 10
MAX 90 OR ABOVE: 0 0.10 INCH OR MORE: 7
MIN 32 OR BELOW: 10 0.50 INCH OR MORE: 4
MIN 0 OR BELOW: 0 1.00 INCH OR MORE: 2
[HDD (BASE 65) ]
TOTAL THIS MO. 512 CLEAR (SCALE 0-3) 14
DPTR FM NORMAL -146 PTCLDY (SCALE 4-7) 10
TOTAL FM JUL 1 6214 CLOUDY (SCALE 8-10) 6
DPTR FM NORMAL -885
[CDD (BASE 65) ]
TOTAL THIS MO. 0
DPTR FM NORMAL -1 [PRESSURE DATA]
TOTAL FM JAN 1 0 HIGHEST SLP 30.61 ON 8
DPTR FM NORMAL -1 LOWEST SLP 29.12 ON 30
[REMARKS]
#FINAL-04-23#