000
CXUS51 KBUF 010905
CF6ART
PRELIMINARY LOCAL CLIMATOLOGICAL DATA (WS FORM: F-6)
STATION: WATERTOWN NY
MONTH: JANUARY
YEAR: 2023
LATITUDE: 43 59 N
LONGITUDE: 76 2 W
TEMPERATURE IN F: :PCPN: SNOW: WIND :SUNSHINE: SKY :PK WND
================================================================================
1 2 3 4 5 6A 6B 7 8 9 10 11 12 13 14 15 16 17 18
12Z AVG MX 2MIN
DY MAX MIN AVG DEP HDD CDD WTR SNW DPTH SPD SPD DIR MIN PSBL S-S WX SPD DR
================================================================================
1 44 35 40 18 25 0 0.05 M M 6.8 18 270 M M 10 1 29 250
2 41 24 33 11 32 0 0.03 M M 4.6 10 270 M M 8 1 15 220
3 39 24 32 10 33 0 0.02 M M 7.5 15 40 M M 7 1 18 40
4 38 35 37 15 28 0 0.87 M M 11.0 22 40 M M 10 1 29 40
5 43 34 39 17 26 0 T M M 4.7 15 220 M M 9 1 21 220
6 39 27 33 12 32 0 0.05 M M 6.7 13 240 M M 9 1 20 230
7 37 17 27 6 38 0 T M M 8.7 14 30 M M 7 1 20 40
8 28 12 20 -1 45 0 0.00 M M 2.6 10 160 M M 7 1 16 170
9 36 27 32 11 33 0 T M M 9.4 22 260 M M 10 18 33 260
10 34 12 23 3 42 0 0.00 M M 9.1 17 20 M M 6 1 23 30
11 36 11 24 4 41 0 T M M 6.9 14 60 M M 3 1 17 60
12 43 35 39 19 26 0 0.60 M M 8.7 15 170 M M 10 16 28 180
13 35 21 28 8 37 0 0.24 M M 11.9 18 350 M M 10 1 27 30
14 21 0 11 -9 54 0 T M M 5.8 16 360 M M 7 21 360
15 22 -1 11 -9 54 0 0.00 M M 6.8 16 60 M M 6 1 21 50
16 29 6 18 -2 47 0 0.00 M M 5.1 14 50 M M 2 18 50
17 41 8 25 6 40 0 0.09 M M 3.6 13 70 M M 6 16 18 220
18 41 26 34 15 31 0 0.31 M M 6.0 15 220 M M 9 12 23 210
19 34 24 29 10 36 0 0.13 M M 6.6 15 60 M M 6 126 20 50
20 34 27 31 12 34 0 0.05 M M 5.6 10 300 M M 10 16 12 300
21 33 26 30 11 35 0 T M M 2.6 10 260 M M 10 1 16 210
22 35 32 34 15 31 0 0.07 M M 4.6 13 170 M M 10 1 18 150
23 35 29 32 13 33 0 T M M 8.1 16 250 M M 10 1 28 260
24 36 23 30 11 35 0 T M M 14.1 25 260 M M 9 1 42 260
25 35 18 27 8 38 0 0.40 M M 7.5 18 50 M M 7 126 26 50
26 34 13 24 5 41 0 0.09 M M 6.6 23 230 M M 9 16 37 230
27 33 13 23 4 42 0 0.13 M M 6.6 16 230 M M 8 12 29 180
28 37 25 31 12 34 0 0.10 M M 11.1 26 260 M M 10 18 35 260
29 39 16 28 9 37 0 0.26 M M 7.0 15 210 M M 10 16 22 200
30 27 15 21 2 44 0 0.02 M M 3.4 13 220 M M 10 18 19 230
31 26 6 16 -3 49 0 T M M 5.3 15 360 M M 5 18 20 20
================================================================================
SM 1085 620 1153 0 3.51 M 215.0 M 250
================================================================================
AV 35.0 20.0 6.9 FASTST M M 8 MAX(MPH)
MISC ----> 26 260 42 260
================================================================================
NOTES:
# LAST OF SEVERAL OCCURRENCES
COLUMN 17 PEAK WIND IN M.P.H.
PRELIMINARY LOCAL CLIMATOLOGICAL DATA (WS FORM: F-6) , PAGE 2
STATION: WATERTOWN NY
MONTH: JANUARY
YEAR: 2023
LATITUDE: 43 59 N
LONGITUDE: 76 2 W
[TEMPERATURE DATA] [PRECIPITATION DATA] SYMBOLS USED IN COLUMN 16
AVERAGE MONTHLY: 27.5 TOTAL FOR MONTH: 3.51 1 = FOG OR MIST
DPTR FM NORMAL: 7.6 DPTR FM NORMAL: 0.65 2 = FOG REDUCING VISIBILITY
HIGHEST: 44 ON 1 GRTST 24HR 1.03 ON 3- 4 TO 1/4 MILE OR LESS
LOWEST: -1 ON 15 3 = THUNDER
SNOW, ICE PELLETS, HAIL 4 = ICE PELLETS
TOTAL MONTH: M 5 = HAIL
GRTST 24HR M ON M 6 = FREEZING RAIN OR DRIZZLE
GRTST DEPTH: M ON M 7 = DUSTSTORM OR SANDSTORM:
VSBY 1/2 MILE OR LESS
8 = SMOKE OR HAZE
[NO. OF DAYS WITH] [WEATHER - DAYS WITH] 9 = BLOWING SNOW
X = TORNADO
MAX 32 OR BELOW: 6 0.01 INCH OR MORE: 18
MAX 90 OR ABOVE: 0 0.10 INCH OR MORE: 9
MIN 32 OR BELOW: 27 0.50 INCH OR MORE: 2
MIN 0 OR BELOW: 2 1.00 INCH OR MORE: 0
[HDD (BASE 65) ]
TOTAL THIS MO. 1153 CLEAR (SCALE 0-3) 1
DPTR FM NORMAL -245 PTCLDY (SCALE 4-7) 12
TOTAL FM JUL 1 3576 CLOUDY (SCALE 8-10) 18
DPTR FM NORMAL -556
[CDD (BASE 65) ]
TOTAL THIS MO. 0
DPTR FM NORMAL 0 [PRESSURE DATA]
TOTAL FM JAN 1 0 HIGHEST SLP 30.41 ON 8
DPTR FM NORMAL 0 LOWEST SLP 29.37 ON 26
[REMARKS]
#FINAL-01-23#