000
CXUS55 KGJT 011010
CF6ASE
PRELIMINARY LOCAL CLIMATOLOGICAL DATA (WS FORM: F-6)
STATION: ASPEN CO
MONTH: FEBRUARY
YEAR: 2023
LATITUDE: 39 13 N
LONGITUDE: 106 52 W
TEMPERATURE IN F: :PCPN: SNOW: WIND :SUNSHINE: SKY :PK WND
================================================================================
1 2 3 4 5 6A 6B 7 8 9 10 11 12 13 14 15 16 17 18
12Z AVG MX 2MIN
DY MAX MIN AVG DEP HDD CDD WTR SNW DPTH SPD SPD DIR MIN PSBL S-S WX SPD DR
================================================================================
1 27 -8 10 -13 55 0 0.00 M M 5.1 10 210 M M 0 8 16 220
2 34 0 17 -6 48 0 0.00 M M 6.1 12 210 M M 0 15 210
3 35 0 18 -5 47 0 0.00 M M 4.6 12 200 M M 0 14 190
4 38 7 23 0 42 0 0.00 M M 4.1 12 320 M M 1 14 330
5 47 11 29 6 36 0 T M M 6.7 20 230 M M 2 34 250
6 31 10 21 -3 44 0 0.17 M M 5.9 17 340 M M 9 128 27 330
7 31 0 16 -8 49 0 0.00 M M 6.2 12 220 M M 0 16 220
8 35 2 19 -5 46 0 0.01 M M 6.2 24 320 M M 5 1 36 350
9 24 3 14 -10 51 0 T M M 5.5 14 340 M M 7 1 20 350
10 31 -8 12 -12 53 0 0.00 M M 4.8 10 210 M M 0 16 210
11 42 3 23 -1 42 0 0.00 M M 4.0 10 200 M M 0 13 200
12 44 15 30 6 35 0 0.00 M M 6.2 13 180 M M 1 14 180
13 36 9 23 -2 42 0 0.01 M M 4.6 15 160 M M 4 128 19 140
14 29 15 22 -3 43 0 0.12 M M 4.2 20 330 M M 10 18 32 330
15 22 0 11 -14 54 0 0.07 M M 9.1 26 170 M M 10 18 36 150
16 20 -12 4 -21 61 0 T M M 4.5 9 200 M M 2 18 16 220
17 32 -8 12 -13 53 0 0.00 M M 4.9 10 210 M M 0 14 210
18 36 4 20 -6 45 0 0.00 M M 4.8 13 30 M M 0 16 40
19 36 13 25 -1 40 0 T M M 5.1 18 330 M M 6 8 26 330
20 35 14 25 -1 40 0 0.01 M M 4.6 15 360 M M 8 18 22 360
21 45 11 28 2 37 0 0.00 M M 8.3 26 180 M M 3 33 200
22 33 13 23 -4 42 0 0.16 M M 5.2 17 230 M M 10 18 30 350
23 25 12 19 -8 46 0 T M M 5.2 14 210 M M 10 18 22 160
24 30 13 22 -5 43 0 0.03 M M 4.6 16 330 M M 8 128 24 330
25 46 13 30 2 35 0 0.00 M M 4.9 12 180 M M 3 17 230
26 40 21 31 3 34 0 0.03 M M 6.9 24 330 M M 6 18 33 330
27 33 16 25 -3 40 0 T M M 5.1 15 160 M M 6 19 180
28 27 7 17 -11 48 0 0.03 M M 6.4 22 340 M M 8 18 35 320
================================================================================
SM 944 176 1251 0 0.64 M 153.8 M 119
================================================================================
AV 33.7 6.3 5.5 FASTST M M 4 MAX(MPH)
MISC ----> # 26 170 # 36 350
================================================================================
NOTES:
# LAST OF SEVERAL OCCURRENCES
COLUMN 17 PEAK WIND IN M.P.H.
PRELIMINARY LOCAL CLIMATOLOGICAL DATA (WS FORM: F-6) , PAGE 2
STATION: ASPEN CO
MONTH: FEBRUARY
YEAR: 2023
LATITUDE: 39 13 N
LONGITUDE: 106 52 W
[TEMPERATURE DATA] [PRECIPITATION DATA] SYMBOLS USED IN COLUMN 16
AVERAGE MONTHLY: 20.0 TOTAL FOR MONTH: 0.64 1 = FOG OR MIST
DPTR FM NORMAL: -5.2 DPTR FM NORMAL: -0.26 2 = FOG REDUCING VISIBILITY
HIGHEST: 47 ON 5 GRTST 24HR 0.18 ON 14-15 TO 1/4 MILE OR LESS
LOWEST: -12 ON 16 3 = THUNDER
SNOW, ICE PELLETS, HAIL 4 = ICE PELLETS
TOTAL MONTH: M 5 = HAIL
GRTST 24HR M ON M 6 = FREEZING RAIN OR DRIZZLE
GRTST DEPTH: M ON M 7 = DUSTSTORM OR SANDSTORM:
VSBY 1/2 MILE OR LESS
8 = SMOKE OR HAZE
[NO. OF DAYS WITH] [WEATHER - DAYS WITH] 9 = BLOWING SNOW
X = TORNADO
MAX 32 OR BELOW: 12 0.01 INCH OR MORE: 10
MAX 90 OR ABOVE: 0 0.10 INCH OR MORE: 3
MIN 32 OR BELOW: 28 0.50 INCH OR MORE: 0
MIN 0 OR BELOW: 8 1.00 INCH OR MORE: 0
[HDD (BASE 65) ]
TOTAL THIS MO. 1251 CLEAR (SCALE 0-3) 14
DPTR FM NORMAL 137 PTCLDY (SCALE 4-7) 8
TOTAL FM JUL 1 6059 CLOUDY (SCALE 8-10) 6
DPTR FM NORMAL 239
[CDD (BASE 65) ]
TOTAL THIS MO. 0
DPTR FM NORMAL 0 [PRESSURE DATA]
TOTAL FM JAN 1 0 HIGHEST SLP 31.17 ON 2
DPTR FM NORMAL 0 LOWEST SLP 28.92 ON 22
[REMARKS]
#FINAL-02-23#